000
CXUS55 KABR 291400
CF6ABR
PRELIMINARY LOCAL CLIMATOLOGICAL DATA (WS FORM: F-6)

                                          STATION:   ABERDEEN SD
                                          MONTH:     AUGUST
                                          YEAR:      2015
                                          LATITUDE:   45 27 N
                                          LONGITUDE:  98 26 W

  TEMPERATURE IN F:       :PCPN:    SNOW:  WIND      :SUNSHINE: SKY     :PK WND
================================================================================
1   2   3   4   5  6A  6B    7    8   9   10  11  12  13   14  15   16   17  18
                                     12Z  AVG MX 2MIN
DY MAX MIN AVG DEP HDD CDD  WTR  SNW DPTH SPD SPD DIR MIN PSBL S-S WX    SPD DR
================================================================================

 1  93  55  74   3   0   9 0.00  0.0    0  7.8 21 220   M    M   0        27 220
 2  83  58  71   0   0   6 0.00  0.0    0 10.7 23  10   M    M   0 8      28  20
 3  83  52  68  -3   0   3 0.00  0.0    0  4.1 15 340   M    M   0        20 330
 4  83  52  68  -3   0   3 0.00  0.0    0  6.0 13  90   M    M   0 8      21 100
 5  83  55  69  -2   0   4 0.16  0.0    0  8.5 18 170   M    M   1 3      25 340
 6  81  62  72   1   0   7 0.25  0.0    0  6.0 20  10   M    M   3 123    26 360
 7  86  55  71   0   0   6 0.00  0.0    0  4.6 10 150   M    M   4 12     13 140
 8  84  64  74   3   0   9    T  0.0    0  4.6 10  30   M    M   1        13  30
 9  82  63  73   3   0   8 0.39  0.0    0  8.6 28 290   M    M   4 13     36 280
10  84  59  72   2   0   7    T  0.0    0  3.1 10 180   M    M   3        13 180
11  86  55  71   1   0   6 0.00  0.0    0  4.1 10  70   M    M   0 18     15  90
12  90  62  76   6   0  11 0.00  0.0    0 12.1 22 190   M    M   1        28 190
13  90  68  79   9   0  14 0.04  0.0    0  6.9 20  80   M    M   2        22  80
14  92  62  77   7   0  12 0.00  0.0    0  5.9 13 160   M    M   2 12     16 150
15  94  72  83  13   0  18 0.00  0.0    0 15.2 26 170   M    M   0        33 180
16  77  57  67  -2   0   2    T  0.0    0 10.3 21  10   M    M   5        26  10
17  73  55  64  -5   1   0    T  0.0    0  6.0 13  60   M    M   3        17  50
18  58  53  56 -13   9   0 2.04  0.0    0 12.8 26 360   M    M   8 1      34  10
19  73  48  61  -8   4   0 0.06  0.0    0 11.5 24 350   M    M   3        32  10
20  78  42  60  -8   5   0 0.00  0.0    0  7.3 16 150   M    M   0        20 150
21  82  54  68   0   0   3 0.00  0.0    0 11.0 21 160   M    M   0        26 150
22  75  54  65  -3   0   0    T  0.0    0 21.7 38 290   M    M   6 18     54 300
23  71  49  60  -8   5   0 0.00  0.0    0 19.7 35 300   M    M   1        47 290
24  73  45  59  -9   6   0 0.00  0.0    0  6.1 16 320   M    M   1 1      20 310
25  74  41  58  -9   7   0 0.00  0.0    0  2.7  8 110   M    M   0 18     12 140
26  79  50  65  -2   0   0 0.00  0.0    0  8.2 17 140   M    M   0        22 140
27  81  63  72   5   0   7 0.00  0.0    0  4.6 14 190   M    M   1        17 200
28  79  58  69   3   0   4 0.00  0.0    0  6.3 14 170   M    M   5 12     19 220
================================================================================
SM 2267 1563        37 139  2.94     0.0 236.4          M       54
================================================================================
AV 81.0 55.8                               8.4 FASTST   M    M   2    MAX(MPH)
                                 MISC ---->  # 38 290               # 54  300
================================================================================
NOTES:
# LAST OF SEVERAL OCCURRENCES

COLUMN 17 PEAK WIND IN M.P.H.

PRELIMINARY LOCAL CLIMATOLOGICAL DATA (WS FORM: F-6) , PAGE 2

                                          STATION:  ABERDEEN SD
                                          MONTH:    AUGUST
                                          YEAR:     2015
                                          LATITUDE:   45 27 N
                                          LONGITUDE:  98 26 W

[TEMPERATURE DATA]      [PRECIPITATION DATA]       SYMBOLS USED IN COLUMN 16

AVERAGE MONTHLY: 68.4   TOTAL FOR MONTH:   2.94    1 = FOG OR MIST
DPTR FM NORMAL:  -0.9   DPTR FM NORMAL:    0.75    2 = FOG REDUCING VISIBILITY
HIGHEST:    94 ON 15    GRTST 24HR  2.10 ON 18-19      TO 1/4 MILE OR LESS
LOWEST:     41 ON 25                               3 = THUNDER
                        SNOW, ICE PELLETS, HAIL    4 = ICE PELLETS
                        TOTAL MONTH:   0.0 INCH    5 = HAIL
                        GRTST 24HR     0.0         6 = FREEZING RAIN OR DRIZZLE
                        GRTST DEPTH:   0           7 = DUSTSTORM OR SANDSTORM:
                                                       VSBY 1/2 MILE OR LESS
                                                   8 = SMOKE OR HAZE
[NO. OF DAYS WITH]      [WEATHER - DAYS WITH]      9 = BLOWING SNOW
                                                   X = TORNADO
MAX 32 OR BELOW:   0    0.01 INCH OR MORE:   6
MAX 90 OR ABOVE:   5    0.10 INCH OR MORE:   4
MIN 32 OR BELOW:   0    0.50 INCH OR MORE:   1
MIN  0 OR BELOW:   0    1.00 INCH OR MORE:   1

[HDD (BASE 65) ]
TOTAL THIS MO.    37    CLEAR  (SCALE 0-3)  22
DPTR FM NORMAL     7    PTCLDY (SCALE 4-7)   6
TOTAL FM JUL 1    42    CLOUDY (SCALE 8-10)  0
DPTR FM NORMAL    -2

[CDD (BASE 65) ]
TOTAL THIS MO.   139
DPTR FM NORMAL   -13    [PRESSURE DATA]
TOTAL FM JAN 1   541    HIGHEST SLP M ON M
DPTR FM NORMAL    66    LOWEST  SLP 29.47 ON 22

[REMARKS]
