000
CXUS51 KPHI 210800
CF6ACY
PRELIMINARY LOCAL CLIMATOLOGICAL DATA (WS FORM: F-6)

                                          STATION:   ATLANTIC CITY NJ
                                          MONTH:     NOVEMBER
                                          YEAR:      2014
                                          LATITUDE:   39 27 N
                                          LONGITUDE:  74 34 W

  TEMPERATURE IN F:       :PCPN:    SNOW:  WIND      :SUNSHINE: SKY     :PK WND
================================================================================
1   2   3   4   5  6A  6B    7    8   9   10  11  12  13   14  15   16   17  18
                                     12Z  AVG MX 2MIN
DY MAX MIN AVG DEP HDD CDD  WTR  SNW DPTH SPD SPD DIR MIN PSBL S-S WX    SPD DR
================================================================================

 1  54  42  48  -3  17   0 1.53  0.0    0 19.0 28  10   M    M  10 1      36  20
 2  49  39  44  -7  21   0    T  0.0    0 20.8 36 330   M    M   4        44 320
 3  60  35  48  -3  17   0 0.00  0.0    0  9.8 24 300   M    M   1        30 300
 4  71  48  60  10   5   0 0.00  0.0    0  7.4 14 230   M    M   3        19 280
 5  69  51  60  10   5   0 0.01  0.0    0  5.5 15 270   M    M   2        18 280
 6  61  47  54   4  11   0 0.58  0.0    0  6.2 24 310   M    M   9 1      28 310
 7  55  34  45  -5  20   0 0.01  0.0    0 13.3 35 310   M    M   5 1      40 310
 8  50  28  39 -10  26   0 0.00  0.0    0  5.5 16 210   M    M   0        20 230
 9  58  35  47  -2  18   0 0.00  0.0    0  4.2  9 310   M    M   2        13 300
10  61  30  46  -3  19   0 0.00  0.0    0  2.1 12 130   M    M   0        14 110
11  67  37  52   4  13   0 0.00  0.0    0  3.2 14 130   M    M   7 12     17 130
12  70  43  57   9   8   0 0.00  0.0    0  5.9 16 310   M    M   6 12     21 330
13  48  34  41  -7  24   0 0.03    T    0  8.4 16 320   M    M   6 18     21 310
14  43  28  36 -11  29   0 0.04    T    0 11.8 24 320   M    M   4 1      32 320
15  44  24  34 -13  31   0 0.00  0.0    0  6.4 17 330   M    M   0        23 310
16  46  24  35 -12  30   0    T  0.0    0  2.0 12 220   M    M   8        15 240
17  60  40  50   4  15   0 1.62  0.0    0  9.3 26 260   M    M  10 12     32 260
18  43  24  34 -12  31   0 0.00  0.0    0 16.2 29 280   M    M   2        36 280
19  35  20  28 -18  37   0 0.00  0.0    0 10.3 18 310   M    M   1        26 270
20  51  31  41  -4  24   0 0.00  0.0    0 10.3 20 320   M    M   1        23 310
================================================================================
SM 1095  694       401   0  3.82    T    177.6          M       81
================================================================================
AV 54.8 34.7                               8.9 FASTST   M    M   4    MAX(MPH)
                                 MISC ---->  # 36 330               # 44  320
================================================================================
NOTES:
# LAST OF SEVERAL OCCURRENCES

COLUMN 17 PEAK WIND IN M.P.H.

PRELIMINARY LOCAL CLIMATOLOGICAL DATA (WS FORM: F-6) , PAGE 2

                                          STATION:  ATLANTIC CITY NJ
                                          MONTH:    NOVEMBER
                                          YEAR:     2014
                                          LATITUDE:   39 27 N
                                          LONGITUDE:  74 34 W

[TEMPERATURE DATA]      [PRECIPITATION DATA]       SYMBOLS USED IN COLUMN 16

AVERAGE MONTHLY: 44.7   TOTAL FOR MONTH:   3.82    1 = FOG OR MIST
DPTR FM NORMAL:  -3.7   DPTR FM NORMAL:    1.68    2 = FOG REDUCING VISIBILITY
HIGHEST:    71 ON  4    GRTST 24HR  1.62 ON 17-17      TO 1/4 MILE OR LESS
LOWEST:     20 ON 19                               3 = THUNDER
                        SNOW, ICE PELLETS, HAIL    4 = ICE PELLETS
                        TOTAL MONTH:    T          5 = HAIL
                        GRTST 24HR    T  ON 14-14  6 = FREEZING RAIN OR DRIZZLE
                        GRTST DEPTH:   0           7 = DUSTSTORM OR SANDSTORM:
                                                       VSBY 1/2 MILE OR LESS
                                                   8 = SMOKE OR HAZE
[NO. OF DAYS WITH]      [WEATHER - DAYS WITH]      9 = BLOWING SNOW
                                                   X = TORNADO
MAX 32 OR BELOW:   0    0.01 INCH OR MORE:   7
MAX 90 OR ABOVE:   0    0.10 INCH OR MORE:   3
MIN 32 OR BELOW:   8    0.50 INCH OR MORE:   3
MIN  0 OR BELOW:   0    1.00 INCH OR MORE:   2

[HDD (BASE 65) ]
TOTAL THIS MO.   401    CLEAR  (SCALE 0-3)   9
DPTR FM NORMAL    68    PTCLDY (SCALE 4-7)   8
TOTAL FM JUL 1   675    CLOUDY (SCALE 8-10)  3
DPTR FM NORMAL   -16

[CDD (BASE 65) ]
TOTAL THIS MO.     0
DPTR FM NORMAL     0    [PRESSURE DATA]
TOTAL FM JAN 1   857    HIGHEST SLP M ON M
DPTR FM NORMAL  -197    LOWEST  SLP 29.52 ON 17

[REMARKS]
