000
CXUS51 KPHI 300800
CF6ACY
PRELIMINARY LOCAL CLIMATOLOGICAL DATA (WS FORM: F-6)

                                          STATION:   ATLANTIC CITY NJ
                                          MONTH:     JUNE
                                          YEAR:      2015
                                          LATITUDE:   39 27 N
                                          LONGITUDE:  74 34 W

  TEMPERATURE IN F:       :PCPN:    SNOW:  WIND      :SUNSHINE: SKY     :PK WND
================================================================================
1   2   3   4   5  6A  6B    7    8   9   10  11  12  13   14  15   16   17  18
                                     12Z  AVG MX 2MIN
DY MAX MIN AVG DEP HDD CDD  WTR  SNW DPTH SPD SPD DIR MIN PSBL S-S WX    SPD DR
================================================================================

 1  82  59  71   5   0   6 2.22  0.0    0  8.1 15  30   M    M   6 13     22 180
 2  61  54  58  -9   7   0 0.54  0.0    0 10.0 15  60   M    M   8 1      19  50
 3  64  53  59  -8   6   0 0.03  0.0    0 12.0 23  70   M    M  10        29  70
 4  62  55  59  -8   6   0 0.18  0.0    0 13.6 22  60   M    M  10 1      32  90
 5  66  55  61  -7   4   0    T  0.0    0  7.5 14  40   M    M  10 1      17  50
 6  75  54  65  -3   0   0 0.10  0.0    0  4.7 17  10   M    M   6 18     20  60
 7  73  50  62  -6   3   0 0.00  0.0    0  7.2 15 110   M    M   0 1      20 150
 8  77  60  69   0   0   4 0.03  0.0    0 12.6 25 200   M    M   3 1      36 200
 9  86  66  76   7   0  11 0.01  0.0    0  9.2 20 260   M    M   3 1      25 260
10  81  57  69   0   0   4 0.00  0.0    0  6.6 16 190   M    M   1        22 210
11  92  65  79   9   0  14 0.00  0.0    0  8.0 15 230   M    M   0 8      21 210
12  90  73  82  12   0  17 0.00  0.0    0  8.5 20 190   M    M   0 18     25 200
13  89  72  81  11   0  16 0.00  0.0    0  9.2 20 330   M    M   2        24 330
14  85  68  77   6   0  12 0.25  0.0    0  7.5 16 140   M    M   2 1      20 170
15  88  71  80   9   0  15 0.01  0.0    0  8.2 15 300   M    M   4 1      19 300
16  92  69  81  10   0  16 0.28  0.0    0  7.7 25 270   M    M   5 128    35 280
17  79  64  72   0   0   7 0.00  0.0    0 10.7 21  70   M    M   2        29  80
18  71  63  67  -5   0   2 0.36  0.0    0  6.8 15 110   M    M   9 1      19 120
19  87  67  77   5   0  12 0.21  0.0    0  6.9 15 260   M    M   5 12     20 280
20  83  71  77   5   0  12 0.07  0.0    0  8.4 20 190   M    M   6 1      29 190
21  89  72  81   8   0  16 0.49  0.0    M 10.7 23 280   M    M   4 1      32 290
22  90  71  81   8   0  16 0.00  0.0    0  8.4 18 300   M    M   0        24 310
23  94  70  82   9   0  17 0.39  0.0    0 10.6 46 320   M    M   1 13     56 300
24  84  65  75   1   0  10 0.00  0.0    0  7.6 15 290   M    M   1        20 280
25  83  63  73  -1   0   8 0.27  0.0    0  4.9 14 170   M    M   4 1      20 150
26  78  63  71  -3   0   6 0.23  0.0    0  5.6 13 100   M    M   5 1      17  30
27  73  62  68  -6   0   3 2.37  0.0    0 10.3 29 100   M    M   8 1      37  80
28  81  67  74   0   0   9 0.32  0.0    0 10.6 23 250   M    M   4 1      32 260
29  80  61  71  -4   0   6 0.00  0.0    0  8.6 16 260   M    M   2        24 280
================================================================================
SM 2335 1840        26 239  8.36     0.0 250.7          M      121
================================================================================
AV 80.5 63.4                               8.6 FASTST   M    M   4    MAX(MPH)
                                 MISC ---->  # 46 320               # 56  300
================================================================================
NOTES:
# LAST OF SEVERAL OCCURRENCES

COLUMN 17 PEAK WIND IN M.P.H.

PRELIMINARY LOCAL CLIMATOLOGICAL DATA (WS FORM: F-6) , PAGE 2

                                          STATION:  ATLANTIC CITY NJ
                                          MONTH:    JUNE
                                          YEAR:     2015
                                          LATITUDE:   39 27 N
                                          LONGITUDE:  74 34 W

[TEMPERATURE DATA]      [PRECIPITATION DATA]       SYMBOLS USED IN COLUMN 16

AVERAGE MONTHLY: 72.0   TOTAL FOR MONTH:   8.36    1 = FOG OR MIST
DPTR FM NORMAL:   1.2   DPTR FM NORMAL:    5.36    2 = FOG REDUCING VISIBILITY
HIGHEST:    94 ON 23    GRTST 24HR  2.69 ON 27-28      TO 1/4 MILE OR LESS
LOWEST:     50 ON  7                               3 = THUNDER
                        SNOW, ICE PELLETS, HAIL    4 = ICE PELLETS
                        TOTAL MONTH:   0.0 INCH    5 = HAIL
                        GRTST 24HR     0.0         6 = FREEZING RAIN OR DRIZZLE
                        GRTST DEPTH:   0           7 = DUSTSTORM OR SANDSTORM:
                                                       VSBY 1/2 MILE OR LESS
                                                   8 = SMOKE OR HAZE
[NO. OF DAYS WITH]      [WEATHER - DAYS WITH]      9 = BLOWING SNOW
                                                   X = TORNADO
MAX 32 OR BELOW:   0    0.01 INCH OR MORE:  19
MAX 90 OR ABOVE:   5    0.10 INCH OR MORE:  14
MIN 32 OR BELOW:   0    0.50 INCH OR MORE:   3
MIN  0 OR BELOW:   0    1.00 INCH OR MORE:   2

[HDD (BASE 65) ]
TOTAL THIS MO.    26    CLEAR  (SCALE 0-3)  13
DPTR FM NORMAL     2    PTCLDY (SCALE 4-7)  12
TOTAL FM JUL 1  5180    CLOUDY (SCALE 8-10)  4
DPTR FM NORMAL   278

[CDD (BASE 65) ]
TOTAL THIS MO.   239
DPTR FM NORMAL    45    [PRESSURE DATA]
TOTAL FM JAN 1   373    HIGHEST SLP M ON M
DPTR FM NORMAL   115    LOWEST  SLP 29.61 ON 28

[REMARKS]
