000
CXUS51 KPHI 280800
CF6ACY
PRELIMINARY LOCAL CLIMATOLOGICAL DATA (WS FORM: F-6)

                                          STATION:   ATLANTIC CITY NJ
                                          MONTH:     JULY
                                          YEAR:      2015
                                          LATITUDE:   39 27 N
                                          LONGITUDE:  74 34 W

  TEMPERATURE IN F:       :PCPN:    SNOW:  WIND      :SUNSHINE: SKY     :PK WND
================================================================================
1   2   3   4   5  6A  6B    7    8   9   10  11  12  13   14  15   16   17  18
                                     12Z  AVG MX 2MIN
DY MAX MIN AVG DEP HDD CDD  WTR  SNW DPTH SPD SPD DIR MIN PSBL S-S WX    SPD DR
================================================================================

 1  85  69  77   2   0  12 0.82  0.0    0  9.0 31 300   M    M   4 13     38 280
 2  73  63  68  -7   0   3 0.80  0.0    0  3.0 10  40   M    M   7 128    13  30
 3  79  61  70  -5   0   5 0.00  0.0    0  4.7 10 140   M    M   1 18     18  90
 4  80  67  74  -2   0   9 0.00  0.0    0  7.5 17  60   M    M   5        22  90
 5  81  66  74  -2   0   9 0.00  0.0    0  4.1 13 160   M    M   4        18 190
 6  84  67  76   0   0  11    T  0.0    0  6.9 16 150   M    M   4        19 160
 7  89  76  83   7   0  18 0.00  0.0    M  8.7 17 220   M    M   3        24 200
 8  90  74  82   6   0  17 0.64  0.0    0  6.3 21 290   M    M   2 18     28 300
 9  88  72  80   4   0  15 0.39  0.0    0  5.9 24 320   M    M   5 138    29 330
10  85  68  77   1   0  12 0.00  0.0    0  9.6 17 320   M    M   0        23 300
11  84  67  76   0   0  11 0.00  0.0    0  4.6 14 140   M    M   2 1      17 110
12  85  63  74  -2   0   9 0.00  0.0    0  3.7 12 190   M    M   1 18     15 140
13  83  66  75  -1   0  10 0.00  0.0    0  4.9 13 140   M    M   2        16 170
14  84  72  78   2   0  13 0.12  0.0    0  7.3 16 180   M    M   5 18     21 180
15  80  68  74  -2   0   9 3.02  0.0    0  7.9 22  60   M    M   6 13     31  60
16  76  62  69  -7   0   4    T  0.0    0  7.8 15  80   M    M   4        19  80
17  78  58  68  -9   0   3 0.00  0.0    0  6.1 14 150   M    M   1        19 150
18  84  73  79   2   0  14 0.00  0.0    0  8.4 14 180   M    M   4        23 170
19  91  73  82   5   0  17 0.00  0.0    0  6.3 14 190   M    M   2 1      19 170
20  94  79  87  10   0  22 0.00  0.0    0  7.2 15 230   M    M   1 18     19 290
21  87  71  79   3   0  14 0.03  0.0    0  5.7 17 290   M    M   4 1      25 300
22  84  64  74  -2   0   9 0.00  0.0    0  9.0 18 330   M    M   1        23 300
23  82  64  73  -3   0   8 0.00  0.0    0  4.7 12 300   M    M   0        17 300
24  84  61  73  -3   0   8 0.00  0.0    0  4.8 14 100   M    M   1        17 100
25  86  59  73  -3   0   8 0.00  0.0    0  5.1 14 160   M    M   0 1      19 200
26  86  69  78   2   0  13 0.00  0.0    0  9.5 16 190   M    M   2        23 190
27  85  70  78   2   0  13 0.51  0.0    0  6.3 20 330   M    M   6 1      23 330
================================================================================
SM 2267 1822         0 296  6.33     0.0 175.0          M       77
================================================================================
AV 84.0 67.5                               6.5 FASTST   M    M   3    MAX(MPH)
                                 MISC ---->  # 31 300               # 38  280
================================================================================
NOTES:
# LAST OF SEVERAL OCCURRENCES

COLUMN 17 PEAK WIND IN M.P.H.

PRELIMINARY LOCAL CLIMATOLOGICAL DATA (WS FORM: F-6) , PAGE 2

                                          STATION:  ATLANTIC CITY NJ
                                          MONTH:    JULY
                                          YEAR:     2015
                                          LATITUDE:   39 27 N
                                          LONGITUDE:  74 34 W

[TEMPERATURE DATA]      [PRECIPITATION DATA]       SYMBOLS USED IN COLUMN 16

AVERAGE MONTHLY: 75.7   TOTAL FOR MONTH:   6.33    1 = FOG OR MIST
DPTR FM NORMAL:  -0.3   DPTR FM NORMAL:    3.11    2 = FOG REDUCING VISIBILITY
HIGHEST:    94 ON 20    GRTST 24HR  3.02 ON 15-15      TO 1/4 MILE OR LESS
LOWEST:     58 ON 17                               3 = THUNDER
                        SNOW, ICE PELLETS, HAIL    4 = ICE PELLETS
                        TOTAL MONTH:   0.0 INCH    5 = HAIL
                        GRTST 24HR     0.0         6 = FREEZING RAIN OR DRIZZLE
                        GRTST DEPTH:   0           7 = DUSTSTORM OR SANDSTORM:
                                                       VSBY 1/2 MILE OR LESS
                                                   8 = SMOKE OR HAZE
[NO. OF DAYS WITH]      [WEATHER - DAYS WITH]      9 = BLOWING SNOW
                                                   X = TORNADO
MAX 32 OR BELOW:   0    0.01 INCH OR MORE:   8
MAX 90 OR ABOVE:   3    0.10 INCH OR MORE:   7
MIN 32 OR BELOW:   0    0.50 INCH OR MORE:   5
MIN  0 OR BELOW:   0    1.00 INCH OR MORE:   1

[HDD (BASE 65) ]
TOTAL THIS MO.     0    CLEAR  (SCALE 0-3)  15
DPTR FM NORMAL     0    PTCLDY (SCALE 4-7)  12
TOTAL FM JUL 1     0    CLOUDY (SCALE 8-10)  0
DPTR FM NORMAL     0

[CDD (BASE 65) ]
TOTAL THIS MO.   296
DPTR FM NORMAL    -6    [PRESSURE DATA]
TOTAL FM JAN 1   675    HIGHEST SLP M ON M
DPTR FM NORMAL   106    LOWEST  SLP 29.53 ON 15

[REMARKS]
