000
CXAK56 PADQ 260910
CF6ADQ

PRELIMINARY LOCAL CLIMATOLOGICAL DATA (WS FORM: F-6)

                                          STATION:   KODIAK
                                          MONTH:     12
                                          YEAR:      2014
                                          LATITUDE:   57 45 N
                                          LONGITUDE: 152 30 W

  TEMPERATURE IN F:       :PCPN:    SNOW:  WIND      :SUNSHINE: SKY     :PK WND
================================================================================
1   2   3   4   5  6A  6B    7     8   9   10  11  12  13   14  15   16  17  18
                                      12Z  AVG MX 2MIN
DY MAX MIN AVG DEP HDD CDD  WTR   SNW DPTH SPD SPD DIR MIN PSBL S-S WX   SPD DR
================================================================================

 1  45  36  41   9  24   0  0.40  0.0   0  7.5 23  140   M    M   M 1     33 130
 2  44  32  38   6  27   0     T  0.0   0  6.8 20  180   M    M   M       24 180
 3  42  30  36   4  29   0  0.19  0.0   0  2.9 18   90   M    M   M 1     22  90
 4  45  36  41   9  24   0  1.27  0.0   0 17.7 32   80   M    M   M 1     39  80
 5  44  43  44  12  21   0  0.63  0.0   0 19.2 33   80   M    M   M 1     39  80
 6  45  42  44  12  21   0  0.51  0.0   0 13.3 24   70   M    M   M 1     29  70
 7  47  44  46  15  19   0  0.40  0.0   0 28.3 46  100   M    M   M 18    59  50
 8  46  43  45  14  20   0  0.77  0.0   0 20.9 32   40   M    M   M 1     39  50
 9  43  37  40   9  25   0  0.55  0.0   0  9.2 26  100   M    M   M 1     33 110
10  42  32  37   6  28   0  0.08  0.0   0  3.1  8  270   M    M   M 1     10 110
11  42  31  37   6  28   0  0.00  0.0   0  5.3 10  300   M    M   M       14 310
12  36  27  32   1  33   0  0.04  0.0   0  4.2  9  270   M    M   M       10 270
13  43  31  37   6  28   0  0.40    T   0  8.9 18   10   M    M   M 1     25  20
14  45  40  43  12  22   0  0.43  0.0   0 13.7 24  110   M    M   M 1     28 110
15  42  33  38   7  27   0  0.18  0.0   0  9.3 24  100   M    M   M 1     28 100
16  40  29  35   4  30   0  0.01  0.0   0  6.1 15  270   M    M   M 1     19 270
17  43  25  34   3  31   0  0.07  0.2   0  9.5 25   60   M    M   M 1     31  40
18  44  41  43  12  22   0  0.34  0.0   0 22.3 36   20   M    M   M 1     45  30
19  44  38  41  10  24   0  0.44  0.0   0 20.4 32   50   M    M   M 1248  40  10
20  43  35  39   8  26   0  0.44  0.0   0 11.9 26   30   M    M   M 1     32  30
21  38  30  34   3  31   0  0.00  0.0   0  4.8 13  310   M    M   M       16 310
22  37  27  32   1  33   0  0.00  0.0   0  4.8  8  270   M    M   M        9 330
23  37  30  34   3  31   0     T    T   0  4.1 10  190   M    M   M       14 200
24  43  28  36   5  29   0  0.10  0.1   0  7.1 30  260   M    M   M 1     38 260
25  40  30  35   4  30   0  0.02  0.0   0  7.5 20  230   M    M   M       25 230
================================================================================
SM 1060  850       663   0  7.27 0.3    268.8           M        M
================================================================================
AV 42.4 34.0                             10.8 FASTST  PSBL  %   M    MAX(MPH)
                                 MISC ---->     46  100                 59  50
================================================================================
NOTES:
# LAST OF SEVERAL OCCURRENCES

COLUMN 17 PEAK WIND IN M.P.H.

PRELIMINARY LOCAL CLIMATOLOGICAL DATA (WS FORM: F-6) , PAGE 2

                                          STATION:   KODIAK
                                          MONTH:     12
                                          YEAR:      2014
                                          LATITUDE:  57 45 N
                                          LONGITUDE: 152 30 W

[TEMPERATURE DATA]      [PRECIPITATION DATA]       SYMBOLS USED IN COLUMN 16

AVERAGE MONTHLY:38.2   TOTAL FOR MONTH: 7.27       1 = FOG
DPTR FM NORMAL:  7.0   DPTR FM NORMAL: 0.20       2 = FOG REDUCING VISIBILITY
HIGHEST:    47 ON  7    GRTST 24HR   1.27 ON  4        TO 1/4 MILE OR LESS
LOWEST:     25 ON 17                               3 = THUNDER
                        SNOW, ICE PELLETS, HAIL    4 = ICE PELLETS
                        TOTAL MONTH: 0.3   INCH  5 = HAIL
                        GRTST 24HR   0.2 ON 17     6 = GLAZE OR RIME
                        GRTST DEPTH:    0          7 = BLOWING DUST OR SAND:
                                                       VSBY 1/2 MILE OR LESS
                                                   8 = SMOKE OR HAZE
[NO. OF DAYS WITH]      [WEATHER - DAYS WITH]      9 = BLOWING SNOW
                                                   X = TORNADO
MAX 32 OR BELOW:   0    0.01 INCH OR MORE:  20
MAX 70 OR ABOVE:   0    0.10 INCH OR MORE:  15
MIN 32 OR BELOW:  13    0.50 INCH OR MORE:   5
MIN  0 OR BELOW:   0    1.00 INCH OR MORE:   1

[HDD (BASE 65) ]
TOTAL THIS MO.   663    CLEAR  (SCALE 0-3)   M
DPTR FM NORMAL  -182    PTCLDY (SCALE 4-7)   M
SEASONAL TOTAL  3059    CLOUDY (SCALE 8-10)  M
DPTR FM NORMAL  -578

[CDD (BASE 65) ]
TOTAL THIS MO.     0
DPTR FM NORMAL     0    [PRESSURE DATA]
SEASONAL TOTAL     4    HIGHEST SLP     M
DPTR FM NORMAL     4    LOWEST  SLP     M

[REMARKS]
