000
CXUS54 KLCH 281510
CF6AEX
PRELIMINARY LOCAL CLIMATOLOGICAL DATA (WS FORM: F-6)

                                          STATION:   ALEXANDRIA
                                          MONTH:     AUGUST
                                          YEAR:      2015
                                          LATITUDE:   31 19 N
                                          LONGITUDE:  92 33 W

  TEMPERATURE IN F:       :PCPN:    SNOW:  WIND      :SUNSHINE: SKY     :PK WND
================================================================================
1   2   3   4   5  6A  6B    7    8   9   10  11  12  13   14  15   16   17  18
                                     12Z  AVG MX 2MIN
DY MAX MIN AVG DEP HDD CDD  WTR  SNW DPTH SPD SPD DIR MIN PSBL S-S WX    SPD DR
================================================================================

 1  97  69  83   0   0  18 0.00  0.0    0  6.5 15  30   M    M   0        21  30
 2  98  66  82  -1   0  17 0.00  0.0    0  2.8 12  80   M    M   0        17  10
 3  99  69  84   1   0  19 0.00  0.0    0  3.3 14 130   M    M   1 1      18 120
 4  99  73  86   3   0  21 0.00  0.0    0  3.2 10 130   M    M   0 18     15 140
 5  98  75  87   4   0  22 0.04  0.0    0  6.1 21 240   M    M   1 1      29 240
 6  98  77  88   5   0  23 0.00  0.0    0  7.4 14 210   M    M   1 18     19 190
 7 100  77  89   6   0  24 0.00  0.0    0  6.6 14 240   M    M   0        20 270
 8 101  78  90   7   0  25 0.00  0.0    0  5.9 14 230   M    M   0        18 230
 9 101  79  90   7   0  25 0.00  0.0    0  4.4 10  30   M    M   0        14 250
10 105  75  90   7   0  25 0.00  0.0    0  4.0 28  40   M    M   0 3      38  50
11  92  75  84   1   0  19 0.17  0.0    0  3.5 13 130   M    M   0 138    16  60
12  99  73  86   3   0  21 0.36  0.0    0  3.7 39 360   M    M   2 13     50  10
13  96  74  85   2   0  20    T  0.0    0  5.7 12 350   M    M   2        16  30
14  97  68  83   0   0  18 0.00  0.0    0  4.3 15 140   M    M   1        18 130
15  97  71  84   1   0  19 0.00  0.0    0  3.5 13  70   M    M   3 3      16  80
16  96  72  84   1   0  19 0.10  0.0    0  6.9 38 130   M    M   1 13     46 120
17  93  74  84   1   0  19 0.00  0.0    0  4.8 10  30   M    M   5        12  30
18  91  73  82  -1   0  17 0.02  0.0    0  6.0 21 140   M    M   2 3      27 130
19  86  74  80  -3   0  15 0.15  0.0    0  6.1 13 190   M    M   4 13     18 200
20  86  74  80  -2   0  15    T  0.0    0  3.5 12 290   M    M   4        15 210
21  89  73  81  -1   0  16    T  0.0    0  4.0 12 110   M    M   1 123    15 150
22  91  73  82   0   0  17 0.06  0.0    0  4.3 12 210   M    M   5 123    16 210
23  97  72  85   3   0  20 0.00  0.0    0  3.1 12 270   M    M   3 12     18 350
24  99  73  86   4   0  21 0.07  0.0    0  2.4 21  30   M    M   0 13     31  30
25  90  61  76  -6   0  11 0.00  0.0    0  5.3 13  30   M    M   1 3      18  70
26  93  57  75  -7   0  10 0.00  0.0    0  4.5 17 360   M    M   0        23 350
27  92  60  76  -6   0  11 0.00  0.0    0  4.0 16 350   M    M   0        21 360
================================================================================
SM 2580 1935         0 507  0.97     0.0 125.8          M       37
================================================================================
AV 95.6 71.7                               4.7 FASTST   M    M   1    MAX(MPH)
                                 MISC ---->  # 39 360               # 50   10
================================================================================
NOTES:
# LAST OF SEVERAL OCCURRENCES

COLUMN 17 PEAK WIND IN M.P.H.

PRELIMINARY LOCAL CLIMATOLOGICAL DATA (WS FORM: F-6) , PAGE 2

                                          STATION:  ALEXANDRIA
                                          MONTH:    AUGUST
                                          YEAR:     2015
                                          LATITUDE:   31 19 N
                                          LONGITUDE:  92 33 W

[TEMPERATURE DATA]      [PRECIPITATION DATA]       SYMBOLS USED IN COLUMN 16

AVERAGE MONTHLY: 83.6   TOTAL FOR MONTH:   0.97    1 = FOG OR MIST
DPTR FM NORMAL:   0.9   DPTR FM NORMAL:   -2.08    2 = FOG REDUCING VISIBILITY
HIGHEST:   105 ON 10    GRTST 24HR  0.36 ON 12-12      TO 1/4 MILE OR LESS
LOWEST:     57 ON 26                               3 = THUNDER
                        SNOW, ICE PELLETS, HAIL    4 = ICE PELLETS
                        TOTAL MONTH:   0.0 INCH    5 = HAIL
                        GRTST 24HR     0.0         6 = FREEZING RAIN OR DRIZZLE
                        GRTST DEPTH:   0           7 = DUSTSTORM OR SANDSTORM:
                                                       VSBY 1/2 MILE OR LESS
                                                   8 = SMOKE OR HAZE
[NO. OF DAYS WITH]      [WEATHER - DAYS WITH]      9 = BLOWING SNOW
                                                   X = TORNADO
MAX 32 OR BELOW:   0    0.01 INCH OR MORE:   8
MAX 90 OR ABOVE:  24    0.10 INCH OR MORE:   4
MIN 32 OR BELOW:   0    0.50 INCH OR MORE:   0
MIN  0 OR BELOW:   0    1.00 INCH OR MORE:   0

[HDD (BASE 65) ]
TOTAL THIS MO.     0    CLEAR  (SCALE 0-3)  23
DPTR FM NORMAL     0    PTCLDY (SCALE 4-7)   4
TOTAL FM JUL 1     0    CLOUDY (SCALE 8-10)  0
DPTR FM NORMAL     0

[CDD (BASE 65) ]
TOTAL THIS MO.   507
DPTR FM NORMAL    28    [PRESSURE DATA]
TOTAL FM JAN 1  2122    HIGHEST SLP M ON M
DPTR FM NORMAL   197    LOWEST  SLP 29.84 ON 19

[REMARKS]
