000
CXAK56 PAJK 211230
CF6AJN
PRELIMINARY LOCAL CLIMATOLOGICAL DATA (WS FORM: F-6)

                                          STATION:   JUNEAU
                                          MONTH:     AUGUST
                                          YEAR:      2017
                                          LATITUDE:   58 22 N
                                          LONGITUDE: 134 35 W

  TEMPERATURE IN F:       :PCPN:    SNOW:  WIND      :SUNSHINE: SKY     :PK WND
================================================================================
1   2   3   4   5  6A  6B    7    8   9   10  11  12  13   14  15   16   17  18
                                     12Z  AVG MX 2MIN
DY MAX MIN AVG DEP HDD CDD  WTR  SNW DPTH SPD SPD DIR MIN PSBL S-S WX    SPD DR
================================================================================

 1  70  46  58   0   7   0 0.00  0.0    0  3.8 13 240   M    M   7 1      14 240
 2  73  47  60   2   5   0    T  0.0    0  3.9 12 240   M    M   8        15 330
 3  73  52  63   5   2   0    T  0.0    0  4.8 13 270   M    M   7        17 280
 4  73  52  63   5   2   0 0.00  0.0    0  5.0 14 230   M    M   5        17 230
 5  81  49  65   8   0   0 0.00  0.0    0  4.5 12 240   M    M   3        13  90
 6  78  54  66   9   0   1 0.00  0.0    0  3.7 10 240   M    M   3        14 230
 7  67  52  60   3   5   0    T  0.0    0  3.2 10 240   M    M   8        13 290
 8  73  50  62   5   3   0 0.00  0.0    0  4.9 14 280   M    M   5 1      17 280
 9  79  49  64   7   1   0 0.00  0.0    0  3.5 12 240   M    M   2        17 300
10  73  48  61   4   4   0 0.00  0.0    0  5.0 13 240   M    M   6 1      16 240
11  68  50  59   2   6   0 0.01  0.0    0  8.4 20 140   M    M   9        25 140
12  62  53  58   1   7   0 0.03  0.0    0  3.0 13  80   M    M  10        15  70
13  65  53  59   2   6   0 0.30  0.0    0 14.3 25 120   M    M  10 1      31 120
14  58  49  54  -2  11   0 0.49  0.0    0  6.7 16 100   M    M  10 1      21 110
15  58  50  54  -2  11   0 0.36  0.0    0  5.8 15 130   M    M   9 1      17 130
16  56  51  54  -2  11   0 0.73  0.0    0  8.6 18 110   M    M  10 1      26 120
17  54  50  52  -4  13   0 1.20  0.0    0 10.9 18 110   M    M  10 1      24 120
18  54  50  52  -4  13   0 0.63  0.0    0  9.2 15  90   M    M  10 1      18 100
19  53  50  52  -4  13   0 0.09  0.0    0 12.0 20 120   M    M   9 1      26 110
20  57  50  54  -1  11   0 0.43  0.0    0 11.3 21 100   M    M  10 1      24 110
================================================================================
SM 1325 1005       131   1  4.27     0.0 132.5          M      151
================================================================================
AV 66.3 50.3                               6.6 FASTST   M    M   8    MAX(MPH)
                                 MISC ---->  # 25 120               # 31  120
================================================================================
NOTES:
# LAST OF SEVERAL OCCURRENCES

COLUMN 17 PEAK WIND IN M.P.H.

PRELIMINARY LOCAL CLIMATOLOGICAL DATA (WS FORM: F-6) , PAGE 2

                                          STATION:  JUNEAU
                                          MONTH:    AUGUST
                                          YEAR:     2017
                                          LATITUDE:   58 22 N
                                          LONGITUDE: 134 35 W

[TEMPERATURE DATA]      [PRECIPITATION DATA]       SYMBOLS USED IN COLUMN 16

AVERAGE MONTHLY: 58.3   TOTAL FOR MONTH:   4.27    1 = FOG OR MIST
DPTR FM NORMAL:   1.5   DPTR FM NORMAL:    0.89    2 = FOG REDUCING VISIBILITY
HIGHEST:    81 ON  5    GRTST 24HR  1.20 ON 17-17      TO 1/4 MILE OR LESS
LOWEST:     46 ON  1                               3 = THUNDER
                        SNOW, ICE PELLETS, HAIL    4 = ICE PELLETS
                        TOTAL MONTH:   0.0 INCH    5 = HAIL
                        GRTST 24HR     0.0         6 = FREEZING RAIN OR DRIZZLE
                        GRTST DEPTH:   0           7 = DUSTSTORM OR SANDSTORM:
                                                       VSBY 1/2 MILE OR LESS
                                                   8 = SMOKE OR HAZE
[NO. OF DAYS WITH]      [WEATHER - DAYS WITH]      9 = BLOWING SNOW
                                                   X = TORNADO
MAX 32 OR BELOW:   0    0.01 INCH OR MORE:  10
MAX 90 OR ABOVE:   0    0.10 INCH OR MORE:   7
MIN 32 OR BELOW:   0    0.50 INCH OR MORE:   3
MIN  0 OR BELOW:   0    1.00 INCH OR MORE:   1

[HDD (BASE 65) ]
TOTAL THIS MO.   131    CLEAR  (SCALE 0-3)   2
DPTR FM NORMAL   -35    PTCLDY (SCALE 4-7)   8
TOTAL FM JUL 1   420    CLOUDY (SCALE 8-10) 10
DPTR FM NORMAL     3

[CDD (BASE 65) ]
TOTAL THIS MO.     1
DPTR FM NORMAL     1    [PRESSURE DATA]
TOTAL FM JAN 1     1    HIGHEST SLP M ON M
DPTR FM NORMAL    -1    LOWEST  SLP 29.41 ON 12

[REMARKS]
