000
CXAK56 PAKN 211008
CF6AKN

PRELIMINARY LOCAL CLIMATOLOGICAL DATA (WS FORM: F-6)

                                          STATION:   KING SALMON
                                          MONTH:     12
                                          YEAR:      2014
                                          LATITUDE:   58 41 N
                                          LONGITUDE: 156 39 W

  TEMPERATURE IN F:       :PCPN:    SNOW:  WIND      :SUNSHINE: SKY     :PK WND
================================================================================
1   2   3   4   5  6A  6B    7     8   9   10  11  12  13   14  15   16  17  18
                                      12Z  AVG MX 2MIN
DY MAX MIN AVG DEP HDD CDD  WTR   SNW DPTH SPD SPD DIR MIN PSBL S-S WX   SPD DR
================================================================================

 1  46  37  42  22  23   0  0.21  0.0   0 13.0 25  140   M    M   M       34 130
 2  38  27  33  13  32   0     T  0.0   0  8.7 22  180   M    M   M       26 190
 3  37  24  31  11  34   0  0.00  0.0   0  4.6  9   80   M    M   M       11  80
 4  44  26  35  15  30   0  0.04  0.0   0 10.1 20   80   M    M   M       27  80
 5  43  37  40  20  25   0  0.01  0.0   0 13.5 26   80   M    M   M       37  90
 6  45  37  41  21  24   0     T  0.0   0 10.8 23   80   M    M   M       33  70
 7  47  41  44  24  21   0  0.02  0.0   0 21.7 41   90   M    M   M       55  80
 8  46  32  39  19  26   0  0.00  0.0   0 16.3 26   40   M    M   M       37  40
 9  37  31  34  15  31   0  0.01  0.0   0  9.2 21   20   M    M   M       26  20
10  34  27  31  12  34   0  0.15  0.6   0  6.7 12  350   M    M   M 1     14 360
11  29  24  27   8  38   0  0.03  0.4   1  3.4  8  350   M    M   M 1     10 350
12  24  10  17  -2  48   0     T    T   1  2.5  8  350   M    M   M 12     9 360
13  21  13  17  -2  48   0  0.00  0.0   1  6.6 12  360   M    M   M 1     14  10
14  38  20  29  10  36   0  0.03  0.0   T  9.2 14  160   M    M   M 1     19  10
15  42  29  36  17  29   0     T  0.0   T  4.9 16   90   M    M   M       24 110
16  34  25  30  11  35   0     T    T   T  6.9 13  150   M    M   M 1     14 160
17  32  15  24   5  41   0  0.00  0.0   T  6.0 16   40   M    M   M 1     21  50
18  38  27  33  15  32   0  0.00  0.0   T 10.4 16   50   M    M   M       22  40
19  39  24  32  14  33   0  0.00  0.0   T 12.4 21   30   M    M   M       27  30
20  35  14  25   7  40   0  0.00  0.0   T 10.9 21   10   M    M   M       24 350
================================================================================
SM  749  520       660   0  0.50 1.0    187.8           M        M
================================================================================
AV 37.5 26.0                              9.4 FASTST  PSBL  %   M    MAX(MPH)
                                 MISC ---->     41   90                 55  80
================================================================================
NOTES:
# LAST OF SEVERAL OCCURRENCES

COLUMN 17 PEAK WIND IN M.P.H.

PRELIMINARY LOCAL CLIMATOLOGICAL DATA (WS FORM: F-6) , PAGE 2

                                          STATION:   KING SALMON
                                          MONTH:     12
                                          YEAR:      2014
                                          LATITUDE:  58 41 N
                                          LONGITUDE: 156 39 W

[TEMPERATURE DATA]      [PRECIPITATION DATA]       SYMBOLS USED IN COLUMN 16

AVERAGE MONTHLY:31.7   TOTAL FOR MONTH: 0.50       1 = FOG
DPTR FM NORMAL: 12.4   DPTR FM NORMAL: -0.37       2 = FOG REDUCING VISIBILITY
HIGHEST:    47 ON  7    GRTST 24HR   0.21 ON  1        TO 1/4 MILE OR LESS
LOWEST:     10 ON 12                               3 = THUNDER
                        SNOW, ICE PELLETS, HAIL    4 = ICE PELLETS
                        TOTAL MONTH: 1.0   INCH  5 = HAIL
                        GRTST 24HR   0.6 ON 10     6 = GLAZE OR RIME
                        GRTST DEPTH:    1 ON 13    7 = BLOWING DUST OR SAND:
                                                       VSBY 1/2 MILE OR LESS
                                                   8 = SMOKE OR HAZE
[NO. OF DAYS WITH]      [WEATHER - DAYS WITH]      9 = BLOWING SNOW
                                                   X = TORNADO
MAX 32 OR BELOW:   4    0.01 INCH OR MORE:   8
MAX 70 OR ABOVE:   0    0.10 INCH OR MORE:   2
MIN 32 OR BELOW:  16    0.50 INCH OR MORE:   0
MIN  0 OR BELOW:   0    1.00 INCH OR MORE:   0

[HDD (BASE 65) ]
TOTAL THIS MO.   660    CLEAR  (SCALE 0-3)   M
DPTR FM NORMAL  -256    PTCLDY (SCALE 4-7)   M
SEASONAL TOTAL  3411    CLOUDY (SCALE 8-10)  M
DPTR FM NORMAL  -880

[CDD (BASE 65) ]
TOTAL THIS MO.     0
DPTR FM NORMAL     0    [PRESSURE DATA]
SEASONAL TOTAL     0    HIGHEST SLP     M
DPTR FM NORMAL     0    LOWEST  SLP     M

[REMARKS]
