000
CXUS54 KCRP 291300
CF6ALI
PRELIMINARY LOCAL CLIMATOLOGICAL DATA (WS FORM: F-6)

                                          STATION:   ALICE
                                          MONTH:     APRIL
                                          YEAR:      2016
                                          LATITUDE:   27 44 N
                                          LONGITUDE:  98  1 W

  TEMPERATURE IN F:       :PCPN:    SNOW:  WIND      :SUNSHINE: SKY     :PK WND
================================================================================
1   2   3   4   5  6A  6B    7    8   9   10  11  12  13   14  15   16   17  18
                                     12Z  AVG MX 2MIN
DY MAX MIN AVG DEP HDD CDD  WTR  SNW DPTH SPD SPD DIR MIN PSBL S-S WX    SPD DR
================================================================================

 1  79  58  69   0   0   4 0.00  0.0    0 15.5 26  10   M    M   5 18     43 360
 2  76  51  64  -5   1   0 0.00  0.0    0  8.5 17 340   M    M   0        23 340
 3  82  48  65  -5   0   0 0.00  0.0    0  7.1 21 140   M    M   0        35 110
 4  85  49  67  -3   0   2 0.00  0.0    0  6.9 18 120   M    M   0        29 200
 5  84  47  66  -4   0   1 0.00  0.0    0  6.9 18 130   M    M   1 12     26 110
 6  84  57  71   1   0   6 0.00  0.0    0  7.3 17  20   M    M   1        27 300
 7  87  54  71   1   0   6 0.00  0.0    0  5.6 16 130   M    M   3 12     29 110
 8  84  56  70  -1   0   5 0.00  0.0    0  7.7 21 110   M    M   1        32  50
 9  83  59  71   0   0   6 0.12  0.0    0 11.9 28 140   M    M   5 1      79 270
10  85  61  73   2   0   8    T  0.0    0 13.5 26 150   M    M   7 123    36 140
11  88  69  79   7   0  14 0.00  0.0    0  8.7 28 150   M    M   7 18     36 140
12  85  70  78   6   0  13 0.04  0.0    0  8.6 18  90   M    M   8 18     33  90
13  80  64  72   0   0   7 0.08  0.0    0  8.5 16  10   M    M   8 1      29  80
14  88  58  73   1   0   8 0.00  0.0    0  6.9 14  30   M    M   1 1      25  40
15  86  56  71  -1   0   6 0.00  0.0    0  9.6 21 120   M    M   3 128    27 120
16  83  70  77   4   0  12 0.03  0.0    0 14.3 23 120   M    M  10 1      34 150
17  87  73  80   7   0  15    T  0.0    0 13.9 30 120   M    M  10 18     77  90
18  88  66  77   4   0  12 1.49  0.0    0 11.2 24  80   M    M   9 13     38  50
19  82  65  74   0   0   9 0.00  0.0    0  8.0 20  90   M    M   7 1      94 150
20  86  68  77   3   0  12 0.00  0.0    0  7.8 16 100   M    M   8 12     27  80
21  86  65  76   2   0  11    T  0.0    0  8.1 25  20   M    M   5 12     34  40
22  89  63  76   2   0  11 0.00  0.0    0  4.8 14 110   M    M   1        32  50
23  88  62  75   1   0  10 0.00  0.0    0  6.7 17 120   M    M   1 1      53 170
24  86  66  76   1   0  11 0.02  0.0    0  7.9 17 170   M    M   4 13     31  70
25  91  74  83   8   0  18 0.00  0.0    0 13.1 25 140   M    M   7 1      44 140
26  90  72  81   6   0  16 0.00  0.0    0 14.8 25 130   M    M   8 18     41 140
27  93  71  82   6   0  17 0.00  0.0    0 10.0 25 350   M    M   3 18     32 350
28  88  73  81   5   0  16    T  0.0    0 12.8 22 130   M    M  10 18     36 110
================================================================================
SM 2393 1745         1 256  1.78     0.0 266.6          M      133
================================================================================
AV 85.5 62.3                               9.5 FASTST   M    M   5    MAX(MPH)
                                 MISC ---->  # 30 120               # 94  150
================================================================================
NOTES:
# LAST OF SEVERAL OCCURRENCES

COLUMN 17 PEAK WIND IN M.P.H.

PRELIMINARY LOCAL CLIMATOLOGICAL DATA (WS FORM: F-6) , PAGE 2

                                          STATION:  ALICE
                                          MONTH:    APRIL
                                          YEAR:     2016
                                          LATITUDE:   27 44 N
                                          LONGITUDE:  98  1 W

[TEMPERATURE DATA]      [PRECIPITATION DATA]       SYMBOLS USED IN COLUMN 16

AVERAGE MONTHLY: 73.9   TOTAL FOR MONTH:   1.78    1 = FOG OR MIST
DPTR FM NORMAL:   1.5   DPTR FM NORMAL:    0.32    2 = FOG REDUCING VISIBILITY
HIGHEST:    93 ON 27    GRTST 24HR  1.49 ON 18-18      TO 1/4 MILE OR LESS
LOWEST:     47 ON  5                               3 = THUNDER
                        SNOW, ICE PELLETS, HAIL    4 = ICE PELLETS
                        TOTAL MONTH:   0.0 INCH    5 = HAIL
                        GRTST 24HR     0.0         6 = FREEZING RAIN OR DRIZZLE
                        GRTST DEPTH:   0           7 = DUSTSTORM OR SANDSTORM:
                                                       VSBY 1/2 MILE OR LESS
                                                   8 = SMOKE OR HAZE
[NO. OF DAYS WITH]      [WEATHER - DAYS WITH]      9 = BLOWING SNOW
                                                   X = TORNADO
MAX 32 OR BELOW:   0    0.01 INCH OR MORE:   6
MAX 90 OR ABOVE:   3    0.10 INCH OR MORE:   2
MIN 32 OR BELOW:   0    0.50 INCH OR MORE:   1
MIN  0 OR BELOW:   0    1.00 INCH OR MORE:   1

[HDD (BASE 65) ]
TOTAL THIS MO.     1    CLEAR  (SCALE 0-3)  10
DPTR FM NORMAL   -15    PTCLDY (SCALE 4-7)  14
TOTAL FM JUL 1   621    CLOUDY (SCALE 8-10)  4
DPTR FM NORMAL  -278

[CDD (BASE 65) ]
TOTAL THIS MO.   256
DPTR FM NORMAL    30    [PRESSURE DATA]
TOTAL FM JAN 1   535    HIGHEST SLP M ON M
DPTR FM NORMAL    97    LOWEST  SLP 29.50 ON 27

[REMARKS]
