000
CXUS56 KPDT 270532
CF6ALW
PRELIMINARY LOCAL CLIMATOLOGICAL DATA (WS FORM: F-6)

                                          STATION:   WALLA WALLA WA
                                          MONTH:     MAY
                                          YEAR:      2017
                                          LATITUDE:   46  5 N
                                          LONGITUDE: 118 17 W

  TEMPERATURE IN F:       :PCPN:    SNOW:  WIND      :SUNSHINE: SKY     :PK WND
================================================================================
1   2   3   4   5  6A  6B    7    8   9   10  11  12  13   14  15   16   17  18
                                     12Z  AVG MX 2MIN
DY MAX MIN AVG DEP HDD CDD  WTR  SNW DPTH SPD SPD DIR MIN PSBL S-S WX    SPD DR
================================================================================

 1  56  43  50  -5  15   0    T  0.0    0  9.0 24 220   M    M   7        28 220
 2  66  50  58   2   7   0    T  0.0    0  6.1 13 200   M    M   6        15 190
 3  80  52  66  10   0   1 0.00  0.0    0  6.0 13  40   M    M   5        14 210
 4  90  57  74  18   0   9 0.00  0.0    0  6.5 24 330   M    M   0        31 150
 5  69  51  60   4   5   0    T  0.0    0 12.1 24 230   M    M   6 3      29 220
 6  57  43  50  -7  15   0 0.20  0.0    0  8.8 17 190   M    M   8 1      23 180
 7  63  42  53  -4  12   0 0.00  0.0    0  6.9 14 220   M    M   2        16 220
 8  71  42  57   0   8   0 0.00  0.0    0  5.0 12 320   M    M   0        16 260
 9  75  47  61   3   4   0 0.00  0.0    0  4.9 10  90   M    M   0        12 280
10  83  53  68  10   0   3 0.00  0.0    0  4.6 12  20   M    M   0        14  20
11  69  50  60   2   5   0 0.12  0.0    0  8.2 31 250   M    M   3 1      40 260
12  58  43  51  -7  14   0 0.03  0.0    0  9.1 29 240   M    M   7        34 250
13  58  40  49 -10  16   0 0.01  0.0    0  9.0 30 220   M    M   6        35 220
14  62  43  53  -6  12   0 0.00  0.0    0  8.2 17 230   M    M   4        22 220
15  66  41  54  -5  11   0    T  0.0    0  6.9 16 250   M    M   2        23 250
16  57  44  51  -9  14   0 0.82  0.0    0 11.2 24 220   M    M   9 13     29 210
17  61  43  52  -8  13   0    T  0.0    0 10.0 17 180   M    M  10        22 180
18  70  50  60   0   5   0 0.00  0.0    0  6.9 14 210   M    M   3        17 210
19  76  51  64   4   1   0 0.00  0.0    0  5.0 10 110   M    M   1        12 210
20  74  55  65   5   0   0    T  0.0    0  8.8 20 340   M    M   4        24 190
21  82  52  67   6   0   2 0.00  0.0    0  5.4 12 100   M    M   0        14 330
22  86  54  70   9   0   5 0.00  0.0    0  4.5 12  90   M    M   0        13 310
23  90  61  76  15   0  11 0.00  0.0    0  8.6 25 220   M    M   0        30 210
24  69  50  60  -1   5   0 0.00  0.0    0 11.3 26 220   M    M   2        30 230
25  67  50  59  -3   6   0    T  0.0    0  6.8 14 200   M    M   2        17 210
================================================================================
SM 1755 1207       168  31  1.18     0.0 189.8          M       87
================================================================================
AV 70.2 48.3                               7.6 FASTST   M    M   3    MAX(MPH)
                                 MISC ---->  # 31 250               # 40  260
================================================================================
NOTES:
# LAST OF SEVERAL OCCURRENCES

COLUMN 17 PEAK WIND IN M.P.H.

PRELIMINARY LOCAL CLIMATOLOGICAL DATA (WS FORM: F-6) , PAGE 2

                                          STATION:  WALLA WALLA WA
                                          MONTH:    MAY
                                          YEAR:     2017
                                          LATITUDE:   46  5 N
                                          LONGITUDE: 118 17 W

[TEMPERATURE DATA]      [PRECIPITATION DATA]       SYMBOLS USED IN COLUMN 16

AVERAGE MONTHLY: 59.2   TOTAL FOR MONTH:   1.18    1 = FOG OR MIST
DPTR FM NORMAL:   0.6   DPTR FM NORMAL:   -0.52    2 = FOG REDUCING VISIBILITY
HIGHEST:    90 ON 23, 4 GRTST 24HR  0.82 ON 16-16      TO 1/4 MILE OR LESS
LOWEST:     40 ON 13                               3 = THUNDER
                        SNOW, ICE PELLETS, HAIL    4 = ICE PELLETS
                        TOTAL MONTH:   0.0 INCH    5 = HAIL
                        GRTST 24HR     0.0         6 = FREEZING RAIN OR DRIZZLE
                        GRTST DEPTH:   0           7 = DUSTSTORM OR SANDSTORM:
                                                       VSBY 1/2 MILE OR LESS
                                                   8 = SMOKE OR HAZE
[NO. OF DAYS WITH]      [WEATHER - DAYS WITH]      9 = BLOWING SNOW
                                                   X = TORNADO
MAX 32 OR BELOW:   0    0.01 INCH OR MORE:   5
MAX 90 OR ABOVE:   2    0.10 INCH OR MORE:   3
MIN 32 OR BELOW:   0    0.50 INCH OR MORE:   1
MIN  0 OR BELOW:   0    1.00 INCH OR MORE:   0

[HDD (BASE 65) ]
TOTAL THIS MO.   168    CLEAR  (SCALE 0-3)  12
DPTR FM NORMAL   -15    PTCLDY (SCALE 4-7)  11
TOTAL FM JUL 1  5077    CLOUDY (SCALE 8-10)  2
DPTR FM NORMAL   153

[CDD (BASE 65) ]
TOTAL THIS MO.    31
DPTR FM NORMAL     8    [PRESSURE DATA]
TOTAL FM JAN 1    31    HIGHEST SLP 30.18 ON  8
DPTR FM NORMAL     6    LOWEST  SLP 29.51 ON 16

[REMARKS]
