000
CXUS54 KAMA 261015
CF6AMA
PRELIMINARY LOCAL CLIMATOLOGICAL DATA (WS FORM: F-6)

                                          STATION:   AMARILLO
                                          MONTH:     JUNE
                                          YEAR:      2017
                                          LATITUDE:   35 13 N
                                          LONGITUDE: 101 42 W

  TEMPERATURE IN F:       :PCPN:    SNOW:  WIND      :SUNSHINE: SKY     :PK WND
================================================================================
1   2   3   4   5  6A  6B    7    8   9   10  11  12  13   14  15   16   17  18
                                     12Z  AVG MX 2MIN
DY MAX MIN AVG DEP HDD CDD  WTR  SNW DPTH SPD SPD DIR MIN PSBL S-S WX    SPD DR
================================================================================

 1  85  54  70   0   0   5 0.00  0.0    0 12.4 25 120   M    M   1        32 120
 2  80  58  69  -2   0   4 0.00  0.0    0 11.1 21 120   M    M   5 123    29 140
 3  83  59  71   0   0   6 0.02  0.0    0  6.3 23 230   M    M   6 13     27 220
 4  82  54  68  -3   0   3 0.00  0.0    0  8.8 20  10   M    M   3 12     24 360
 5  87  55  71  -1   0   6 0.00  0.0    0  8.4 18  70   M    M   1        23  30
 6  88  59  74   2   0   9 0.00  0.0    0  6.7 12  90   M    M   1        18 140
 7  85  62  74   2   0   9    T  0.0    0  9.4 21 130   M    M   3        24 140
 8  90  57  74   2   0   9 0.33  0.0    0 14.7 46  80   M    M   1 3      58  80
 9  92  59  76   3   0  11 0.00  0.0    0 12.7 21 150   M    M   0        27 160
10  99  66  83  10   0  18 0.00  0.0    0 19.7 29 170   M    M   0        35 160
11  98  70  84  11   0  19 0.00  0.0    0 19.7 31 140   M    M   0        39 150
12 100  68  84  10   0  19 0.00  0.0    0 18.6 32 160   M    M   0        42 150
13  98  64  81   7   0  16 0.00  0.0    0 17.3 28 140   M    M   0        33 140
14  96  53  75   1   0  10 0.00  0.0    0  9.4 21 170   M    M   0        25 170
15 104  68  86  12   0  21 0.00  0.0    M 15.0 31 120   M    M   0        38 120
16 103  66  85  10   0  20 0.00  0.0    0 11.6 22 230   M    M   0        27 220
17 106  64  85  10   0  20 0.00  0.0    0  8.1 16 200   M    M   0        20 200
18  86  65  76   1   0  11 0.00  0.0    0 19.0 37  30   M    M   4        45  40
19  90  58  74  -1   0   9 0.00  0.0    0  8.8 16 140   M    M   1        23 120
20  96  69  83   7   0  18 0.00  0.0    0 13.5 24 130   M    M   2        29 130
21 101  68  85   9   0  20    T  0.0    0 18.6 38  30   M    M   0 3      51  40
22 100  60  80   4   0  15    T  0.0    0  9.4 33  70   M    M   0 3      42  60
23  87  66  77   1   0  12 0.00  0.0    0 17.8 32  10   M    M   3        38  20
24  73  55  64 -13   1   0 0.45  0.0    0 11.0 18  50   M    M   9 13     23  40
25  81  58  70  -7   0   5 0.69  0.0    0 13.6 35 360   M    M   6 13     47 360
================================================================================
SM 2290 1535         1 295  1.49     0.0 321.6          M       46
================================================================================
AV 91.6 61.4                              12.9 FASTST   M    M   2    MAX(MPH)
                                 MISC ---->  # 46  80               # 58   80
================================================================================
NOTES:
# LAST OF SEVERAL OCCURRENCES

COLUMN 17 PEAK WIND IN M.P.H.

PRELIMINARY LOCAL CLIMATOLOGICAL DATA (WS FORM: F-6) , PAGE 2

                                          STATION:  AMARILLO
                                          MONTH:    JUNE
                                          YEAR:     2017
                                          LATITUDE:   35 13 N
                                          LONGITUDE: 101 42 W

[TEMPERATURE DATA]      [PRECIPITATION DATA]       SYMBOLS USED IN COLUMN 16

AVERAGE MONTHLY: 76.5   TOTAL FOR MONTH:   1.49    1 = FOG OR MIST
DPTR FM NORMAL:   2.7   DPTR FM NORMAL:   -1.21    2 = FOG REDUCING VISIBILITY
HIGHEST:   106 ON 17    GRTST 24HR  0.69 ON 25-25      TO 1/4 MILE OR LESS
LOWEST:     53 ON 14                               3 = THUNDER
                        SNOW, ICE PELLETS, HAIL    4 = ICE PELLETS
                        TOTAL MONTH:   0.0 INCH    5 = HAIL
                        GRTST 24HR     0.0         6 = FREEZING RAIN OR DRIZZLE
                        GRTST DEPTH:   0           7 = DUSTSTORM OR SANDSTORM:
                                                       VSBY 1/2 MILE OR LESS
                                                   8 = SMOKE OR HAZE
[NO. OF DAYS WITH]      [WEATHER - DAYS WITH]      9 = BLOWING SNOW
                                                   X = TORNADO
MAX 32 OR BELOW:   0    0.01 INCH OR MORE:   4
MAX 90 OR ABOVE:  14    0.10 INCH OR MORE:   3
MIN 32 OR BELOW:   0    0.50 INCH OR MORE:   1
MIN  0 OR BELOW:   0    1.00 INCH OR MORE:   0

[HDD (BASE 65) ]
TOTAL THIS MO.     1    CLEAR  (SCALE 0-3)  19
DPTR FM NORMAL    -4    PTCLDY (SCALE 4-7)   5
TOTAL FM JUL 1  3238    CLOUDY (SCALE 8-10)  1
DPTR FM NORMAL  -938

[CDD (BASE 65) ]
TOTAL THIS MO.   295
DPTR FM NORMAL    68    [PRESSURE DATA]
TOTAL FM JAN 1   425    HIGHEST SLP M ON M
DPTR FM NORMAL    73    LOWEST  SLP 29.50 ON 17

[REMARKS]
