000
CXUS54 KBMX 271216
CF6ANB
PRELIMINARY LOCAL CLIMATOLOGICAL DATA (WS FORM: F-6)

                                          STATION:   ANNISTON
                                          MONTH:     FEBRUARY
                                          YEAR:      2017
                                          LATITUDE:   33 35 N
                                          LONGITUDE:  85 51 W

  TEMPERATURE IN F:       :PCPN:    SNOW:  WIND      :SUNSHINE: SKY     :PK WND
================================================================================
1   2   3   4   5  6A  6B    7    8   9   10  11  12  13   14  15   16   17  18
                                     12Z  AVG MX 2MIN
DY MAX MIN AVG DEP HDD CDD  WTR  SNW DPTH SPD SPD DIR MIN PSBL S-S WX    SPD DR
================================================================================

 1  72  41  57  13   8   0 0.00  0.0    0  5.8 21 230   M    M   2 1      27 230
 2  58  41  50   5  15   0 0.08    M    0  3.4 13  10   M    M   7 1      17  10
 3  53  32  43  -2  22   0 0.00  0.0    0  6.1 20 360   M    M   6        26  10
 4  55  29  42  -3  23   0 0.00  0.0    0  5.1 14  80   M    M   0        19 100
 5  52  42  47   2  18   0 0.22  0.0    0  2.9 13 230   M    M  10 1      16 230
 6  65  49  57  12   8   0 0.11    M    0  4.2 13 250   M    M   7 1      17 230
 7  67  48  58  13   7   0 0.82    M    0  3.7 18 140   M    M   6 13     25 140
 8  70  56  63  17   2   0 0.07  0.0    0  4.9 24 250   M    M   7 1      32 340
 9  57  33  45  -1  20   0 0.00  0.0    0  8.2 22 330   M    M   3        30 330
10  68  31  50   4  15   0 0.00  0.0    0  4.3 17 220   M    M   0        22 210
11  70  39  55   9  10   0    T  0.0    0  6.4 15 220   M    M   9 18     20 230
12  74  55  65  19   0   0 0.04  0.0    0  9.9 23 360   M    M   8 13     31 360
13  65  39  52   5  13   0 0.00  0.0    0  5.1 13 360   M    M   0        20  10
14  69  34  52   5  13   0 0.00  0.0    0  3.3 12 250   M    M   2        14 250
15  63  39  51   4  14   0 0.59  0.0    0  6.7 17 310   M    M   5 13     26  20
16  60  31  46  -1  19   0 0.00  0.0    0  3.9 13 250   M    M   0        16 250
17  68  30  49   1  16   0 0.00  0.0    0  3.0 15 240   M    M   0        19 230
18  61  48  55   7  10   0 0.05  0.0    0  1.8  9  50   M    M   8 18     11  30
19  73  49  61  13   4   0 0.00  0.0    0  2.4 12 360   M    M   5 1      16 360
20  77  46  62  14   3   0 0.00  0.0    0  4.7 10 140   M    M   0        14  30
21  63  58  61  12   4   0 0.58  0.0    0  5.8 13  50   M    M   7 1      16  60
22  71  56  64  15   1   0 0.13  0.0    0  4.8 13 100   M    M   7 1      16  90
23  76  54  65  16   0   0 0.00  0.0    0  3.7 14 130   M    M   3 18     17 150
24  81  52  67  17   0   2 0.00  0.0    0  6.4 16 170   M    M   2        23 190
25  67  41  54   4  11   0 0.05    M    0 10.2 22 250   M    M   2 13     28 330
26  65  29  47  -3  18   0 0.00  0.0    0  3.0  9  60   M    M   0        13  60
================================================================================
SM 1720 1102       274   2  2.74     0.0 129.7          M      106
================================================================================
AV 66.2 42.4                               5.0 FASTST   M    M   4    MAX(MPH)
                                 MISC ---->  # 24 250               # 32  340
================================================================================
NOTES:
# LAST OF SEVERAL OCCURRENCES

COLUMN 17 PEAK WIND IN M.P.H.

PRELIMINARY LOCAL CLIMATOLOGICAL DATA (WS FORM: F-6) , PAGE 2

                                          STATION:  ANNISTON
                                          MONTH:    FEBRUARY
                                          YEAR:     2017
                                          LATITUDE:   33 35 N
                                          LONGITUDE:  85 51 W

[TEMPERATURE DATA]      [PRECIPITATION DATA]       SYMBOLS USED IN COLUMN 16

AVERAGE MONTHLY: 54.3   TOTAL FOR MONTH:   2.74    1 = FOG OR MIST
DPTR FM NORMAL:   7.3   DPTR FM NORMAL:   -1.96    2 = FOG REDUCING VISIBILITY
HIGHEST:    81 ON 24    GRTST 24HR  0.82 ON  6- 7      TO 1/4 MILE OR LESS
LOWEST:     29 ON 26, 4                            3 = THUNDER
                        SNOW, ICE PELLETS, HAIL    4 = ICE PELLETS
                        TOTAL MONTH:   0.0 INCH    5 = HAIL
                        GRTST 24HR     0.0         6 = FREEZING RAIN OR DRIZZLE
                        GRTST DEPTH:   0           7 = DUSTSTORM OR SANDSTORM:
                                                       VSBY 1/2 MILE OR LESS
                                                   8 = SMOKE OR HAZE
[NO. OF DAYS WITH]      [WEATHER - DAYS WITH]      9 = BLOWING SNOW
                                                   X = TORNADO
MAX 32 OR BELOW:   0    0.01 INCH OR MORE:  11
MAX 90 OR ABOVE:   0    0.10 INCH OR MORE:   6
MIN 32 OR BELOW:   6    0.50 INCH OR MORE:   3
MIN  0 OR BELOW:   0    1.00 INCH OR MORE:   0

[HDD (BASE 65) ]
TOTAL THIS MO.   274    CLEAR  (SCALE 0-3)  13
DPTR FM NORMAL  -196    PTCLDY (SCALE 4-7)  10
TOTAL FM JUL 1  1454    CLOUDY (SCALE 8-10)  3
DPTR FM NORMAL  -789

[CDD (BASE 65) ]
TOTAL THIS MO.     2
DPTR FM NORMAL     2    [PRESSURE DATA]
TOTAL FM JAN 1     2    HIGHEST SLP M ON M
DPTR FM NORMAL     2    LOWEST  SLP 29.59 ON 15

[REMARKS]
