000
CXUS53 KAPX 190730
CF6ANJ
PRELIMINARY LOCAL CLIMATOLOGICAL DATA (WS FORM: F-6)
STATION: SAULT STE MARIE MI
MONTH: APRIL
YEAR: 2024
LATITUDE: 46 28 N
LONGITUDE: 84 21 W
TEMPERATURE IN F: :PCPN: SNOW: WIND :SUNSHINE: SKY :PK WND
================================================================================
1 2 3 4 5 6A 6B 7 8 9 10 11 12 13 14 15 16 17 18
12Z AVG MX 2MIN
DY MAX MIN AVG DEP HDD CDD WTR SNW DPTH SPD SPD DIR MIN PSBL S-S WX SPD DR
================================================================================
1 47 26 37 4 28 0 0.00 0.0 0 3.6 14 300 M M 2 20 310
2 52 31 42 9 23 0 0.31 T 0 10.7 29 90 M M 3 1 50 80
3 42 33 38 4 27 0 0.50 T 0 9.8 17 70 M M 10 1 34 70
4 47 33 40 6 25 0 0.02 T 0 7.9 16 50 M M 9 28 40
5 51 32 42 8 23 0 0.00 0.0 0 9.3 20 310 M M 3 29 310
6 51 30 41 6 24 0 0.00 0.0 0 7.6 17 300 M M 0 25 300
7 56 29 43 8 22 0 0.00 0.0 0 8.1 20 130 M M 0 30 140
8 55 41 48 12 17 0 0.00 0.0 M 9.2 21 120 M M 5 36 120
9 61 37 49 13 16 0 0.04 0.0 0 5.6 15 300 M M 6 1 22 290
10 66 37 52 15 13 0 0.00 0.0 0 4.6 20 230 M M 6 1 28 220
11 58 40 49 12 16 0 0.08 0.0 0 6.2 15 130 M M 6 1 21 130
12 47 39 43 5 22 0 0.31 0.0 0 16.7 28 320 M M 9 1 46 330
13 50 37 44 6 21 0 0.04 0.0 0 13.5 25 310 M M 5 42 320
14 53 37 45 6 20 0 0.01 0.0 0 7.1 17 300 M M 6 25 320
15 55 34 45 6 20 0 0.00 0.0 0 9.2 21 310 M M 1 35 330
16 61 32 47 7 18 0 0.00 0.0 0 5.1 15 120 M M 0 1 27 100
17 49 40 45 5 20 0 0.98 0.0 0 12.8 22 100 M M 10 1 40 120
18 54 40 47 7 18 0 0.07 0.0 0 7.5 17 280 M M 9 1 26 270
================================================================================
SM 955 628 373 0 2.36 T 154.5 M 90
================================================================================
AV 53.1 34.9 8.6 FASTST M M 5 MAX(MPH)
MISC ----> 29 90 50 80
================================================================================
NOTES:
# LAST OF SEVERAL OCCURRENCES
COLUMN 17 PEAK WIND IN M.P.H.
PRELIMINARY LOCAL CLIMATOLOGICAL DATA (WS FORM: F-6) , PAGE 2
STATION: SAULT STE MARIE MI
MONTH: APRIL
YEAR: 2024
LATITUDE: 46 28 N
LONGITUDE: 84 21 W
[TEMPERATURE DATA] [PRECIPITATION DATA] SYMBOLS USED IN COLUMN 16
AVERAGE MONTHLY: 44.0 TOTAL FOR MONTH: 2.36 1 = FOG OR MIST
DPTR FM NORMAL: 7.4 DPTR FM NORMAL: 0.77 2 = FOG REDUCING VISIBILITY
HIGHEST: 66 ON 10 GRTST 24HR 0.99 ON 17-18 TO 1/4 MILE OR LESS
LOWEST: 26 ON 1 3 = THUNDER
SNOW, ICE PELLETS, HAIL 4 = ICE PELLETS
TOTAL MONTH: T 5 = HAIL
GRTST 24HR T ON 2- 2 6 = FREEZING RAIN OR DRIZZLE
GRTST DEPTH: T 7 = DUSTSTORM OR SANDSTORM:
VSBY 1/2 MILE OR LESS
8 = SMOKE OR HAZE
[NO. OF DAYS WITH] [WEATHER - DAYS WITH] 9 = BLOWING SNOW
X = TORNADO
MAX 32 OR BELOW: 0 0.01 INCH OR MORE: 10
MAX 90 OR ABOVE: 0 0.10 INCH OR MORE: 4
MIN 32 OR BELOW: 6 0.50 INCH OR MORE: 2
MIN 0 OR BELOW: 0 1.00 INCH OR MORE: 0
[HDD (BASE 65) ]
TOTAL THIS MO. 373 CLEAR (SCALE 0-3) 6
DPTR FM NORMAL -137 PTCLDY (SCALE 4-7) 7
TOTAL FM JUL 1 6372 CLOUDY (SCALE 8-10) 5
DPTR FM NORMAL -1269
[CDD (BASE 65) ]
TOTAL THIS MO. 0
DPTR FM NORMAL 0 [PRESSURE DATA]
TOTAL FM JAN 1 0 HIGHEST SLP M ON M
DPTR FM NORMAL 0 LOWEST SLP 29.28 ON 3
[REMARKS]