000
CXUS53 KIWX 280800
CF6AOH
PRELIMINARY LOCAL CLIMATOLOGICAL DATA (WS FORM: F-6)

                                          STATION:   LIMA
                                          MONTH:     NOVEMBER
                                          YEAR:      2014
                                          LATITUDE:   40 42 N
                                          LONGITUDE:  84  1 W

  TEMPERATURE IN F:       :PCPN:    SNOW:  WIND      :SUNSHINE: SKY     :PK WND
================================================================================
1   2   3   4   5  6A  6B    7    8   9   10  11  12  13   14  15   16   17  18
                                     12Z  AVG MX 2MIN
DY MAX MIN AVG DEP HDD CDD  WTR  SNW DPTH SPD SPD DIR MIN PSBL S-S WX    SPD DR
================================================================================

 1  42  29  36 -12  29   0 0.10    M    M 14.5 24 360   M    M   7 1      31 340
 2  47  25  36 -12  29   0 0.00  0.0    0  5.6 10 230   M    M   0        13 230
 3  64  36  50   3  15   0 0.00  0.0    0 12.9 24 240   M    M   2        32 230
 4  61  46  54   7  11   0 0.06  0.0    0 14.6 26 230   M    M   7 18     34 240
 5  60  40  50   3  15   0 0.00  0.0    0  8.4 16 220   M    M   0 18     19 220
 6  49  41  45  -1  20   0 0.22    M    M 14.7 24 320   M    M   9 18     32 290
 7  44  36  40  -6  25   0 0.00  0.0    0  9.3 21 340   M    M   7        27 330
 8  49  34  42  -4  23   0 0.00  0.0    0 13.0 25 230   M    M   8        29 250
 9  50  34  42  -3  23   0 0.00  0.0    0  9.8 17 210   M    M   4        23 200
10  63  44  54   9  11   0 0.00  0.0    0 12.4 23 160   M    M   2        29 170
11  66  39  53   9  12   0 0.09  0.0    0 16.9 26 220   M    M   4 1      33 290
12  39  31  35  -9  30   0    T    M    M 12.3 21 310   M    M  10 1      27 280
13  33  24  29 -15  36   0    T    M    M 12.2 20 290   M    M   9 8      24 300
14  35  21  28 -15  37   0 0.00  0.0    0  9.2 14 270   M    M   7        17 250
15  34  18  26 -17  39   0 0.00  0.0    0  6.1 15 220   M    M   1        19 260
16  36  27  32 -10  33   0 0.18    M    M  4.2 12 220   M    M  10 18     14 220
17  31  14  23 -19  42   0 0.06    M    M 16.2 31 260   M    M   7 18     37 250
18  18  10  14 -28  51   0    T    M    M 20.2 33 260   M    M   5 18     41 260
19  36  13  25 -16  40   0    T    M    M 18.2 36 270   M    M   8 1      46 260
20  27  19  23 -18  42   0    T    M    M 17.2 29 260   M    M   7        33 260
21  29  11  20 -20  45   0 0.00  0.0    M  7.4 14 170   M    M   0        19 270
22  53  21  37  -3  28   0 0.04    M    M 14.4 24 210   M    M   9 1      36 220
23  60  46  53  14  12   0 0.42  0.0    0 14.9 30 150   M    M   9 1      37 160
24  60  37  49  10  16   0 0.56    M    0 23.6 44 240   M    M   9 13     58 230
25  37  28  33  -5  32   0 0.00  0.0    0 14.2 33 240   M    M  10        43 240
26  33  28  31  -7  34   0 0.00  0.0    0  4.9 10 130   M    M  10        14  70
27  34  27  31  -6  34   0    T    M    M 12.1 22 270   M    M  10 18     26 270
================================================================================
SM 1190  779       764   0  1.73     0.0 339.4          M      171
================================================================================
AV 44.1 28.9                              12.6 FASTST   M    M   6    MAX(MPH)
                                 MISC ---->  # 44 240               # 58  230
================================================================================
NOTES:
# LAST OF SEVERAL OCCURRENCES

COLUMN 17 PEAK WIND IN M.P.H.

PRELIMINARY LOCAL CLIMATOLOGICAL DATA (WS FORM: F-6) , PAGE 2

                                          STATION:  LIMA
                                          MONTH:    NOVEMBER
                                          YEAR:     2014
                                          LATITUDE:   40 42 N
                                          LONGITUDE:  84  1 W

[TEMPERATURE DATA]      [PRECIPITATION DATA]       SYMBOLS USED IN COLUMN 16

AVERAGE MONTHLY: 36.5   TOTAL FOR MONTH:   1.73    1 = FOG OR MIST
DPTR FM NORMAL:  -6.6   DPTR FM NORMAL:   -1.44    2 = FOG REDUCING VISIBILITY
HIGHEST:    66 ON 11    GRTST 24HR  0.86 ON 23-24      TO 1/4 MILE OR LESS
LOWEST:     10 ON 18                               3 = THUNDER
                        SNOW, ICE PELLETS, HAIL    4 = ICE PELLETS
                        TOTAL MONTH:   0.0 INCH    5 = HAIL
                        GRTST 24HR     0.0         6 = FREEZING RAIN OR DRIZZLE
                        GRTST DEPTH:   0           7 = DUSTSTORM OR SANDSTORM:
                                                       VSBY 1/2 MILE OR LESS
                                                   8 = SMOKE OR HAZE
[NO. OF DAYS WITH]      [WEATHER - DAYS WITH]      9 = BLOWING SNOW
                                                   X = TORNADO
MAX 32 OR BELOW:   4    0.01 INCH OR MORE:   9
MAX 90 OR ABOVE:   0    0.10 INCH OR MORE:   5
MIN 32 OR BELOW:  16    0.50 INCH OR MORE:   1
MIN  0 OR BELOW:   0    1.00 INCH OR MORE:   0

[HDD (BASE 65) ]
TOTAL THIS MO.   764    CLEAR  (SCALE 0-3)   6
DPTR FM NORMAL   170    PTCLDY (SCALE 4-7)  11
TOTAL FM JUL 1  1228    CLOUDY (SCALE 8-10) 10
DPTR FM NORMAL   149

[CDD (BASE 65) ]
TOTAL THIS MO.     0
DPTR FM NORMAL     0    [PRESSURE DATA]
TOTAL FM JAN 1   802    HIGHEST SLP M ON M
DPTR FM NORMAL   -24    LOWEST  SLP 29.05 ON 24

[REMARKS]
