000
CXUS53 KAPX 230631
CF6APX
PRELIMINARY LOCAL CLIMATOLOGICAL DATA (WS FORM: F-6)

                                          STATION:   GAYLORD  WFO
                                          MONTH:     MAY
                                          YEAR:      2015
                                          LATITUDE:   45  4 N
                                          LONGITUDE:  84 43 W

  TEMPERATURE IN F:       :PCPN:    SNOW:  WIND      :SUNSHINE: SKY     :PK WND
================================================================================
1   2   3   4   5  6A  6B    7    8   9   10  11  12  13   14  15   16   17  18
                                     12Z  AVG MX 2MIN
DY MAX MIN AVG DEP HDD CDD  WTR  SNW DPTH SPD SPD DIR MIN PSBL S-S WX    SPD DR
================================================================================

 1  69  38  54   6  11   0 0.00  0.0    0   M   M   M   M    M   M         M  M
 2  74  45  60  12   5   0 0.00  0.0    0   M   M   M   M    M   M         M  M
 3  77  53  65  17   0   0 0.00  0.0    0   M   M   M   M    M   M         M  M
 4  67  46  57   8   8   0 0.03  0.0    0   M   M   M   M    M   M         M  M
 5  67  42  55   6  10   0 0.00  0.0    0   M   M   M   M    M   M         M  M
 6  74  44  59  10   6   0    T  0.0    0   M   M   M   M    M   M         M  M
 7  85  54  70  20   0   5 0.05  0.0    0   M   M   M   M    M   M         M  M
 8  80  59  70  20   0   5 0.14  0.0    0   M   M   M   M    M   M         M  M
 9  59  47  53   3  12   0 0.48  0.0    0   M   M   M   M    M   M         M  M
10  49  43  46  -5  19   0 0.11  0.0    0   M   M   M   M    M   M         M  M
11  59  42  51   0  14   0 0.25  0.0    0   M   M   M   M    M   M         M  M
12  52  34  43  -8  22   0 0.13  0.0    0   M   M   M   M    M   M         M  M
13  56  34  45  -7  20   0    T  0.0    0   M   M   M   M    M   M         M  M
14  66  37  52   0  13   0 0.00  0.0    M   M   M   M   M    M   M         M  M
15  57  45  51  -1  14   0 0.29  0.0    0   M   M   M   M    M   M         M  M
16  74  45  60   7   5   0    T  0.0    0   M   M   M   M    M   M         M  M
17  80  54  67  14   0   2 0.00  0.0    0   M   M   M   M    M   M         M  M
18  79  44  62   9   3   0 0.00  0.0    0   M   M   M   M    M   M         M  M
19  44  31  38 -16  27   0    T  0.1    0   M   M   M   M    M   M         M  M
20  56  28  42 -12  23   0 0.00  0.0    0   M   M   M   M    M   M         M  M
21  64  40  52  -2  13   0 0.00  0.0    0   M   M   M   M    M   M         M  M
22  54  30  42 -13  23   0 0.00  0.0    0   M   M   M   M    M   M         M  M
================================================================================
SM 1442  935       248  12  1.48     0.1     M          M        M
================================================================================
AV 65.5 42.5                                 M FASTST   M    M   4    MAX(MPH)
                                 MISC ---->     M   M                  M    M
================================================================================
NOTES:
# LAST OF SEVERAL OCCURRENCES

COLUMN 17 PEAK WIND IN M.P.H.

PRELIMINARY LOCAL CLIMATOLOGICAL DATA (WS FORM: F-6) , PAGE 2

                                          STATION:  GAYLORD  WFO
                                          MONTH:    MAY
                                          YEAR:     2015
                                          LATITUDE:   45  4 N
                                          LONGITUDE:  84 43 W

[TEMPERATURE DATA]      [PRECIPITATION DATA]       SYMBOLS USED IN COLUMN 16

AVERAGE MONTHLY: 54.0   TOTAL FOR MONTH:   1.48    1 = FOG OR MIST
DPTR FM NORMAL:   2.8   DPTR FM NORMAL:   -0.56    2 = FOG REDUCING VISIBILITY
HIGHEST:    85 ON  7    GRTST 24HR  0.48 ON  9- 9      TO 1/4 MILE OR LESS
LOWEST:     28 ON 20                               3 = THUNDER
                        SNOW, ICE PELLETS, HAIL    4 = ICE PELLETS
                        TOTAL MONTH:   0.1 INCH    5 = HAIL
                        GRTST 24HR   0.1 ON   M    6 = FREEZING RAIN OR DRIZZLE
                        GRTST DEPTH:   0           7 = DUSTSTORM OR SANDSTORM:
                                                       VSBY 1/2 MILE OR LESS
                                                   8 = SMOKE OR HAZE
[NO. OF DAYS WITH]      [WEATHER - DAYS WITH]      9 = BLOWING SNOW
                                                   X = TORNADO
MAX 32 OR BELOW:   0    0.01 INCH OR MORE:   8
MAX 90 OR ABOVE:   0    0.10 INCH OR MORE:   6
MIN 32 OR BELOW:   3    0.50 INCH OR MORE:   0
MIN  0 OR BELOW:   0    1.00 INCH OR MORE:   0

[HDD (BASE 65) ]
TOTAL THIS MO.   248    CLEAR  (SCALE 0-3)   0
DPTR FM NORMAL   -61    PTCLDY (SCALE 4-7)   0
TOTAL FM JUL 1  8600    CLOUDY (SCALE 8-10)  0
DPTR FM NORMAL   374

[CDD (BASE 65) ]
TOTAL THIS MO.    12
DPTR FM NORMAL    11    [PRESSURE DATA]
TOTAL FM JAN 1    12    HIGHEST SLP M ON M
DPTR FM NORMAL    10    LOWEST  SLP M ON M

[REMARKS]
