000
CXUS54 KEWX 220910
CF6AQO
PRELIMINARY LOCAL CLIMATOLOGICAL DATA (WS FORM: F-6)

                                          STATION:   Llano Municipal Airport
                                          MONTH:     NOVEMBER
                                          YEAR:      2017
                                          LATITUDE:   30 47 N
                                          LONGITUDE:  98 40 W

  TEMPERATURE IN F:       :PCPN:    SNOW:  WIND      :SUNSHINE: SKY     :PK WND
================================================================================
1   2   3   4   5  6A  6B    7    8   9   10  11  12  13   14  15   16   17  18
                                     12Z  AVG MX 2MIN
DY MAX MIN AVG DEP HDD CDD  WTR  SNW DPTH SPD SPD DIR MIN PSBL S-S WX    SPD DR
================================================================================

 1  91  50  71   M   0   6 0.02    M    M  3.8 14 180   M    M   3        21 210
 2  93  54  74   M   0   9 0.00    M    M  2.4 13 160   M    M   0 1       M  M
 3  90  64  77   M   0  12 0.00    M    M  3.0  9 130   M    M   3 1       M  M
 4  90  64  77   M   0  12 0.00    M    M  3.4 14 150   M    M   4 1      18 150
 5  88  63  76   M   0  11 0.00    M    M  2.7 12 150   M    M   1 1      16 130
 6  90  55  73   M   0   8 0.00    M    M  1.0  9 170   M    M   1 1       M  M
 7  75  57  66   M   0   1 0.00    M    M  5.3 18 350   M    M   5 18      M  M
 8  57  43  50   M  15   0 0.13    M    M  7.4 13 300   M    M  10 1       M  M
 9  52  45  49   M  16   0 0.00    M    M  2.8  6 330   M    M  10         M  M
10  61  50  56   M   9   0 0.00    M    M  2.9  8 110   M    M   9 1       M  M
11  72  55  64   M   1   0 0.00    M    M  3.4  9 130   M    M  10         M  M
12  73  66  70   M   0   5 0.23    M    M  2.2  8 150   M    M   9 1       M  M
13  75  63  69   M   0   4 0.00    M    M  2.1  7  90   M    M   9         M  M
14  73  61  67   M   0   2 0.00    M    M  5.2 13 150   M    M   8        17 150
15  77  61  69   M   0   4 0.00    M    M  2.8  8 150   M    M   9         M  M
16  82  61  72   M   0   7 0.00    M    M  1.7  8 150   M    M   6 12      M  M
17  82  59  71   M   0   6 0.00    M    M  5.2 17 160   M    M   3 1      21 160
18  79  52  66   M   0   1 0.00    M    M  9.5 25 330   M    M   0 2      31 310
19  64  32  48   M  17   0 0.00    M    M  1.1  7  80   M    M   0         M  M
20  70  32  51   M  14   0 0.00    M    M  2.9 13  10   M    M   0        17  10
21  73  39  56   M   9   0 0.00  0.0    0  4.4 13 350   M    M   0        21 350
================================================================================
SM 1607 1126        81  88  0.38     0.0  75.2          M      100
================================================================================
AV 76.5 53.6                               3.6 FASTST   M    M   5    MAX(MPH)
                                 MISC ---->  # 25 330               # 31  310
================================================================================
NOTES:
# LAST OF SEVERAL OCCURRENCES

COLUMN 17 PEAK WIND IN M.P.H.

PRELIMINARY LOCAL CLIMATOLOGICAL DATA (WS FORM: F-6) , PAGE 2

                                          STATION:  Llano Municipal Airport
                                          MONTH:    NOVEMBER
                                          YEAR:     2017
                                          LATITUDE:   30 47 N
                                          LONGITUDE:  98 40 W

[TEMPERATURE DATA]      [PRECIPITATION DATA]       SYMBOLS USED IN COLUMN 16

AVERAGE MONTHLY: 65.1   TOTAL FOR MONTH:   0.38    1 = FOG OR MIST
DPTR FM NORMAL:     M   DPTR FM NORMAL:       M    2 = FOG REDUCING VISIBILITY
HIGHEST:    93 ON  2    GRTST 24HR  0.23 ON 12-12      TO 1/4 MILE OR LESS
LOWEST:     32 ON 20,19                            3 = THUNDER
                        SNOW, ICE PELLETS, HAIL    4 = ICE PELLETS
                        TOTAL MONTH:   0.0 INCH    5 = HAIL
                        GRTST 24HR     0.0         6 = FREEZING RAIN OR DRIZZLE
                        GRTST DEPTH:   0           7 = DUSTSTORM OR SANDSTORM:
                                                       VSBY 1/2 MILE OR LESS
                                                   8 = SMOKE OR HAZE
[NO. OF DAYS WITH]      [WEATHER - DAYS WITH]      9 = BLOWING SNOW
                                                   X = TORNADO
MAX 32 OR BELOW:   0    0.01 INCH OR MORE:   3
MAX 90 OR ABOVE:   5    0.10 INCH OR MORE:   2
MIN 32 OR BELOW:   2    0.50 INCH OR MORE:   0
MIN  0 OR BELOW:   0    1.00 INCH OR MORE:   0

[HDD (BASE 65) ]
TOTAL THIS MO.    81    CLEAR  (SCALE 0-3)   9
DPTR FM NORMAL     M    PTCLDY (SCALE 4-7)   5
TOTAL FM JUL 1   163    CLOUDY (SCALE 8-10)  7
DPTR FM NORMAL     M

[CDD (BASE 65) ]
TOTAL THIS MO.    88
DPTR FM NORMAL     M    [PRESSURE DATA]
TOTAL FM JAN 1  2907    HIGHEST SLP M ON M
DPTR FM NORMAL     M    LOWEST  SLP M ON M

[REMARKS]
