527
CXUS54 KLCH 220906
CF6ARA
PRELIMINARY LOCAL CLIMATOLOGICAL DATA (WS FORM: F-6)

                                          STATION:   NEW IBERIA
                                          MONTH:     SEPTEMBER
                                          YEAR:      2017
                                          LATITUDE:   30  1 N
                                          LONGITUDE:  91 53 W

  TEMPERATURE IN F:       :PCPN:    SNOW:  WIND      :SUNSHINE: SKY     :PK WND
================================================================================
1   2   3   4   5  6A  6B    7    8   9   10  11  12  13   14  15   16   17  18
                                     12Z  AVG MX 2MIN
DY MAX MIN AVG DEP HDD CDD  WTR  SNW DPTH SPD SPD DIR MIN PSBL S-S WX    SPD DR
================================================================================

 1  90  71  81  -1   0  16 0.01  0.0    0  2.7  9 360   M    M   4 1      11 350
 2  90  71  81  -1   0  16 0.00  0.0    0  2.7  9  30   M    M   1 1      12  10
 3  92  72  82   0   0  17 0.00  0.0    0  4.9 12  50   M    M   0        15  40
 4  90  72  81   0   0  16 0.00  0.0    0  3.5 12 200   M    M   3 1      15 200
 5  93  72  83   2   0  18 0.02  0.0    0  2.8 15 130   M    M   2 13     18 140
 6  83  63  73  -8   0   8 0.00  0.0    0  9.9 20  20   M    M   2        24  20
 7  84  61  73  -8   0   8 0.00  0.0    0  8.7 15  60   M    M   0        21  60
 8  85  61  73  -8   0   8 0.00  0.0    0  8.9 17  40   M    M   0        21  30
 9  87  63  75  -5   0  10 0.00  0.0    0  9.5 16  30   M    M   0        21  30
10  87  64  76  -4   0  11 0.00  0.0    0 12.1 21  30   M    M   2        26  20
11  85  63  74  -6   0   9 0.00  0.0    0  9.6 21  10   M    M   1        26 360
12  84  59  72  -8   0   7 0.00  0.0    0  5.7 15 300   M    M   1        20 270
13  87  62  75  -5   0  10 0.00  0.0    0  5.9 15 230   M    M   1 1      22 230
14  89  65  77  -2   0  12 0.00    M    M  2.3 10 180   M    M   M 128    14 110
15  90  67  79   0   0  14 0.00  0.0    0  4.0 14 150   M    M   4 1      16 150
16  92  69  81   2   0  16 0.01  0.0    0  4.0 12 210   M    M   3 12     14 190
17  92  71  82   3   0  17    T  0.0    0  2.5 16 120   M    M   2 123    19 120
18  92  70  81   3   0  16 0.00  0.0    0  2.6 13 220   M    M   3 12     17 220
19  92  71  82   4   0  17 0.00  0.0    0  4.9 14 210   M    M   2 12     17 200
20  92  72  82   4   0  17 0.01  0.0    0  5.8 14 190   M    M   1 13     20 200
21  93  71  82   4   0  17 0.16  0.0    0  2.4 20 270   M    M   3 3      26 270
================================================================================
SM 1869 1410         0 280  0.21     0.0 115.4          M       35
================================================================================
AV 89.0 67.1                               5.5 FASTST   M    M   2    MAX(MPH)
                                 MISC ---->  # 21  30               # 26   20
================================================================================
NOTES:
# LAST OF SEVERAL OCCURRENCES

COLUMN 17 PEAK WIND IN M.P.H.

PRELIMINARY LOCAL CLIMATOLOGICAL DATA (WS FORM: F-6) , PAGE 2

                                          STATION:  NEW IBERIA
                                          MONTH:    SEPTEMBER
                                          YEAR:     2017
                                          LATITUDE:   30  1 N
                                          LONGITUDE:  91 53 W

[TEMPERATURE DATA]      [PRECIPITATION DATA]       SYMBOLS USED IN COLUMN 16

AVERAGE MONTHLY: 78.1   TOTAL FOR MONTH:   0.21    1 = FOG OR MIST
DPTR FM NORMAL:  -1.9   DPTR FM NORMAL:   -2.95    2 = FOG REDUCING VISIBILITY
HIGHEST:    93 ON 21, 5 GRTST 24HR  0.16 ON 21-21      TO 1/4 MILE OR LESS
LOWEST:     59 ON 12                               3 = THUNDER
                        SNOW, ICE PELLETS, HAIL    4 = ICE PELLETS
                        TOTAL MONTH:   0.0 INCH    5 = HAIL
                        GRTST 24HR     0.0         6 = FREEZING RAIN OR DRIZZLE
                        GRTST DEPTH:   0           7 = DUSTSTORM OR SANDSTORM:
                                                       VSBY 1/2 MILE OR LESS
                                                   8 = SMOKE OR HAZE
[NO. OF DAYS WITH]      [WEATHER - DAYS WITH]      9 = BLOWING SNOW
                                                   X = TORNADO
MAX 32 OR BELOW:   0    0.01 INCH OR MORE:   5
MAX 90 OR ABOVE:  12    0.10 INCH OR MORE:   1
MIN 32 OR BELOW:   0    0.50 INCH OR MORE:   0
MIN  0 OR BELOW:   0    1.00 INCH OR MORE:   0

[HDD (BASE 65) ]
TOTAL THIS MO.     0    CLEAR  (SCALE 0-3)  17
DPTR FM NORMAL     0    PTCLDY (SCALE 4-7)   3
TOTAL FM JUL 1     0    CLOUDY (SCALE 8-10)  0
DPTR FM NORMAL     0

[CDD (BASE 65) ]
TOTAL THIS MO.   280
DPTR FM NORMAL   -34    [PRESSURE DATA]
TOTAL FM JAN 1  2583    HIGHEST SLP M ON M
DPTR FM NORMAL   126    LOWEST  SLP 29.79 ON 12

[REMARKS]
