000
CXUS56 KPQR 281200
CF6AST
PRELIMINARY LOCAL CLIMATOLOGICAL DATA (WS FORM: F-6)

                                          STATION:   ASTORIA OR
                                          MONTH:     MAY
                                          YEAR:      2017
                                          LATITUDE:   46  9 N
                                          LONGITUDE: 123 53 W

  TEMPERATURE IN F:       :PCPN:    SNOW:  WIND      :SUNSHINE: SKY     :PK WND
================================================================================
1   2   3   4   5  6A  6B    7    8   9   10  11  12  13   14  15   16   17  18
                                     12Z  AVG MX 2MIN
DY MAX MIN AVG DEP HDD CDD  WTR  SNW DPTH SPD SPD DIR MIN PSBL S-S WX    SPD DR
================================================================================

 1  50  43  47  -4  18   0 0.27  0.0    0  4.1 10 190   M    M  10 1      14 200
 2  58  49  54   3  11   0 0.49  0.0    0  4.6 14 220   M    M  10 1      19 210
 3  71  52  62  11   3   0 0.00  0.0    0  5.6 12 290   M    M   5 12     18 350
 4  62  51  57   6   8   0 0.10  0.0    0  5.2 16 310   M    M  10 123    22 220
 5  57  46  52   1  13   0 0.27  0.0    0 10.6 21 280   M    M   8 1      26 280
 6  56  42  49  -2  16   0 0.03  0.0    0  9.0 17 320   M    M   5        22 310
 7  59  43  51  -1  14   0 0.00  0.0    0  9.2 21 310   M    M   1        26 320
 8  62  40  51  -1  14   0 0.00  0.0    0  6.6 17 310   M    M   3        21 310
 9  63  40  52   0  13   0 0.00  0.0    0  5.9 15 300   M    M   1        21 330
10  61  47  54   2  11   0 0.15  0.0    0  6.9 22 220   M    M   8 1      30 230
11  58  44  51  -1  14   0 0.87  0.0    0  9.5 22 200   M    M   8 18     31 210
12  51  43  47  -5  18   0 1.35  0.0    0  8.1 17 150   M    M   8 1      21 170
13  56  44  50  -3  15   0 0.42  0.0    0  6.8 16 250   M    M   9 138    23 230
14  57  47  52  -1  13   0 0.17    M    0  7.4 17 250   M    M  10 1      22 260
15  52  44  48  -5  17   0 0.86    M    0  8.4 22 210   M    M   9 18     30 220
16  54  45  50  -3  15   0 0.73    M    0 13.5 25 270   M    M   9 13     36 270
17  58  48  53   0  12   0 0.05    M    0  6.8 15 280   M    M   9 1      19 260
18  62  43  53   0  12   0 0.00  0.0    0  4.3 13 280   M    M   7        17 350
19  65  51  58   4   7   0 0.02  0.0    0  4.4 13 280   M    M  10 1      17 290
20  63  51  57   3   8   0 0.00  0.0    0  8.2 16 310   M    M   8 1      21 320
21  74  50  62   8   3   0 0.00  0.0    0  7.8 22 310   M    M   3 12     27 320
22  84  49  67  13   0   2 0.00    M    0  7.5 24 320   M    M   0        29 320
23  62  50  56   2   9   0    T  0.0    0 12.7 22 330   M    M   5 18     30 300
24  59  47  53  -1  12   0 0.01    M    0 11.1 21 300   M    M   9        26 310
25  62  43  53  -1  12   0 0.00  0.0    0  6.6 17 310   M    M   3        21 320
26  71  44  58   4   7   0 0.00  0.0    0  5.8 18 310   M    M   0 1      23 310
27  60  50  55   0  10   0 0.00  0.0    0  6.1 15 260   M    M   9 12     17 260
================================================================================
SM 1647 1246       305   2  5.79     0.0 202.7          M      177
================================================================================
AV 61.0 46.2                               7.5 FASTST   M    M   7    MAX(MPH)
                                 MISC ---->  # 25 270               # 36  270
================================================================================
NOTES:
# LAST OF SEVERAL OCCURRENCES

COLUMN 17 PEAK WIND IN M.P.H.

PRELIMINARY LOCAL CLIMATOLOGICAL DATA (WS FORM: F-6) , PAGE 2

                                          STATION:  ASTORIA OR
                                          MONTH:    MAY
                                          YEAR:     2017
                                          LATITUDE:   46  9 N
                                          LONGITUDE: 123 53 W

[TEMPERATURE DATA]      [PRECIPITATION DATA]       SYMBOLS USED IN COLUMN 16

AVERAGE MONTHLY: 53.6   TOTAL FOR MONTH:   5.79    1 = FOG OR MIST
DPTR FM NORMAL:   0.9   DPTR FM NORMAL:    2.87    2 = FOG REDUCING VISIBILITY
HIGHEST:    84 ON 22    GRTST 24HR  1.35 ON 12-12      TO 1/4 MILE OR LESS
LOWEST:     40 ON  9, 8                            3 = THUNDER
                        SNOW, ICE PELLETS, HAIL    4 = ICE PELLETS
                        TOTAL MONTH:   0.0 INCH    5 = HAIL
                        GRTST 24HR     0.0         6 = FREEZING RAIN OR DRIZZLE
                        GRTST DEPTH:   0           7 = DUSTSTORM OR SANDSTORM:
                                                       VSBY 1/2 MILE OR LESS
                                                   8 = SMOKE OR HAZE
[NO. OF DAYS WITH]      [WEATHER - DAYS WITH]      9 = BLOWING SNOW
                                                   X = TORNADO
MAX 32 OR BELOW:   0    0.01 INCH OR MORE:  15
MAX 90 OR ABOVE:   0    0.10 INCH OR MORE:  11
MIN 32 OR BELOW:   0    0.50 INCH OR MORE:   4
MIN  0 OR BELOW:   0    1.00 INCH OR MORE:   1

[HDD (BASE 65) ]
TOTAL THIS MO.   305    CLEAR  (SCALE 0-3)   6
DPTR FM NORMAL   -27    PTCLDY (SCALE 4-7)   9
TOTAL FM JUL 1  4327    CLOUDY (SCALE 8-10) 12
DPTR FM NORMAL  -414

[CDD (BASE 65) ]
TOTAL THIS MO.     2
DPTR FM NORMAL     2    [PRESSURE DATA]
TOTAL FM JAN 1     2    HIGHEST SLP M ON M
DPTR FM NORMAL     2    LOWEST  SLP 29.66 ON 16

[REMARKS]
