744
CXUS56 KPQR 281502
CF6AST
PRELIMINARY LOCAL CLIMATOLOGICAL DATA (WS FORM: F-6)

                                          STATION:   ASTORIA OR
                                          MONTH:     MAY
                                          YEAR:      2016
                                          LATITUDE:   46  9 N
                                          LONGITUDE: 123 53 W

  TEMPERATURE IN F:       :PCPN:    SNOW:  WIND      :SUNSHINE: SKY     :PK WND
================================================================================
1   2   3   4   5  6A  6B    7    8   9   10  11  12  13   14  15   16   17  18
                                     12Z  AVG MX 2MIN
DY MAX MIN AVG DEP HDD CDD  WTR  SNW DPTH SPD SPD DIR MIN PSBL S-S WX    SPD DR
================================================================================

 1  81  42  62  11   3   0 0.00  0.0    0  6.3 17  50   M    M   0 18     22  60
 2  72  53  63  12   2   0    T  0.0    0  8.5 24 240   M    M   1 18     30 240
 3  63  53  58   7   7   0    T  0.0    0  8.4 16 330   M    M   9 18     21 310
 4  59  52  56   5   9   0    T  0.0    0 13.8 21 320   M    M  10        28 310
 5  62  49  56   5   9   0 0.00  0.0    0  9.5 18 320   M    M   4        23 310
 6  71  44  58   7   7   0 0.00  0.0    0  8.3 23 320   M    M   0        29 320
 7  65  49  57   5   8   0    T  0.0    0 10.4 23 310   M    M   6 1      27 300
 8  60  50  55   3  10   0    T  0.0    0 12.0 20 310   M    M  10        24 320
 9  61  46  54   2  11   0 0.00  0.0    0  6.1 15 260   M    M   4        18 250
10  72  42  57   5   8   0 0.00  0.0    0  7.2 18 310   M    M   1 12     23 310
11  73  43  58   6   7   0 0.00  0.0    0  6.3 17 320   M    M   0        20 310
12  63  46  55   3  10   0 0.00  0.0    0  5.8 13 270   M    M   3        16 270
13  61  42  52  -1  13   0    T  0.0    0  5.7 15 240   M    M   7 12     19 230
14  54  51  53   0  12   0 0.38  0.0    0  3.9  9 220   M    M  10 1      14 200
15  57  52  55   2  10   0 0.03  0.0    0  5.2 10 300   M    M   9 1      14 290
16  61  51  56   3   9   0 0.01  0.0    0  8.1 15 330   M    M  10 1      20 320
17  63  44  54   1  11   0 0.00  0.0    0  8.2 18 310   M    M   1        23 310
18  61  44  53   0  12   0 0.11  0.0    0  6.5 17 300   M    M   6 18     23 300
19  59  46  53  -1  12   0 0.21  0.0    0  7.2 18 280   M    M   8 1      25 270
20  62  46  54   0  11   0 0.00  0.0    0  5.2 14 320   M    M   6        17 280
21  60  45  53  -1  12   0 0.00  0.0    0  7.3 17 240   M    M   8        24 250
22  61  49  55   1  10   0 0.02  0.0    0  7.0 18 220   M    M   8 18     26 200
23  64  50  57   3   8   0    T  0.0    0  5.2 17 240   M    M   6 1      23 240
24  62  50  56   2   9   0    T  0.0    0  6.1 17 320   M    M  10        20 330
25  61  53  57   3   8   0    T  0.0    0  8.4 16 310   M    M  10        20 300
26  60  51  56   2   9   0    T  0.0    0  8.2 16 310   M    M  10 18     21 260
27  60  49  55   0  10   0 0.01  0.0    0  6.9 15 320   M    M   8 1      21 300
================================================================================
SM 1708 1292       247   0  0.77     0.0 201.7          M      165
================================================================================
AV 63.3 47.9                               7.5 FASTST   M    M   6    MAX(MPH)
                                 MISC ---->  # 24 240               # 30  240
================================================================================
NOTES:
# LAST OF SEVERAL OCCURRENCES

COLUMN 17 PEAK WIND IN M.P.H.

PRELIMINARY LOCAL CLIMATOLOGICAL DATA (WS FORM: F-6) , PAGE 2

                                          STATION:  ASTORIA OR
                                          MONTH:    MAY
                                          YEAR:     2016
                                          LATITUDE:   46  9 N
                                          LONGITUDE: 123 53 W

[TEMPERATURE DATA]      [PRECIPITATION DATA]       SYMBOLS USED IN COLUMN 16

AVERAGE MONTHLY: 55.6   TOTAL FOR MONTH:   0.77    1 = FOG OR MIST
DPTR FM NORMAL:   2.9   DPTR FM NORMAL:   -2.15    2 = FOG REDUCING VISIBILITY
HIGHEST:    81 ON  1    GRTST 24HR  0.38 ON 14-14      TO 1/4 MILE OR LESS
LOWEST:     42 ON 13,10                            3 = THUNDER
                        SNOW, ICE PELLETS, HAIL    4 = ICE PELLETS
                        TOTAL MONTH:   0.0 INCH    5 = HAIL
                        GRTST 24HR     0.0         6 = FREEZING RAIN OR DRIZZLE
                        GRTST DEPTH:   0           7 = DUSTSTORM OR SANDSTORM:
                                                       VSBY 1/2 MILE OR LESS
                                                   8 = SMOKE OR HAZE
[NO. OF DAYS WITH]      [WEATHER - DAYS WITH]      9 = BLOWING SNOW
                                                   X = TORNADO
MAX 32 OR BELOW:   0    0.01 INCH OR MORE:   7
MAX 90 OR ABOVE:   0    0.10 INCH OR MORE:   3
MIN 32 OR BELOW:   0    0.50 INCH OR MORE:   0
MIN  0 OR BELOW:   0    1.00 INCH OR MORE:   0

[HDD (BASE 65) ]
TOTAL THIS MO.   247    CLEAR  (SCALE 0-3)   7
DPTR FM NORMAL   -85    PTCLDY (SCALE 4-7)  11
TOTAL FM JUL 1  3672    CLOUDY (SCALE 8-10)  9
DPTR FM NORMAL -1069

[CDD (BASE 65) ]
TOTAL THIS MO.     0
DPTR FM NORMAL     0    [PRESSURE DATA]
TOTAL FM JAN 1     3    HIGHEST SLP M ON M
DPTR FM NORMAL     3    LOWEST  SLP 29.72 ON 20

[REMARKS]
