940
CXUS56 KPQR 181200
CF6AST
PRELIMINARY LOCAL CLIMATOLOGICAL DATA (WS FORM: F-6)

                                          STATION:   ASTORIA OR
                                          MONTH:     JANUARY
                                          YEAR:      2017
                                          LATITUDE:   46  9 N
                                          LONGITUDE: 123 53 W

  TEMPERATURE IN F:       :PCPN:    SNOW:  WIND      :SUNSHINE: SKY     :PK WND
================================================================================
1   2   3   4   5  6A  6B    7    8   9   10  11  12  13   14  15   16   17  18
                                     12Z  AVG MX 2MIN
DY MAX MIN AVG DEP HDD CDD  WTR  SNW DPTH SPD SPD DIR MIN PSBL S-S WX    SPD DR
================================================================================

 1  44  32  38  -5  27   0 0.09    M    0  7.1 28 280   M    M   5 18     38 280
 2  39  33  36  -7  29   0    T    M    0 15.8 24  70   M    M   9        29  70
 3  38  30  34  -9  31   0 0.00  0.0    0 19.4 28  70   M    M   1        34  70
 4  39  24  32 -11  33   0 0.00  0.0    0 13.8 25  70   M    M   3        31  70
 5  41  22  32 -11  33   0 0.00  0.0    0  4.6 12  50   M    M   0        15  20
 6  40  22  31 -12  34   0 0.00  0.0    0  6.4 13  90   M    M   2        16  80
 7  37  34  36  -7  29   0 0.03    M    0 12.2 20 110   M    M  10 8      26 120
 8  50  37  44   1  21   0 0.85    M    0 11.1 26 200   M    M  10 1      37 190
 9  47  37  42  -2  23   0 0.48    M    0  7.1 18 220   M    M   8 1      26 220
10  43  36  40  -4  25   0 0.30    M    0 10.6 21  50   M    M   7 1      26  50
11  37  34  36  -8  29   0 0.03    M    0 10.4 15  70   M    M  10 8      19  70
12  41  29  35  -9  30   0 0.00  0.0    0  6.4 14  80   M    M   0        16  20
13  37  28  33 -11  32   0 0.00  0.0    0  7.2 15  60   M    M   0 18     17  60
14  45  27  36  -8  29   0 0.00  0.0    0  6.8 14  90   M    M   0        17  90
15  46  29  38  -6  27   0 0.00  0.0    0  5.8 14 110   M    M   0        16  60
16  48  33  41  -3  24   0 0.00  0.0    0  5.3 13  80   M    M   6        17  90
17  57  40  49   5  16   0 1.84    M    0 13.7 36 200   M    M   9        55 170
================================================================================
SM  729  527       472   0  3.62     0.0 163.7          M       80
================================================================================
AV 42.9 31.0                               9.6 FASTST   M    M   5    MAX(MPH)
                                 MISC ---->  # 36 200               # 55  170
================================================================================
NOTES:
# LAST OF SEVERAL OCCURRENCES

COLUMN 17 PEAK WIND IN M.P.H.

PRELIMINARY LOCAL CLIMATOLOGICAL DATA (WS FORM: F-6) , PAGE 2

                                          STATION:  ASTORIA OR
                                          MONTH:    JANUARY
                                          YEAR:     2017
                                          LATITUDE:   46  9 N
                                          LONGITUDE: 123 53 W

[TEMPERATURE DATA]      [PRECIPITATION DATA]       SYMBOLS USED IN COLUMN 16

AVERAGE MONTHLY: 36.9   TOTAL FOR MONTH:   3.62    1 = FOG OR MIST
DPTR FM NORMAL:  -6.6   DPTR FM NORMAL:   -2.26    2 = FOG REDUCING VISIBILITY
HIGHEST:    57 ON 17    GRTST 24HR  1.84 ON 17-17      TO 1/4 MILE OR LESS
LOWEST:     22 ON  6, 5                            3 = THUNDER
                        SNOW, ICE PELLETS, HAIL    4 = ICE PELLETS
                        TOTAL MONTH:   0.0 INCH    5 = HAIL
                        GRTST 24HR     0.0         6 = FREEZING RAIN OR DRIZZLE
                        GRTST DEPTH:   0           7 = DUSTSTORM OR SANDSTORM:
                                                       VSBY 1/2 MILE OR LESS
                                                   8 = SMOKE OR HAZE
[NO. OF DAYS WITH]      [WEATHER - DAYS WITH]      9 = BLOWING SNOW
                                                   X = TORNADO
MAX 32 OR BELOW:   0    0.01 INCH OR MORE:   7
MAX 90 OR ABOVE:   0    0.10 INCH OR MORE:   4
MIN 32 OR BELOW:   9    0.50 INCH OR MORE:   2
MIN  0 OR BELOW:   0    1.00 INCH OR MORE:   1

[HDD (BASE 65) ]
TOTAL THIS MO.   472    CLEAR  (SCALE 0-3)   8
DPTR FM NORMAL   106    PTCLDY (SCALE 4-7)   3
TOTAL FM JUL 1  2070    CLOUDY (SCALE 8-10)  6
DPTR FM NORMAL  -402

[CDD (BASE 65) ]
TOTAL THIS MO.     0
DPTR FM NORMAL     0    [PRESSURE DATA]
TOTAL FM JAN 1     0    HIGHEST SLP M ON M
DPTR FM NORMAL     0    LOWEST  SLP 29.39 ON 10

[REMARKS]
