000
CXUS52 KFFC 271110
CF6ATL
PRELIMINARY LOCAL CLIMATOLOGICAL DATA (WS FORM: F-6)

                                          STATION:   ATLANTA
                                          MONTH:     FEBRUARY
                                          YEAR:      2015
                                          LATITUDE:   33 39 N
                                          LONGITUDE:  84 26 W

  TEMPERATURE IN F:       :PCPN:    SNOW:  WIND      :SUNSHINE: SKY     :PK WND
================================================================================
1   2   3   4   5  6A  6B    7    8   9   10  11  12  13   14  15   16   17  18
                                     12Z  AVG MX 2MIN
DY MAX MIN AVG DEP HDD CDD  WTR  SNW DPTH SPD SPD DIR MIN PSBL S-S WX    SPD DR
================================================================================

 1  57  40  49   4  16   0 0.61  0.0    0  9.7 22 190   M    M   9 1      31 180
 2  57  28  43  -2  22   0 0.32  0.0    0 17.3 30 330   M    M   6 1      40 300
 3  51  25  38  -7  27   0 0.00  0.0    0  4.3 15 340   M    M   6        21 350
 4  50  35  43  -2  22   0 0.00  0.0    0  1.9  9 160   M    M  10        12 160
 5  51  31  41  -4  24   0 0.00  0.0    0 13.4 24 330   M    M   5        31 340
 6  53  26  40  -5  25   0 0.00  0.0    0  3.8  9 230   M    M   4        13 230
 7  64  33  49   3  16   0 0.00  0.0    0  5.8 15 220   M    M   1        22 240
 8  68  40  54   8  11   0 0.00  0.0    0  6.4 17 220   M    M   3 1      24 220
 9  64  44  54   8  11   0 0.34  0.0    0 10.5 25 330   M    M   9 13     31 330
10  54  38  46   0  19   0 0.00  0.0    0 13.3 28 320   M    M   6        35 320
11  64  32  48   2  17   0 0.00  0.0    0  6.3 13 310   M    M   1        17 310
12  50  28  39  -7  26   0 0.00  0.0    0 16.9 32 330   M    M   3        40 320
13  45  25  35 -12  30   0 0.00  0.0    0  7.5 17 340   M    M   6        24 360
14  60  29  45  -2  20   0 0.00  0.0    0 12.1 33 320   M    M   3        46 310
15  48  22  35 -12  30   0 0.00  0.0    0 11.2 29 320   M    M   4        37 330
16  41  33  37 -10  28   0 1.23  0.0    0  9.9 21 320   M    M  10 1      25 340
17  38  28  33 -15  32   0 0.02  0.0    0 12.4 22 330   M    M   9 1      26 330
18  39  22  31 -17  34   0    T    T    0 15.3 35 280   M    M   4        44 280
19  28  15  22 -26  43   0 0.00  0.0    0 13.6 26 320   M    M   1        38 320
20  35  16  26 -22  39   0    T    T    0  6.9 14 150   M    M   8        18 130
21  56  34  45  -3  20   0 0.11    T    0  8.1 18 160   M    M  10 14     29 150
22  56  44  50   1  15   0 0.40  0.0    0  5.7 14  20   M    M  10 12     16 320
23  49  36  43  -6  22   0 0.32  0.0    0 12.6 23 330   M    M   8 18     28 330
24  37  32  35 -14  30   0 0.11    T    0  5.2 13 320   M    M   9 146    15 320
25  38  32  35 -15  30   0 0.69    T    0  7.5 21  70   M    M  10 14     24  70
26  43  33  38 -12  27   0    T  0.0    0  9.3 17 320   M    M   9 1      28 340
================================================================================
SM 1296  801       636   0  4.15    T    246.9          M      164
================================================================================
AV 49.8 30.8                               9.5 FASTST   M    M   6    MAX(MPH)
                                 MISC ---->  # 35 280               # 46  310
================================================================================
NOTES:
# LAST OF SEVERAL OCCURRENCES

COLUMN 17 PEAK WIND IN M.P.H.

PRELIMINARY LOCAL CLIMATOLOGICAL DATA (WS FORM: F-6) , PAGE 2

                                          STATION:  ATLANTA
                                          MONTH:    FEBRUARY
                                          YEAR:     2015
                                          LATITUDE:   33 39 N
                                          LONGITUDE:  84 26 W

[TEMPERATURE DATA]      [PRECIPITATION DATA]       SYMBOLS USED IN COLUMN 16

AVERAGE MONTHLY: 40.3   TOTAL FOR MONTH:   4.15    1 = FOG OR MIST
DPTR FM NORMAL:  -6.6   DPTR FM NORMAL:   -0.20    2 = FOG REDUCING VISIBILITY
HIGHEST:    68 ON  8    GRTST 24HR  1.25 ON 16-17      TO 1/4 MILE OR LESS
LOWEST:     15 ON 19                               3 = THUNDER
                        SNOW, ICE PELLETS, HAIL    4 = ICE PELLETS
                        TOTAL MONTH:    T          5 = HAIL
                        GRTST 24HR    T  ON 25-25  6 = FREEZING RAIN OR DRIZZLE
                        GRTST DEPTH:   0           7 = DUSTSTORM OR SANDSTORM:
                                                       VSBY 1/2 MILE OR LESS
                                                   8 = SMOKE OR HAZE
[NO. OF DAYS WITH]      [WEATHER - DAYS WITH]      9 = BLOWING SNOW
                                                   X = TORNADO
MAX 32 OR BELOW:   1    0.01 INCH OR MORE:  10
MAX 90 OR ABOVE:   0    0.10 INCH OR MORE:   9
MIN 32 OR BELOW:  15    0.50 INCH OR MORE:   3
MIN  0 OR BELOW:   0    1.00 INCH OR MORE:   1

[HDD (BASE 65) ]
TOTAL THIS MO.   636    CLEAR  (SCALE 0-3)   6
DPTR FM NORMAL   166    PTCLDY (SCALE 4-7)   9
TOTAL FM JUL 1  2311    CLOUDY (SCALE 8-10) 11
DPTR FM NORMAL    87

[CDD (BASE 65) ]
TOTAL THIS MO.     0
DPTR FM NORMAL     0    [PRESSURE DATA]
TOTAL FM JAN 1     0    HIGHEST SLP M ON M
DPTR FM NORMAL     0    LOWEST  SLP 29.65 ON  2

[REMARKS]
