000
CXUS54 KMAF 291100
CF6ATS
PRELIMINARY LOCAL CLIMATOLOGICAL DATA (WS FORM: F-6)

                                          STATION:   Artesia
                                          MONTH:     JANUARY
                                          YEAR:      2015
                                          LATITUDE:   32 54 N
                                          LONGITUDE: 104 30 W

  TEMPERATURE IN F:       :PCPN:    SNOW:  WIND      :SUNSHINE: SKY     :PK WND
================================================================================
1   2   3   4   5  6A  6B    7    8   9   10  11  12  13   14  15   16   17  18
                                     12Z  AVG MX 2MIN
DY MAX MIN AVG DEP HDD CDD  WTR  SNW DPTH SPD SPD DIR MIN PSBL S-S WX    SPD DR
================================================================================

 1  25  18  22   M  43   0 0.00  0.0    0  1.1  6 340   M    M  10 1       M  M
 2  28  14  21   M  44   0 0.20    M    0  6.3 10  20   M    M   9 1       M  M
 3  46   3  25   M  40   0 0.07    M    0  9.6 23 240   M    M   2 12     29 240
 4  39  21  30   M  35   0 0.00  0.0    0  8.3 15 360   M    M   0 1      18 360
 5  41  27  34   M  31   0 0.00  0.0    0  6.8 14 170   M    M   6 12     18 170
 6  52  27  40   M  25   0 0.00  0.0    0  5.4 17  10   M    M   0 1       M  M
 7  39  23  31   M  34   0 0.00  0.0    0 10.9 25  10   M    M   6 1      30  10
 8  39  23  31   M  34   0 0.00  0.0    0  6.4 14 340   M    M   3 1       M  M
 9  39  30  35   M  30   0 0.00  0.0    0  9.6 20 360   M    M   8        29 360
10  43  25  34   M  31   0 0.00  0.0    0 12.9 20 150   M    M   4 1      22 150
11  66  25  46   M  19   0 0.00  0.0    0  6.4 15 290   M    M   1 12     18 360
12  41  30  36   M  29   0 0.01    M    0  9.0 17 340   M    M   7 18     13  50
13  32  30  31   M  34   0 0.00  0.0    0  7.8 12 140   M    M  10 1       M  M
14  36  30  33   M  32   0 0.00  0.0    0  2.7  8 220   M    M  10 1       M  M
15  54  27  41   M  24   0 0.00  0.0    0  7.5 14 360   M    M   0         M  M
16  66  23  45   M  20   0 0.00  0.0    0  9.3 20 250   M    M   0        23 150
17  64  28  46   M  19   0 0.00  0.0    0  9.7 21  20   M    M   0        28  20
18  72  30  51   M  14   0 0.00  0.0    0  7.6 20 260   M    M   0        12  99
19  75  32  54   M  11   0 0.00  0.0    0  5.3 14 270   M    M   0         M  M
20  64  36  50   M  15   0 0.00  0.0    0  8.5 20 360   M    M   0        21 360
21  41  30  36   M  29   0 0.02    M    0  5.6 13 360   M    M   6 8      18 120
22  37  28  33   M  32   0 0.11    M    0 13.1 21  10   M    M  10        14  70
23  41  14  28   M  37   0 0.00  0.0    0  4.3 12 280   M    M   0         M  M
24  52  23  38   M  27   0 0.00  0.0    0  6.9 16 270   M    M   0         M  M
25  57  30  44   M  21   0 0.00  0.0    0  7.7 12 240   M    M   0        12 170
26  63  28  46   M  19   0 0.00  0.0    0  5.7 12 260   M    M   0         M  M
27  68  34  51   M  14   0 0.00  0.0    0  5.4 12 230   M    M   0         M  M
28  73  37  55   M  10   0 0.00  0.0    0  5.5 16 290   M    M   0         M  M
================================================================================
SM 1393  726       753   0  0.41     0.0 205.3          M       92
================================================================================
AV 49.8 25.9                               7.3 FASTST   M    M   3    MAX(MPH)
                                 MISC ---->    25   M                 30    M
================================================================================
NOTES:
# LAST OF SEVERAL OCCURRENCES

COLUMN 17 PEAK WIND IN M.P.H.

PRELIMINARY LOCAL CLIMATOLOGICAL DATA (WS FORM: F-6) , PAGE 2

                                          STATION:  Artesia
                                          MONTH:    JANUARY
                                          YEAR:     2015
                                          LATITUDE:   32 54 N
                                          LONGITUDE: 104 30 W

[TEMPERATURE DATA]      [PRECIPITATION DATA]       SYMBOLS USED IN COLUMN 16

AVERAGE MONTHLY: 37.8   TOTAL FOR MONTH:   0.41    1 = FOG OR MIST
DPTR FM NORMAL:     M   DPTR FM NORMAL:       M    2 = FOG REDUCING VISIBILITY
HIGHEST:    75 ON 19    GRTST 24HR  0.20 ON  2- 2      TO 1/4 MILE OR LESS
LOWEST:      3 ON  3                               3 = THUNDER
                        SNOW, ICE PELLETS, HAIL    4 = ICE PELLETS
                        TOTAL MONTH:   0.0 INCH    5 = HAIL
                        GRTST 24HR     0.0         6 = FREEZING RAIN OR DRIZZLE
                        GRTST DEPTH:   0           7 = DUSTSTORM OR SANDSTORM:
                                                       VSBY 1/2 MILE OR LESS
                                                   8 = SMOKE OR HAZE
[NO. OF DAYS WITH]      [WEATHER - DAYS WITH]      9 = BLOWING SNOW
                                                   X = TORNADO
MAX 32 OR BELOW:   3    0.01 INCH OR MORE:   5
MAX 90 OR ABOVE:   0    0.10 INCH OR MORE:   2
MIN 32 OR BELOW:  25    0.50 INCH OR MORE:   0
MIN  0 OR BELOW:   0    1.00 INCH OR MORE:   0

[HDD (BASE 65) ]
TOTAL THIS MO.   753    CLEAR  (SCALE 0-3)  17
DPTR FM NORMAL     M    PTCLDY (SCALE 4-7)   6
TOTAL FM JUL 1  1371    CLOUDY (SCALE 8-10)  5
DPTR FM NORMAL     M

[CDD (BASE 65) ]
TOTAL THIS MO.     0
DPTR FM NORMAL     M    [PRESSURE DATA]
TOTAL FM JAN 1     0    HIGHEST SLP M ON M
DPTR FM NORMAL     M    LOWEST  SLP M ON M

[REMARKS]
