000
CXUS55 KABR 291400
CF6ATY
PRELIMINARY LOCAL CLIMATOLOGICAL DATA (WS FORM: F-6)

                                          STATION:   WATERTOWN SD
                                          MONTH:     JULY
                                          YEAR:      2015
                                          LATITUDE:   44 55 N
                                          LONGITUDE:  97  9 W

  TEMPERATURE IN F:       :PCPN:    SNOW:  WIND      :SUNSHINE: SKY     :PK WND
================================================================================
1   2   3   4   5  6A  6B    7    8   9   10  11  12  13   14  15   16   17  18
                                     12Z  AVG MX 2MIN
DY MAX MIN AVG DEP HDD CDD  WTR  SNW DPTH SPD SPD DIR MIN PSBL S-S WX    SPD DR
================================================================================

 1  72  61  67  -3   0   2 0.06  0.0    0  6.3 14 130   M    M   7 1      18 130
 2  74  56  65  -5   0   0 0.00  0.0    0  6.2 13 150   M    M   2        16 160
 3  81  54  68  -2   0   3 0.00  0.0    0  3.9 10 270   M    M   3 18     14 270
 4  84  63  74   4   0   9 0.00  0.0    0  9.6 18 170   M    M   1 18     23 170
 5  88  68  78   7   0  13 0.73  0.0    0 13.3 29 220   M    M   2 13     36 210
 6  72  52  62  -9   3   0 0.11  0.0    0 13.5 24  10   M    M   6 18     32  10
 7  70  44  57 -14   8   0 0.00  0.0    0  6.2 14  50   M    M   0        17  50
 8  74  52  63  -8   2   0 0.00  0.0    0  9.1 15 200   M    M   6        19 180
 9  80  52  66  -5   0   1 0.00  0.0    0  3.3 13 290   M    M   0 12     17 300
10  83  57  70  -1   0   5 0.00  0.0    0 10.0 21 170   M    M   1        27 180
11  87  66  77   6   0  12 0.01  0.0    0 10.8 18 160   M    M   3 1      23 170
12  94  69  82  11   0  17 0.00  0.0    0 12.3 23 220   M    M   0 1      29 200
13  91  69  80   9   0  15 0.00  0.0    0 10.5 25 280   M    M   1        32 280
14  88  63  76   4   0  11 0.00  0.0    0  5.3 12  60   M    M   1 1      16  70
15  86  66  76   4   0  11 0.04  0.0    0  8.7 23 150   M    M   1 13     30 150
16  84  67  76   4   0  11 0.00  0.0    0  8.5 15 170   M    M   4 1      18 200
17  92  62  77   5   0  12 1.05  0.0    0  7.2 38 350   M    M   1 13     48 340
18  80  61  71  -1   0   6 0.00  0.0    0 10.7 23 270   M    M   1        30 290
19  85  60  73   1   0   8 0.00  0.0    0 11.0 20 240   M    M   0        26 230
20  78  59  69  -3   0   4 0.00  0.0    0 10.4 22 360   M    M   2        28 340
21  80  53  67  -4   0   2 0.00  0.0    0  5.3 14 200   M    M   1        18 210
22  82  64  73   2   0   8    T  0.0    0 10.4 17 170   M    M   4        21 170
23  87  62  75   4   0  10 0.00  0.0    0 15.3 26 170   M    M   2        35 180
24  85  66  76   5   0  11 0.06  0.0    0 10.2 20 320   M    M   1 13     24 320
25  86  62  74   3   0   9 0.68  0.0    0  8.7 25 110   M    M   4 13     35 110
26  83  62  73   2   0   8 0.00  0.0    0  6.3 14 110   M    M   2        19  60
27  89  66  78   7   0  13 0.00  0.0    0 11.3 23 170   M    M   2        27 170
28  78  61  70  -1   0   5 0.83  0.0    0 14.4 30 280   M    M   4 138    39 270
================================================================================
SM 2313 1697        13 206  3.57     0.0 258.7          M       62
================================================================================
AV 82.6 60.6                               9.2 FASTST   M    M   2    MAX(MPH)
                                 MISC ---->  # 38 350               # 48  340
================================================================================
NOTES:
# LAST OF SEVERAL OCCURRENCES

COLUMN 17 PEAK WIND IN M.P.H.

PRELIMINARY LOCAL CLIMATOLOGICAL DATA (WS FORM: F-6) , PAGE 2

                                          STATION:  WATERTOWN SD
                                          MONTH:    JULY
                                          YEAR:     2015
                                          LATITUDE:   44 55 N
                                          LONGITUDE:  97  9 W

[TEMPERATURE DATA]      [PRECIPITATION DATA]       SYMBOLS USED IN COLUMN 16

AVERAGE MONTHLY: 71.6   TOTAL FOR MONTH:   3.57    1 = FOG OR MIST
DPTR FM NORMAL:   0.5   DPTR FM NORMAL:    0.85    2 = FOG REDUCING VISIBILITY
HIGHEST:    94 ON 12    GRTST 24HR  1.05 ON 17-17      TO 1/4 MILE OR LESS
LOWEST:     44 ON  7                               3 = THUNDER
                        SNOW, ICE PELLETS, HAIL    4 = ICE PELLETS
                        TOTAL MONTH:   0.0 INCH    5 = HAIL
                        GRTST 24HR     0.0         6 = FREEZING RAIN OR DRIZZLE
                        GRTST DEPTH:   0           7 = DUSTSTORM OR SANDSTORM:
                                                       VSBY 1/2 MILE OR LESS
                                                   8 = SMOKE OR HAZE
[NO. OF DAYS WITH]      [WEATHER - DAYS WITH]      9 = BLOWING SNOW
                                                   X = TORNADO
MAX 32 OR BELOW:   0    0.01 INCH OR MORE:   9
MAX 90 OR ABOVE:   3    0.10 INCH OR MORE:   5
MIN 32 OR BELOW:   0    0.50 INCH OR MORE:   4
MIN  0 OR BELOW:   0    1.00 INCH OR MORE:   1

[HDD (BASE 65) ]
TOTAL THIS MO.    13    CLEAR  (SCALE 0-3)  20
DPTR FM NORMAL    -2    PTCLDY (SCALE 4-7)   8
TOTAL FM JUL 1    13    CLOUDY (SCALE 8-10)  0
DPTR FM NORMAL    -2

[CDD (BASE 65) ]
TOTAL THIS MO.   206
DPTR FM NORMAL    17    [PRESSURE DATA]
TOTAL FM JAN 1   311    HIGHEST SLP M ON M
DPTR FM NORMAL     4    LOWEST  SLP 29.53 ON 28

[REMARKS]
