000
CXUS53 KGID 180730
CF6AUH
PRELIMINARY LOCAL CLIMATOLOGICAL DATA (WS FORM: F-6)

                                          STATION:   AURORA
                                          MONTH:     SEPTEMBER
                                          YEAR:      2014
                                          LATITUDE:   40 54 N
                                          LONGITUDE:  97 59 W

  TEMPERATURE IN F:       :PCPN:    SNOW:  WIND      :SUNSHINE: SKY     :PK WND
================================================================================
1   2   3   4   5  6A  6B    7    8   9   10  11  12  13   14  15   16   17  18
                                     12Z  AVG MX 2MIN
DY MAX MIN AVG DEP HDD CDD  WTR  SNW DPTH SPD SPD DIR MIN PSBL S-S WX    SPD DR
================================================================================

 1  76  56  66  -4   0   1    T    M    M  5.0 10  10   M    M   1        24  10
 2  80  51  66  -4   0   1 0.00    M    M  4.6  7 130   M    M   0         M  M
 3  87  64  76   6   0  11 0.00    M    M 10.1 18 170   M    M   4        25 170
 4  82  64  73   4   0   8 0.00    M    M 11.4 16  20   M    M   4 3      22 350
 5  64  48  56 -13   9   0 0.08    M    M  6.6 15  10   M    M   6 3      23 300
 6  69  45  57 -12   8   0 0.00    M    M  1.4  4 160   M    M   2 12      M  M
 7  75  47  61  -7   4   0 0.00    M    M  7.7 15 180   M    M   0        20 170
 8  86  58  72   4   0   7 0.00    M    M 10.0 15 200   M    M   0        22 190
 9  74  62  68   0   0   3 0.99    M    M  6.7 20 350   M    M   5 3      28 350
10  66  49  58  -9   7   0 0.01    M    M 12.8 20 350   M    M  10        29 330
11  51  46  49 -18  16   0 0.10    M    M  8.9 14  20   M    M  10 1      17  20
12  53  38  46 -20  19   0 0.28    M    M  6.4 13 360   M    M   8 3      16 360
13  59  36  48 -18  17   0 0.00    M    M  7.6 17 200   M    M   4        27 180
14  71  42  57  -8   8   0 0.00    M    M  6.2 15 140   M    M   4        20 140
15  65  45  55 -10  10   0    T    M    M  8.0 17  20   M    M   2        27  20
16  71  43  57  -7   8   0 0.00    M    M  7.1 13 170   M    M   2        17 170
17  80  48  64   0   1   0 0.00    M    M  4.5  9 110   M    M   0 1       M  M
================================================================================
SM 1209  842       107  31  1.46    M    125.0          M       62
================================================================================
AV 71.1 49.5                               7.4 FASTST   M    M   4    MAX(MPH)
                                 MISC ---->    20   M                 29    M
================================================================================
NOTES:
# LAST OF SEVERAL OCCURRENCES

COLUMN 17 PEAK WIND IN M.P.H.

PRELIMINARY LOCAL CLIMATOLOGICAL DATA (WS FORM: F-6) , PAGE 2

                                          STATION:  AURORA
                                          MONTH:    SEPTEMBER
                                          YEAR:     2014
                                          LATITUDE:   40 54 N
                                          LONGITUDE:  97 59 W

[TEMPERATURE DATA]      [PRECIPITATION DATA]       SYMBOLS USED IN COLUMN 16

AVERAGE MONTHLY: 60.3   TOTAL FOR MONTH:   1.46    1 = FOG OR MIST
DPTR FM NORMAL:  -7.0   DPTR FM NORMAL:   -0.19    2 = FOG REDUCING VISIBILITY
HIGHEST:    87 ON  3    GRTST 24HR  0.99 ON  9- 9      TO 1/4 MILE OR LESS
LOWEST:     36 ON 13                               3 = THUNDER
                        SNOW, ICE PELLETS, HAIL    4 = ICE PELLETS
                        TOTAL MONTH:    M          5 = HAIL
                        GRTST 24HR    M  ON   M    6 = FREEZING RAIN OR DRIZZLE
                        GRTST DEPTH:  M  ON   M    7 = DUSTSTORM OR SANDSTORM:
                                                       VSBY 1/2 MILE OR LESS
                                                   8 = SMOKE OR HAZE
[NO. OF DAYS WITH]      [WEATHER - DAYS WITH]      9 = BLOWING SNOW
                                                   X = TORNADO
MAX 32 OR BELOW:   0    0.01 INCH OR MORE:   5
MAX 90 OR ABOVE:   0    0.10 INCH OR MORE:   3
MIN 32 OR BELOW:   0    0.50 INCH OR MORE:   1
MIN  0 OR BELOW:   0    1.00 INCH OR MORE:   0

[HDD (BASE 65) ]
TOTAL THIS MO.   107    CLEAR  (SCALE 0-3)   8
DPTR FM NORMAL    71    PTCLDY (SCALE 4-7)   7
TOTAL FM JUL 1   117    CLOUDY (SCALE 8-10)  2
DPTR FM NORMAL    70

[CDD (BASE 65) ]
TOTAL THIS MO.    31
DPTR FM NORMAL   -45    [PRESSURE DATA]
TOTAL FM JAN 1   892    HIGHEST SLP M ON M
DPTR FM NORMAL   -53    LOWEST  SLP M ON M

[REMARKS]
