000
CXUS53 KGRB 270645
CF6AUW
PRELIMINARY LOCAL CLIMATOLOGICAL DATA (WS FORM: F-6)

                                          STATION:   WAUSAU WI
                                          MONTH:     FEBRUARY
                                          YEAR:      2015
                                          LATITUDE:   44 55 N
                                          LONGITUDE:  89 37 W

  TEMPERATURE IN F:       :PCPN:    SNOW:  WIND      :SUNSHINE: SKY     :PK WND
================================================================================
1   2   3   4   5  6A  6B    7    8   9   10  11  12  13   14  15   16   17  18
                                     12Z  AVG MX 2MIN
DY MAX MIN AVG DEP HDD CDD  WTR  SNW DPTH SPD SPD DIR MIN PSBL S-S WX    SPD DR
================================================================================

 1  16   4  10  -6  55   0 0.00  0.0    9 10.4 17  50   M    M   8        24  40
 2  11  -8   2 -14  63   0 0.00  0.0    9  5.9 16 270   M    M   2        19 280
 3  16  -3   7  -9  58   0 0.02  0.5    9  3.5 10 260   M    M   5 18     11 270
 4  13  -2   6 -10  59   0    T  0.1    9  8.8 21 290   M    M   5 18     27 290
 5  16 -12   2 -14  63   0 0.00  0.0    9  8.0 23 220   M    M   2        30 220
 6  27   7  17   0  48   0 0.00  0.0    9  4.1 14 250   M    M   5        16 250
 7  28  18  23   6  42   0    T    T    9  8.1 17 110   M    M   4 18     23 130
 8  27  20  24   7  41   0 0.00  0.0    9  7.5 13  10   M    M  10 1      18 360
 9  26  11  19   2  46   0 0.00  0.0    9  4.7  9 300   M    M   2        14  40
10  24   7  16  -2  49   0 0.11  1.7   11  7.8 18 150   M    M   4 12     22 140
11  26   8  17  -1  48   0 0.00  0.0   11 13.2 26 290   M    M   8 18     32 280
12  12  -3   5 -13  60   0 0.00  0.0   11  7.7 20 360   M    M   4        25 360
13  20  -5   8 -10  57   0 0.02  0.4   10  8.8 21 310   M    M   9 18     28 340
14  13  -9   2 -17  63   0    T    T   10 14.5 25 360   M    M   5 89     37 360
15   7 -10  -1 -20  66   0 0.00  0.0   10  5.1  9 150   M    M   4        12 150
16  13   5   9 -10  56   0    T  0.2   10  5.8 10 270   M    M  10 18     13 250
17   8  -3   3 -17  62   0    T    T   10  9.0 18 280   M    M   6 8      21 260
18   0 -13  -6 -26  71   0    T    T   10 10.4 20 300   M    M   5 18     25 310
19   2 -18  -8 -28  73   0 0.00  0.0   10  5.4 14 270   M    M   0        20 290
20  14 -17  -1 -22  66   0 0.02  0.7   11  8.5 20 180   M    M   8 18     23 170
21  24   8  16  -5  49   0    T    T   11  6.0 14 350   M    M   9 18     21  10
22   8 -11  -1 -22  66   0 0.00  0.0   11  9.5 17 300   M    M   1        22 310
23   7 -17  -5 -27  70   0    T    T   11  9.6 16 210   M    M   1        24 220
24  30   5  18  -4  47   0    T    T   11 16.3 32 280   M    M   5 8      42 280
25  14  -3   6 -16  59   0 0.00  0.0   11  5.6 13 350   M    M   3        19 350
26  11  -9   1 -22  64   0 0.00  0.0   10  7.1 15 310   M    M   0 18     19 310
================================================================================
SM  413  -50      1501   0  0.17     3.6 211.3          M      125
================================================================================
AV 15.9 -1.9                               8.1 FASTST   M    M   5    MAX(MPH)
                                 MISC ---->  # 32 280               # 42  280
================================================================================
NOTES:
# LAST OF SEVERAL OCCURRENCES

COLUMN 17 PEAK WIND IN M.P.H.

PRELIMINARY LOCAL CLIMATOLOGICAL DATA (WS FORM: F-6) , PAGE 2

                                          STATION:  WAUSAU WI
                                          MONTH:    FEBRUARY
                                          YEAR:     2015
                                          LATITUDE:   44 55 N
                                          LONGITUDE:  89 37 W

[TEMPERATURE DATA]      [PRECIPITATION DATA]       SYMBOLS USED IN COLUMN 16

AVERAGE MONTHLY:  7.0   TOTAL FOR MONTH:   0.17    1 = FOG OR MIST
DPTR FM NORMAL: -11.8   DPTR FM NORMAL:   -0.66    2 = FOG REDUCING VISIBILITY
HIGHEST:    30 ON 24    GRTST 24HR  0.11 ON 10-10      TO 1/4 MILE OR LESS
LOWEST:    -18 ON 19                               3 = THUNDER
                        SNOW, ICE PELLETS, HAIL    4 = ICE PELLETS
                        TOTAL MONTH:   3.6 INCHES  5 = HAIL
                        GRTST 24HR   1.7 ON   M    6 = FREEZING RAIN OR DRIZZLE
                        GRTST DEPTH:  11 ON 25,24  7 = DUSTSTORM OR SANDSTORM:
                                                       VSBY 1/2 MILE OR LESS
                                                   8 = SMOKE OR HAZE
[NO. OF DAYS WITH]      [WEATHER - DAYS WITH]      9 = BLOWING SNOW
                                                   X = TORNADO
MAX 32 OR BELOW:  26    0.01 INCH OR MORE:   4
MAX 90 OR ABOVE:   0    0.10 INCH OR MORE:   1
MIN 32 OR BELOW:  26    0.50 INCH OR MORE:   0
MIN  0 OR BELOW:  16    1.00 INCH OR MORE:   0

[HDD (BASE 65) ]
TOTAL THIS MO.  1501    CLEAR  (SCALE 0-3)   8
DPTR FM NORMAL   300    PTCLDY (SCALE 4-7)  13
TOTAL FM JUL 1  6458    CLOUDY (SCALE 8-10)  5
DPTR FM NORMAL   407

[CDD (BASE 65) ]
TOTAL THIS MO.     0
DPTR FM NORMAL     0    [PRESSURE DATA]
TOTAL FM JAN 1     0    HIGHEST SLP M ON M
DPTR FM NORMAL     0    LOWEST  SLP 29.51 ON 24

[REMARKS]
SNOWFALL AND PRECIPITATION AMOUNTS, AND SNOWDEPTH DURING
MIXED OR ALL SNOW EVENTS PROVIDED BY WSAW-TV.
