000
CXUS52 KGSP 190817
CF6AVL
PRELIMINARY LOCAL CLIMATOLOGICAL DATA (WS FORM: F-6)

                                          STATION:   ASHEVILLE NC
                                          MONTH:     APRIL
                                          YEAR:      2014
                                          LATITUDE:   35 25 N
                                          LONGITUDE:  82 33 W

  TEMPERATURE IN F:       :PCPN:    SNOW:  WIND      :SUNSHINE: SKY     :PK WND
================================================================================
1   2   3   4   5  6A  6B    7    8   9   10  11  12  13   14  15   16   17  18
                                     12Z  AVG MX 2MIN
DY MAX MIN AVG DEP HDD CDD  WTR  SNW DPTH SPD SPD DIR MIN PSBL S-S WX    SPD DR
================================================================================

 1  81  40  61  10   4   0    T  0.0    0  3.5 18 340   M    M   3        22 340
 2  81  38  60   8   5   0 0.00  0.0    0  4.8 20 220   M    M   0        24 210
 3  80  49  65  13   0   0    T  0.0    0  7.4 22 200   M    M   1        30 200
 4  74  54  64  12   1   0 0.01  0.0    0  8.1 25 180   M    M   1        39 180
 5  63  43  53   1  12   0 0.00  0.0    0 12.9 24 340   M    M   2        31 340
 6  57  40  49  -4  16   0 0.03  0.0    0  5.7 16 170   M    M   4        20 180
 7  56  43  50  -3  15   0 1.92  0.0    0  6.4 15 180   M    M  10 1      19 180
 8  55  41  48  -5  17   0 0.00  0.0    0 11.5 28 340   M    M   5 12     38 340
 9  62  36  49  -5  16   0 0.01  0.0    0  8.2 24 330   M    M   3        31 330
10  70  32  51  -3  14   0 0.00  0.0    0  5.8 18 210   M    M   0        24 200
11  73  39  56   2   9   0 0.00  0.0    0  6.9 21 190   M    M   0        27 190
12  76  43  60   6   5   0 0.00  0.0    0  5.0 15 330   M    M   0        20 110
13  77  51  64   9   1   0 0.00  0.0    0  9.2 22 170   M    M   1        29 170
14  65  59  62   7   3   0 0.42  0.0    0  9.4 21 180   M    M   8 1      24 180
15  60  32  46  -9  19   0 0.52  0.0    0 19.6 41 340   M    M   8 1      56 350
16  55  29  42 -13  23   0 0.00  0.0    0 10.5 32 330   M    M   0        42 320
17  59  30  45 -11  20   0 0.00  0.0    0  4.6 15 190   M    M   0        21 170
18  54  38  46 -10  19   0 0.36  0.0    0  2.7 10 330   M    M   5 1      13 320
================================================================================
SM 1198  737       199   0  3.27     0.0 142.2          M       51
================================================================================
AV 66.6 40.9                               7.9 FASTST   M    M   3    MAX(MPH)
                                 MISC ---->  # 41 340               # 56  350
================================================================================
NOTES:
# LAST OF SEVERAL OCCURRENCES

COLUMN 17 PEAK WIND IN M.P.H.

PRELIMINARY LOCAL CLIMATOLOGICAL DATA (WS FORM: F-6) , PAGE 2

                                          STATION:  ASHEVILLE NC
                                          MONTH:    APRIL
                                          YEAR:     2014
                                          LATITUDE:   35 25 N
                                          LONGITUDE:  82 33 W

[TEMPERATURE DATA]      [PRECIPITATION DATA]       SYMBOLS USED IN COLUMN 16

AVERAGE MONTHLY: 53.8   TOTAL FOR MONTH:   3.27    1 = FOG OR MIST
DPTR FM NORMAL:   0.1   DPTR FM NORMAL:    1.28    2 = FOG REDUCING VISIBILITY
HIGHEST:    81 ON  2, 1 GRTST 24HR  1.94 ON  6- 7      TO 1/4 MILE OR LESS
LOWEST:     29 ON 16                               3 = THUNDER
                        SNOW, ICE PELLETS, HAIL    4 = ICE PELLETS
                        TOTAL MONTH:   0.0 INCH    5 = HAIL
                        GRTST 24HR     0.0         6 = FREEZING RAIN OR DRIZZLE
                        GRTST DEPTH:   0           7 = DUSTSTORM OR SANDSTORM:
                                                       VSBY 1/2 MILE OR LESS
                                                   8 = SMOKE OR HAZE
[NO. OF DAYS WITH]      [WEATHER - DAYS WITH]      9 = BLOWING SNOW
                                                   X = TORNADO
MAX 32 OR BELOW:   0    0.01 INCH OR MORE:   7
MAX 90 OR ABOVE:   0    0.10 INCH OR MORE:   4
MIN 32 OR BELOW:   4    0.50 INCH OR MORE:   2
MIN  0 OR BELOW:   0    1.00 INCH OR MORE:   1

[HDD (BASE 65) ]
TOTAL THIS MO.   199    CLEAR  (SCALE 0-3)  11
DPTR FM NORMAL    -9    PTCLDY (SCALE 4-7)   4
TOTAL FM JUL 1  4147    CLOUDY (SCALE 8-10)  3
DPTR FM NORMAL   167

[CDD (BASE 65) ]
TOTAL THIS MO.     0
DPTR FM NORMAL     0    [PRESSURE DATA]
TOTAL FM JAN 1     0    HIGHEST SLP M ON M
DPTR FM NORMAL    -1    LOWEST  SLP 29.60 ON  8

[REMARKS]
