000
CXUS53 KMPX 240700
CF6AXN
PRELIMINARY LOCAL CLIMATOLOGICAL DATA (WS FORM: F-6)

                                          STATION:   ALEXANDRIA MN
                                          MONTH:     MAY
                                          YEAR:      2015
                                          LATITUDE:   45 52 N
                                          LONGITUDE:  95 23 W

  TEMPERATURE IN F:       :PCPN:    SNOW:  WIND      :SUNSHINE: SKY     :PK WND
================================================================================
1   2   3   4   5  6A  6B    7    8   9   10  11  12  13   14  15   16   17  18
                                     12Z  AVG MX 2MIN
DY MAX MIN AVG DEP HDD CDD  WTR  SNW DPTH SPD SPD DIR MIN PSBL S-S WX    SPD DR
================================================================================

 1  72  48  60   9   5   0 0.15    M    M  5.3 18 190   M    M   3        22 200
 2  80  48  64  13   1   0 0.01    M    M 10.8 31 350   M    M   0 3      42 360
 3  69  45  57   5   8   0 0.09    M    M  9.6 22 350   M    M   4 3      30 340
 4  67  44  56   4   9   0 0.00    M    M  6.4 14  20   M    M   0        18  30
 5  75  46  61   8   4   0 0.00    M    M 14.5 26 160   M    M   3        32 160
 6  70  54  62   9   3   0 0.17    M    M 14.7 24 120   M    M   9 138    32 110
 7  69  45  57   4   8   0 0.73  0.0    0 14.1 22 150   M    M   9 138    28 150
 8  53  40  47  -7  18   0    T    M    M 12.7 20 340   M    M   4        26 340
 9  59  36  48  -6  17   0    M    M    M 10.3 18  50   M    M   4        24  40
10  49  39  44 -10  21   0    M    M    M 19.7 30  70   M    M  10 13     37  80
11  49  38  44 -11  21   0 0.13    M    M 13.1 23 340   M    M  10 13     30 330
12  55  36  46  -9  19   0 0.00    M    M 10.4 21 330   M    M   7        27 330
13  69  43  56   1   9   0 0.12    M    M 17.9 29 150   M    M   8        39 140
14  58  49  54  -2  11   0 0.41    M    M 10.6 21 110   M    M   9 1      29 120
15  62  45  54  -2  11   0 0.00    M    M  4.2  7 320   M    M   9 1       M  M
16   M   M   M   M   M   M    M    M    M  6.9 25 120   M    M   9 123    33 120
17  73  40  57   0   8   0 0.99    M    M 18.4 32 220   M    M   8 13     42 260
18  40  34  37 -20  28   0    T    M    M 20.2 31 290   M    M  10 1      41 260
19  56  34  45 -12  20   0 0.00    M    M  9.1 20  20   M    M   2        25  10
20  64  34  49  -9  16   0 0.00    M    M  6.6 16 290   M    M   0        21 270
21  69  46  58   0   7   0 0.00    M    M 10.4 21 330   M    M   0        27 320
22  72  41  57  -1   8   0 0.00    M    M  5.2 12 210   M    M   0        17 230
23   M   M   M   M   M   M    M    M    M   M   M   M   M    M   M         M  M
================================================================================
SM 1330  885       252   0  2.80     0.0 251.1          M      118
================================================================================
AV 63.3 42.1                              11.4 FASTST   M    M   5    MAX(MPH)
                                 MISC ---->  # 32 220               # 42  360
================================================================================
NOTES:
# LAST OF SEVERAL OCCURRENCES

COLUMN 17 PEAK WIND IN M.P.H.

PRELIMINARY LOCAL CLIMATOLOGICAL DATA (WS FORM: F-6) , PAGE 2

                                          STATION:  ALEXANDRIA MN
                                          MONTH:    MAY
                                          YEAR:     2015
                                          LATITUDE:   45 52 N
                                          LONGITUDE:  95 23 W

[TEMPERATURE DATA]      [PRECIPITATION DATA]       SYMBOLS USED IN COLUMN 16

AVERAGE MONTHLY: 52.7   TOTAL FOR MONTH:   2.80    1 = FOG OR MIST
DPTR FM NORMAL:  -2.2   DPTR FM NORMAL:    0.75    2 = FOG REDUCING VISIBILITY
HIGHEST:    80 ON  2    GRTST 24HR  1.45 ON 16-17      TO 1/4 MILE OR LESS
LOWEST:     34 ON 20,19                            3 = THUNDER
                        SNOW, ICE PELLETS, HAIL    4 = ICE PELLETS
                        TOTAL MONTH:   0.0 INCH    5 = HAIL
                        GRTST 24HR     0.0         6 = FREEZING RAIN OR DRIZZLE
                        GRTST DEPTH:   0           7 = DUSTSTORM OR SANDSTORM:
                                                       VSBY 1/2 MILE OR LESS
                                                   8 = SMOKE OR HAZE
[NO. OF DAYS WITH]      [WEATHER - DAYS WITH]      9 = BLOWING SNOW
                                                   X = TORNADO
MAX 32 OR BELOW:   0    0.01 INCH OR MORE:   9
MAX 90 OR ABOVE:   0    0.10 INCH OR MORE:   7
MIN 32 OR BELOW:   0    0.50 INCH OR MORE:   2
MIN  0 OR BELOW:   0    1.00 INCH OR MORE:   0

[HDD (BASE 65) ]
TOTAL THIS MO.   252    CLEAR  (SCALE 0-3)   7
DPTR FM NORMAL    10    PTCLDY (SCALE 4-7)   7
TOTAL FM JUL 1  8335    CLOUDY (SCALE 8-10)  8
DPTR FM NORMAL  -296

[CDD (BASE 65) ]
TOTAL THIS MO.     0
DPTR FM NORMAL   -12    [PRESSURE DATA]
TOTAL FM JAN 1     0    HIGHEST SLP M ON M
DPTR FM NORMAL   -14    LOWEST  SLP 29.46 ON 17

[REMARKS]
