000
CXUS55 KLBF 011200
CF6BBW
PRELIMINARY LOCAL CLIMATOLOGICAL DATA (WS FORM: F-6)

                                          STATION:   BROKEN BOW NE
                                          MONTH:     JUNE
                                          YEAR:      2015
                                          LATITUDE:   41 26 N
                                          LONGITUDE:  99 39 W

  TEMPERATURE IN F:       :PCPN:    SNOW:  WIND      :SUNSHINE: SKY     :PK WND
================================================================================
1   2   3   4   5  6A  6B    7    8   9   10  11  12  13   14  15   16   17  18
                                     12Z  AVG MX 2MIN
DY MAX MIN AVG DEP HDD CDD  WTR  SNW DPTH SPD SPD DIR MIN PSBL S-S WX    SPD DR
================================================================================

 1  79  52  66   2   0   1 0.00    M    M 13.6 24 180   M    M   4        31 180
 2  81  60  71   7   0   6 0.45    M    M 12.9 46 320   M    M   4 138    55 320
 3  80  60  70   5   0   5 0.81    M    M  9.2 33  30   M    M   3 13     42 330
 4  79  64  72   7   0   7    T    M    M  7.9 18  60   M    M   9 13     25 100
 5  79  62  71   6   0   6    T    M    M  7.6 18 140   M    M   5 1      23 140
 6  88  65  77  11   0  12    T    M    M 11.7 23 180   M    M   4        30 210
 7  80  62  71   5   0   6 0.13    M    M  6.9 21 260   M    M   3 13     27 260
 8  88  59  74   8   0   9 0.00    M    M  7.4 20 340   M    M   0        26 320
 9  95  60  78  11   0  13 0.00    M    M  5.4 17 250   M    M   0        21 260
10  91  64  78  11   0  13 1.03    M    M  8.7 40 230   M    M   3 13     52 240
11  66  59  63  -4   2   0 0.35    M    M 11.1 21 360   M    M   8 1      25  10
12  72  57  65  -3   0   0 0.00    M    M  6.8 13  30   M    M   4 1      16  30
13  80  55  68   0   0   3 0.00    M    M  6.9 16 160   M    M   2 1      28 200
14  82  60  71   3   0   6 0.99    M    0  6.2 26  30   M    M   2 13     33  30
15  76  59  68   0   0   3 0.19    M    M 10.4 20  10   M    M   4 13     24 360
16  79  54  67  -2   0   2 0.33    M    M 10.6 29 350   M    M   2 3      34 350
17  81  59  70   1   0   5 0.04    M    M  7.0 22 160   M    M   1 1      27 150
18  74  57  66  -3   0   1 0.59    M    M  5.6 37 320   M    M   6 13     51 320
19  83  54  69  -1   0   4    T    M    M 11.3 24 180   M    M   4 1      32 180
20  84  67  76   6   0  11 0.00    M    M  9.6 20  30   M    M   0        26  10
21  83  63  73   3   0   8 0.07    M    M  9.1 33  10   M    M   0 13     43 360
22  82  57  70  -1   0   5 0.00    M    M 12.4 26 360   M    M   1 1      34 350
23  74  53  64  -7   1   0    T    M    M  5.9 15 120   M    M   5 3      24 110
24  84  59  72   1   0   7 0.01    M    M  8.5 25  10   M    M   1 3      32  10
25  83  61  72   1   0   7 0.07    M    M  7.2 21 340   M    M   2 1      25 340
26  81  61  71  -1   0   6 0.25    M    M  7.1 16  10   M    M   4 1      22 360
27  86  55  71  -1   0   6 0.00    M    M  2.5 13 320   M    M   1        19 350
28  85  58  72   0   0   7 0.00    M    M  7.9 21 360   M    M   1        26 350
29  90  55  73   1   0   8 0.00    M    M  4.1 16 350   M    M   0        22 340
30  92  61  77   4   0  12    T    M    M  5.8 14 100   M    M   0        27 100
================================================================================
SM 2457 1772         3 179  5.31    M    247.3          M       83
================================================================================
AV 81.9 59.1                               8.2 FASTST   M    M   3    MAX(MPH)
                                 MISC ---->  # 46 320               # 55  320
================================================================================
NOTES:
# LAST OF SEVERAL OCCURRENCES

COLUMN 17 PEAK WIND IN M.P.H.

PRELIMINARY LOCAL CLIMATOLOGICAL DATA (WS FORM: F-6) , PAGE 2

                                          STATION:  BROKEN BOW NE
                                          MONTH:    JUNE
                                          YEAR:     2015
                                          LATITUDE:   41 26 N
                                          LONGITUDE:  99 39 W

[TEMPERATURE DATA]      [PRECIPITATION DATA]       SYMBOLS USED IN COLUMN 16

AVERAGE MONTHLY: 70.5   TOTAL FOR MONTH:   5.31    1 = FOG OR MIST
DPTR FM NORMAL:   2.0   DPTR FM NORMAL:    1.31    2 = FOG REDUCING VISIBILITY
HIGHEST:    95 ON  9    GRTST 24HR  1.38 ON 10-11      TO 1/4 MILE OR LESS
LOWEST:     52 ON  1                               3 = THUNDER
                        SNOW, ICE PELLETS, HAIL    4 = ICE PELLETS
                        TOTAL MONTH:    M          5 = HAIL
                        GRTST 24HR    M  ON   M    6 = FREEZING RAIN OR DRIZZLE
                        GRTST DEPTH:   0           7 = DUSTSTORM OR SANDSTORM:
                                                       VSBY 1/2 MILE OR LESS
                                                   8 = SMOKE OR HAZE
[NO. OF DAYS WITH]      [WEATHER - DAYS WITH]      9 = BLOWING SNOW
                                                   X = TORNADO
MAX 32 OR BELOW:   0    0.01 INCH OR MORE:  14
MAX 90 OR ABOVE:   4    0.10 INCH OR MORE:  10
MIN 32 OR BELOW:   0    0.50 INCH OR MORE:   4
MIN  0 OR BELOW:   0    1.00 INCH OR MORE:   1

[HDD (BASE 65) ]
TOTAL THIS MO.     3    CLEAR  (SCALE 0-3)  18
DPTR FM NORMAL   -43    PTCLDY (SCALE 4-7)  11
TOTAL FM JUL 1  6072    CLOUDY (SCALE 8-10)  1
DPTR FM NORMAL  -579

[CDD (BASE 65) ]
TOTAL THIS MO.   179
DPTR FM NORMAL    27    [PRESSURE DATA]
TOTAL FM JAN 1   194    HIGHEST SLP 30.19 ON 15
DPTR FM NORMAL     8    LOWEST  SLP 29.55 ON 22

[REMARKS]
#FINAL-06-15#
