000
CXUS55 KBOU 251946
CF6BDU
PRELIMINARY LOCAL CLIMATOLOGICAL DATA (WS FORM: F-6)

                                          STATION:   Boulder Airport
                                          MONTH:     MARCH
                                          YEAR:      2017
                                          LATITUDE:   40  2 N
                                          LONGITUDE: 105 14 W

  TEMPERATURE IN F:       :PCPN:    SNOW:  WIND      :SUNSHINE: SKY     :PK WND
================================================================================
1   2   3   4   5  6A  6B    7    8   9   10  11  12  13   14  15   16   17  18
                                     12Z  AVG MX 2MIN
DY MAX MIN AVG DEP HDD CDD  WTR  SNW DPTH SPD SPD DIR MIN PSBL S-S WX    SPD DR
================================================================================

 1  43  25  34   M  31   0    M    M    M  9.7 17 280   M    M   0        33 270
 2  52  28  40   M  25   0    M    M    M  8.3 24 290   M    M   0        31 290
 3  63  30  47   M  18   0    M    M    M  8.5 21 280   M    M   0        25 280
 4  68  32  50   M  15   0    M    M    M  5.6 17 270   M    M   0        23 270
 5  63  37  50   M  15   0    M    M    M  3.7 12 170   M    M   0        20 170
 6  52  28  40   M  25   0    M    M    M 17.9 31 260   M    M   4        56 260
 7  50  30  40   M  25   0    M    M    M  9.7 22 290   M    M   2        38 240
 8  66  37  52   M  13   0    M    M    M  8.5 29 250   M    M   0        51 250
 9  70  36  53   M  12   0    M    M    M  8.5 16 300   M    M   0        31 290
10  63  27  45   M  20   0    M    M    M  3.0  7 230   M    M   1         M  M
11  46  36  41   M  24   0    M    M    M  2.4  8 170   M    M   7         M  M
12  61  32  47   M  18   0    M    M    M 10.7 40 270   M    M   3        47 270
13  55  30  43   M  22   0    M    M    M  2.9  9 360   M    M   1         M  M
14  72  43  58   M   7   0    M    M    M 10.7 20 280   M    M   0        35 280
15  77  36  57   M   8   0    M    M    M  7.1 20 290   M    M   0        25 250
16  73  48  61   M   4   0    M    M    M  6.5 22 250   M    M   0        33 290
17  70  43  57   M   8   0    M    M    M  3.6 12  50   M    M   0        17  80
18  81  37  59   M   6   0    M    M    M  3.8  9  40   M    M   0         M  M
19  77  54  66   M   0   1    M    M    M  6.9 17 230   M    M   0 8      30 230
20  75  52  64   M   1   0    M    M    M  5.0 21 220   M    M   1        29 220
21  59  37  48   M  17   0    M    M    M  3.0  8 340   M    M   4         M  M
22  68  36  52   M  13   0    M    M    M  1.5  5 120   M    M   0         M  M
23  75  39  57   M   8   0    M    M    M 10.2 29  10   M    M   2        40  10
24  55  37  46   M  19   0    M    M    M  9.9 20  20   M    M   7        29  50
================================================================================
SM 1534  870       354   1    M     M    167.6          M       32
================================================================================
AV 63.9 36.3                               7.0 FASTST   M    M   1    MAX(MPH)
                                 MISC ---->    40   M                 56    M
================================================================================
NOTES:
# LAST OF SEVERAL OCCURRENCES

COLUMN 17 PEAK WIND IN M.P.H.

PRELIMINARY LOCAL CLIMATOLOGICAL DATA (WS FORM: F-6) , PAGE 2

                                          STATION:  Boulder Airport
                                          MONTH:    MARCH
                                          YEAR:     2017
                                          LATITUDE:   40  2 N
                                          LONGITUDE: 105 14 W

[TEMPERATURE DATA]      [PRECIPITATION DATA]       SYMBOLS USED IN COLUMN 16

AVERAGE MONTHLY: 50.1   TOTAL FOR MONTH:      M    1 = FOG OR MIST
DPTR FM NORMAL:     M   DPTR FM NORMAL:       M    2 = FOG REDUCING VISIBILITY
HIGHEST:    81 ON 18    GRTST 24HR    M  ON   M        TO 1/4 MILE OR LESS
LOWEST:     25 ON  1                               3 = THUNDER
                        SNOW, ICE PELLETS, HAIL    4 = ICE PELLETS
                        TOTAL MONTH:    M          5 = HAIL
                        GRTST 24HR    M  ON   M    6 = FREEZING RAIN OR DRIZZLE
                        GRTST DEPTH:  M  ON   M    7 = DUSTSTORM OR SANDSTORM:
                                                       VSBY 1/2 MILE OR LESS
                                                   8 = SMOKE OR HAZE
[NO. OF DAYS WITH]      [WEATHER - DAYS WITH]      9 = BLOWING SNOW
                                                   X = TORNADO
MAX 32 OR BELOW:   0    0.01 INCH OR MORE:   0
MAX 90 OR ABOVE:   0    0.10 INCH OR MORE:   0
MIN 32 OR BELOW:   9    0.50 INCH OR MORE:   0
MIN  0 OR BELOW:   0    1.00 INCH OR MORE:   0

[HDD (BASE 65) ]
TOTAL THIS MO.   354    CLEAR  (SCALE 0-3)  20
DPTR FM NORMAL     M    PTCLDY (SCALE 4-7)   4
TOTAL FM JUL 1  3834    CLOUDY (SCALE 8-10)  0
DPTR FM NORMAL     M

[CDD (BASE 65) ]
TOTAL THIS MO.     1
DPTR FM NORMAL     M    [PRESSURE DATA]
TOTAL FM JAN 1     3    HIGHEST SLP M ON M
DPTR FM NORMAL     M    LOWEST  SLP M ON M

[REMARKS]
