000
CXUS56 KHNX 261146
CF6BFL
PRELIMINARY LOCAL CLIMATOLOGICAL DATA (WS FORM: F-6)

                                          STATION:   BAKERSFIELD CA
                                          MONTH:     JANUARY
                                          YEAR:      2015
                                          LATITUDE:   35 25 N
                                          LONGITUDE: 119  3 W

  TEMPERATURE IN F:       :PCPN:    SNOW:  WIND      :SUNSHINE: SKY     :PK WND
================================================================================
1   2   3   4   5  6A  6B    7    8   9   10  11  12  13   14  15   16   17  18
                                     12Z  AVG MX 2MIN
DY MAX MIN AVG DEP HDD CDD  WTR  SNW DPTH SPD SPD DIR MIN PSBL S-S WX    SPD DR
================================================================================

 1  54  28  41  -6  24   0 0.00  0.0    0  4.4 10 280   M    M   0        13  80
 2  54  30  42  -5  23   0 0.00  0.0    0  4.0  9 270   M    M   0        11 280
 3  55  31  43  -4  22   0 0.00  0.0    0  2.0  8 360   M    M   0 8      10 290
 4  58  31  45  -2  20   0 0.00  0.0    0  3.5 15 350   M    M   0 8      16 350
 5  59  33  46  -1  19   0 0.00  0.0    0  2.4  9 120   M    M   0 18     10 110
 6  64  37  51   4  14   0 0.00  0.0    0  2.6 10  20   M    M   0 18     12  10
 7  65  39  52   5  13   0 0.00  0.0    0  3.0  9  50   M    M   0 18     12 330
 8  69  44  57  10   8   0 0.00  0.0    0  2.6  8 280   M    M   0 18     11 270
 9  67  48  58  11   7   0 0.00  0.0    0  3.5  8  80   M    M   0 18     11 320
10  63  48  56   9   9   0 0.01  0.0    0  2.3  8 190   M    M   4 18     11 200
11  58  49  54   7  11   0 0.63  0.0    0  3.3 13 320   M    M   8 18     13 320
12  60  44  52   5  13   0 0.00  0.0    0  2.8  9 320   M    M   5 18     14 270
13  62  44  53   6  12   0 0.00  0.0    0  3.7  9 310   M    M   4 128    11 310
14  66  43  55   8  10   0 0.00  0.0    0  2.6  9 300   M    M   4 128    14 340
15  59  44  52   5  13   0 0.00  0.0    0  5.0 13 340   M    M   7 128    14 330
16  61  43  52   4  13   0 0.00  0.0    0  3.9 14 160   M    M   4 18     17 360
17  52  41  47  -1  18   0 0.00  0.0    0  3.3 12 140   M    M   7 128    12 320
18  54  45  50   2  15   0 0.00  0.0    0  5.3 18 330   M    M   8 128    21 330
19  49  44  47  -1  18   0 0.00  0.0    0  3.4  7 270   M    M  10 128     9 140
20  50  46  48   0  17   0 0.00  0.0    0  2.6  5 290   M    M  10 1       M  M
21  51  47  49   1  16   0 0.00  0.0    0  2.3  7 320   M    M  10 1      13 240
22  57  39  48   0  17   0 0.00  0.0    0  3.7  9 330   M    M   3 18     13 330
23  56  39  48   0  17   0 0.00  0.0    0  2.4  9  10   M    M   5 128    11  10
24  49  36  43  -5  22   0 0.00  0.0    0  3.1 10 300   M    M   7 128    11 280
25  56  40  48  -1  17   0 0.00  0.0    0  2.8 10 330   M    M   6 128    14 250
================================================================================
SM 1448 1013       388   0  0.64     0.0  80.5          M      102
================================================================================
AV 57.9 40.5                               3.2 FASTST   M    M   4    MAX(MPH)
                                 MISC ---->  # 18 330               # 21  330
================================================================================
NOTES:
# LAST OF SEVERAL OCCURRENCES

COLUMN 17 PEAK WIND IN M.P.H.

PRELIMINARY LOCAL CLIMATOLOGICAL DATA (WS FORM: F-6) , PAGE 2

                                          STATION:  BAKERSFIELD CA
                                          MONTH:    JANUARY
                                          YEAR:     2015
                                          LATITUDE:   35 25 N
                                          LONGITUDE: 119  3 W

[TEMPERATURE DATA]      [PRECIPITATION DATA]       SYMBOLS USED IN COLUMN 16

AVERAGE MONTHLY: 49.2   TOTAL FOR MONTH:   0.64    1 = FOG OR MIST
DPTR FM NORMAL:   1.8   DPTR FM NORMAL:   -0.28    2 = FOG REDUCING VISIBILITY
HIGHEST:    69 ON  8    GRTST 24HR  0.64 ON 10-11      TO 1/4 MILE OR LESS
LOWEST:     28 ON  1                               3 = THUNDER
                        SNOW, ICE PELLETS, HAIL    4 = ICE PELLETS
                        TOTAL MONTH:   0.0 INCH    5 = HAIL
                        GRTST 24HR     0.0         6 = FREEZING RAIN OR DRIZZLE
                        GRTST DEPTH:   0           7 = DUSTSTORM OR SANDSTORM:
                                                       VSBY 1/2 MILE OR LESS
                                                   8 = SMOKE OR HAZE
[NO. OF DAYS WITH]      [WEATHER - DAYS WITH]      9 = BLOWING SNOW
                                                   X = TORNADO
MAX 32 OR BELOW:   0    0.01 INCH OR MORE:   2
MAX 90 OR ABOVE:   0    0.10 INCH OR MORE:   1
MIN 32 OR BELOW:   4    0.50 INCH OR MORE:   1
MIN  0 OR BELOW:   0    1.00 INCH OR MORE:   0

[HDD (BASE 65) ]
TOTAL THIS MO.   388    CLEAR  (SCALE 0-3)   9
DPTR FM NORMAL   -51    PTCLDY (SCALE 4-7)  13
TOTAL FM JUL 1   907    CLOUDY (SCALE 8-10)  3
DPTR FM NORMAL  -423

[CDD (BASE 65) ]
TOTAL THIS MO.     0
DPTR FM NORMAL     0    [PRESSURE DATA]
TOTAL FM JAN 1     0    HIGHEST SLP M ON M
DPTR FM NORMAL     0    LOWEST  SLP 29.94 ON 10

[REMARKS]
