000
CXUS56 KHNX 231146
CF6BFL
PRELIMINARY LOCAL CLIMATOLOGICAL DATA (WS FORM: F-6)

                                          STATION:   BAKERSFIELD CA
                                          MONTH:     MARCH
                                          YEAR:      2017
                                          LATITUDE:   35 25 N
                                          LONGITUDE: 119  3 W

  TEMPERATURE IN F:       :PCPN:    SNOW:  WIND      :SUNSHINE: SKY     :PK WND
================================================================================
1   2   3   4   5  6A  6B    7    8   9   10  11  12  13   14  15   16   17  18
                                     12Z  AVG MX 2MIN
DY MAX MIN AVG DEP HDD CDD  WTR  SNW DPTH SPD SPD DIR MIN PSBL S-S WX    SPD DR
================================================================================

 1  64  36  50  -6  15   0 0.00  0.0    0  3.4  8 360   M    M   0        11 360
 2  69  38  54  -2  11   0 0.00  0.0    0  2.5  9  50   M    M   0 18     12 340
 3  70  40  55  -1  10   0 0.00  0.0    0  2.7  9 360   M    M   0 18     12 350
 4  73  44  59   3   6   0 0.00  0.0    0  6.3 15 360   M    M   0 8      18 350
 5  60  40  50  -6  15   0 0.04  0.0    0  9.5 29 280   M    M   6        37 310
 6  58  34  46 -10  19   0 0.00  0.0    0  4.3 10 310   M    M   0        14  10
 7  64  38  51  -6  14   0 0.00  0.0    0  3.3  9  10   M    M   0        14 320
 8  66  42  54  -3  11   0 0.00  0.0    0  2.5  7  30   M    M   0        12 210
 9  74  44  59   2   6   0 0.00  0.0    0  4.1 12 360   M    M   0 18     16 340
10  72  49  61   4   4   0 0.00  0.0    0  2.8  7  90   M    M   0 18      9 280
11  76  49  63   6   2   0 0.00  0.0    0  4.2 10  20   M    M   0 18     14 330
12  76  54  65   8   0   0 0.00  0.0    0  3.0 10 240   M    M   2 18     13 240
13  80  53  67  10   0   2 0.00  0.0    0  2.6  8 300   M    M   0 18     11 320
14  85  53  69  11   0   4 0.00  0.0    0  3.1  8  90   M    M   0 18     11  80
15  90  55  73  15   0   8 0.00  0.0    0  5.0 15 300   M    M   0        18 300
16  76  51  64   6   1   0 0.00  0.0    0  3.2 10 300   M    M   0        14 300
17  81  54  68  10   0   3 0.00  0.0    0  3.7  9  50   M    M   0        11 280
18  83  56  70  12   0   5 0.00  0.0    0  4.7 14 310   M    M   0        17 310
19  76  52  64   6   1   0 0.00  0.0    0  2.7 14 280   M    M   0        15 280
20  75  54  65   7   0   0 0.00  0.0    0  7.9 21 360   M    M   0        25 360
21  75  58  67   9   0   2 0.03  0.0    0  7.6 20 350   M    M   6        24 350
22  68  51  60   2   5   0 0.04  0.0    0  5.4 31 320   M    M   6 3      37 310
================================================================================
SM 1611 1045       120  24  0.11     0.0  94.5          M       20
================================================================================
AV 73.2 47.5                               4.3 FASTST   M    M   1    MAX(MPH)
                                 MISC ---->  # 31 320               # 37  310
================================================================================
NOTES:
# LAST OF SEVERAL OCCURRENCES

COLUMN 17 PEAK WIND IN M.P.H.

PRELIMINARY LOCAL CLIMATOLOGICAL DATA (WS FORM: F-6) , PAGE 2

                                          STATION:  BAKERSFIELD CA
                                          MONTH:    MARCH
                                          YEAR:     2017
                                          LATITUDE:   35 25 N
                                          LONGITUDE: 119  3 W

[TEMPERATURE DATA]      [PRECIPITATION DATA]       SYMBOLS USED IN COLUMN 16

AVERAGE MONTHLY: 60.4   TOTAL FOR MONTH:   0.11    1 = FOG OR MIST
DPTR FM NORMAL:   3.2   DPTR FM NORMAL:   -0.80    2 = FOG REDUCING VISIBILITY
HIGHEST:    90 ON 15    GRTST 24HR  0.04 ON 22-22      TO 1/4 MILE OR LESS
LOWEST:     34 ON  6                               3 = THUNDER
                        SNOW, ICE PELLETS, HAIL    4 = ICE PELLETS
                        TOTAL MONTH:   0.0 INCH    5 = HAIL
                        GRTST 24HR     0.0         6 = FREEZING RAIN OR DRIZZLE
                        GRTST DEPTH:   0           7 = DUSTSTORM OR SANDSTORM:
                                                       VSBY 1/2 MILE OR LESS
                                                   8 = SMOKE OR HAZE
[NO. OF DAYS WITH]      [WEATHER - DAYS WITH]      9 = BLOWING SNOW
                                                   X = TORNADO
MAX 32 OR BELOW:   0    0.01 INCH OR MORE:   3
MAX 90 OR ABOVE:   1    0.10 INCH OR MORE:   0
MIN 32 OR BELOW:   0    0.50 INCH OR MORE:   0
MIN  0 OR BELOW:   0    1.00 INCH OR MORE:   0

[HDD (BASE 65) ]
TOTAL THIS MO.   120    CLEAR  (SCALE 0-3)  19
DPTR FM NORMAL   -58    PTCLDY (SCALE 4-7)   3
TOTAL FM JUL 1  1488    CLOUDY (SCALE 8-10)  0
DPTR FM NORMAL  -464

[CDD (BASE 65) ]
TOTAL THIS MO.    24
DPTR FM NORMAL    24    [PRESSURE DATA]
TOTAL FM JAN 1    26    HIGHEST SLP M ON M
DPTR FM NORMAL    26    LOWEST  SLP 29.86 ON  5

[REMARKS]
