000
CXUS54 KAMA 281015
CF6BGD
PRELIMINARY LOCAL CLIMATOLOGICAL DATA (WS FORM: F-6)

                                          STATION:   BORGER
                                          MONTH:     MARCH
                                          YEAR:      2015
                                          LATITUDE:   35 42 N
                                          LONGITUDE: 101 24 W

  TEMPERATURE IN F:       :PCPN:    SNOW:  WIND      :SUNSHINE: SKY     :PK WND
================================================================================
1   2   3   4   5  6A  6B    7    8   9   10  11  12  13   14  15   16   17  18
                                     12Z  AVG MX 2MIN
DY MAX MIN AVG DEP HDD CDD  WTR  SNW DPTH SPD SPD DIR MIN PSBL S-S WX    SPD DR
================================================================================

 1  34  25  30 -15  35   0 0.00  0.0    T  5.9 15 190   M    M  10 1      19 200
 2  40  28  34 -11  31   0 0.00  0.0    T 10.0 21 200   M    M   8 1      26 210
 3  54  36  45  -1  20   0    T  0.0    0 10.7 22 220   M    M   5 1      34 220
 4  36  21  29 -17  36   0 0.01    T    0 14.8 24  20   M    M  10 168    30  30
 5  49  18  34 -12  31   0 0.00  0.0    0 10.0 20 240   M    M   0        24 230
 6  65  29  47   1  18   0 0.00  0.0    0  9.8 16 180   M    M   0        23 220
 7  68  32  50   3  15   0 0.00  0.0    0  7.8 14 190   M    M   0        20 190
 8  69  41  55   8  10   0 0.00  0.0    0  7.3 17 160   M    M   2        23 130
 9  65  43  54   7  11   0 0.00  0.0    0  5.6 15 160   M    M   3        24  50
10  71  38  55   7  10   0 0.00  0.0    0  4.3 16 180   M    M   1 18     20 180
11  74  41  58  10   7   0 0.00  0.0    0  7.7 20 180   M    M   0        27 170
12  72  42  57   9   8   0 0.00  0.0    0  9.0 17 180   M    M   0        23 190
13  74  39  57   8   8   0 0.00  0.0    0 10.8 28  30   M    M   0        35  40
14  67  43  55   6  10   0 0.00  0.0    0  9.7 22  40   M    M   0        28  20
15  74  33  54   5  11   0 0.00  0.0    0  7.8 15 200   M    M   0        24 200
16  86  50  68  18   0   3 0.00  0.0    0 14.6 28 240   M    M   0        37 240
17  64  40  52   2  13   0 0.02  0.0    0 14.9 29  20   M    M   5        37  10
18  64  42  53   3  12   0 0.03  0.0    0  5.8 14 130   M    M   7 8      20 190
19  53  44  49  -2  16   0 0.21  0.0    0 10.5 20  30   M    M  10 12     26  30
20  64  43  54   3  11   0 0.00  0.0    0  3.7  9 200   M    M   7        12 200
21  70  43  57   6   8   0 0.00  0.0    0  6.3 17 170   M    M   2        24 180
22  81  47  64  12   1   0 0.00  0.0    0  7.8 20 180   M    M   0        26 180
23  79  45  62  10   3   0 0.00  0.0    0  7.8 18 180   M    M   0        25 180
24  77  49  63  11   2   0 0.00  0.0    0  9.2 22 340   M    M   0        31 330
25  71  41  56   4   9   0 0.00  0.0    0 17.0 40  10   M    M   2        49  10
26  67  33  50  -3  15   0 0.00  0.0    0  6.6 20 250   M    M   1        26 270
27  74  42  58   5   7   0 0.00  0.0    0  6.2 22 180   M    M   0        27 180
================================================================================
SM 1762 1028       358   3  0.27    T    241.6          M       73
================================================================================
AV 65.3 38.1                               8.9 FASTST   M    M   3    MAX(MPH)
                                 MISC ---->  # 40  10               # 49   10
================================================================================
NOTES:
# LAST OF SEVERAL OCCURRENCES

COLUMN 17 PEAK WIND IN M.P.H.

PRELIMINARY LOCAL CLIMATOLOGICAL DATA (WS FORM: F-6) , PAGE 2

                                          STATION:  BORGER
                                          MONTH:    MARCH
                                          YEAR:     2015
                                          LATITUDE:   35 42 N
                                          LONGITUDE: 101 24 W

[TEMPERATURE DATA]      [PRECIPITATION DATA]       SYMBOLS USED IN COLUMN 16

AVERAGE MONTHLY: 51.7   TOTAL FOR MONTH:   0.27    1 = FOG OR MIST
DPTR FM NORMAL:   2.7   DPTR FM NORMAL:   -0.91    2 = FOG REDUCING VISIBILITY
HIGHEST:    86 ON 16    GRTST 24HR  0.21 ON 19-19      TO 1/4 MILE OR LESS
LOWEST:     18 ON  5                               3 = THUNDER
                        SNOW, ICE PELLETS, HAIL    4 = ICE PELLETS
                        TOTAL MONTH:    T          5 = HAIL
                        GRTST 24HR    T  ON  4- 4  6 = FREEZING RAIN OR DRIZZLE
                        GRTST DEPTH:   0           7 = DUSTSTORM OR SANDSTORM:
                                                       VSBY 1/2 MILE OR LESS
                                                   8 = SMOKE OR HAZE
[NO. OF DAYS WITH]      [WEATHER - DAYS WITH]      9 = BLOWING SNOW
                                                   X = TORNADO
MAX 32 OR BELOW:   0    0.01 INCH OR MORE:   4
MAX 90 OR ABOVE:   0    0.10 INCH OR MORE:   1
MIN 32 OR BELOW:   6    0.50 INCH OR MORE:   0
MIN  0 OR BELOW:   0    1.00 INCH OR MORE:   0

[HDD (BASE 65) ]
TOTAL THIS MO.   358    CLEAR  (SCALE 0-3)  18
DPTR FM NORMAL   -80    PTCLDY (SCALE 4-7)   6
TOTAL FM JUL 1  3230    CLOUDY (SCALE 8-10)  3
DPTR FM NORMAL  -201

[CDD (BASE 65) ]
TOTAL THIS MO.     3
DPTR FM NORMAL     3    [PRESSURE DATA]
TOTAL FM JAN 1     3    HIGHEST SLP M ON M
DPTR FM NORMAL     3    LOWEST  SLP 29.71 ON M

[REMARKS]
