000
CXUS55 KBYZ 221055
CF6BHK
PRELIMINARY LOCAL CLIMATOLOGICAL DATA (WS FORM: F-6)

                                          STATION:   BAKER MT
                                          MONTH:     OCTOBER
                                          YEAR:      2014
                                          LATITUDE:   46 20 N
                                          LONGITUDE: 104 15 W

  TEMPERATURE IN F:       :PCPN:    SNOW:  WIND      :SUNSHINE: SKY     :PK WND
================================================================================
1   2   3   4   5  6A  6B    7    8   9   10  11  12  13   14  15   16   17  18
                                     12Z  AVG MX 2MIN
DY MAX MIN AVG DEP HDD CDD  WTR  SNW DPTH SPD SPD DIR MIN PSBL S-S WX    SPD DR
================================================================================

 1  56  37  47  -3  18   0 0.01    M    M 13.0 25 290   M    M   7 1      35 280
 2  53  34  44  -6  21   0 0.01    M    M 17.0 32 320   M    M   7        41 320
 3  49  28  39 -10  26   0 0.00    M    M 15.7 31 320   M    M   2        42 320
 4  63  31  47  -2  18   0 0.00    M    M  8.8 25 310   M    M   8        32 310
 5  64  39  52   4  13   0    T    M    M 18.3 36 320   M    M   5        45 320
 6  66  39  53   5  12   0 0.01    M    M 14.5 28 300   M    M   4        35 310
 7  57  34  46  -2  19   0 0.00    M    M 10.0 23 290   M    M   6        31 290
 8  62  31  47   0  18   0 0.00    M    M 10.4 22 120   M    M   3        27 120
 9  58  31  45  -2  20   0 0.00    M    M  8.6 16 120   M    M   0        21 130
10  62  30  46   0  19   0 0.00    M    M 13.0 22 160   M    M   0        29 140
11  73  35  54   8  11   0    T    M    M  6.9 22 270   M    M   2        28 270
12  59  36  48   2  17   0 0.13    M    M 14.6 29 330   M    M   5        35 330
13  62  32  47   2  18   0 0.00    M    M  6.3 18 310   M    M   0        24 320
14  74  32  53   8  12   0 0.00    M    M  9.2 18 210   M    M   0        24 210
15  76  38  57  13   8   0 0.00    M    M  6.1 21 280   M    M   0        26 280
16  55  41  48   4  17   0    T    M    M 19.9 36 310   M    M   7        46 310
17  56  33  45   1  20   0 0.00    M    M  6.2 14 130   M    M   5        16 130
18  70  35  53  10  12   0 0.00    M    M  9.0 20 150   M    M   0 8      26 140
19  70  33  52   9  13   0 0.00    M    M  5.1 16 280   M    M   0        19 320
20  77  41  59  17   6   0 0.00    M    M 10.6 20 160   M    M   0        23 160
21  81  38  60  18   5   0 0.03    M    M  9.3 26 300   M    M   1 3      34 300
================================================================================
SM 1343  728       323   0  0.19    M    232.5          M       62
================================================================================
AV 64.0 34.7                              11.1 FASTST   M    M   3    MAX(MPH)
                                 MISC ---->  # 36 320               # 46  310
================================================================================
NOTES:
# LAST OF SEVERAL OCCURRENCES

COLUMN 17 PEAK WIND IN M.P.H.

PRELIMINARY LOCAL CLIMATOLOGICAL DATA (WS FORM: F-6) , PAGE 2

                                          STATION:  BAKER MT
                                          MONTH:    OCTOBER
                                          YEAR:     2014
                                          LATITUDE:   46 20 N
                                          LONGITUDE: 104 15 W

[TEMPERATURE DATA]      [PRECIPITATION DATA]       SYMBOLS USED IN COLUMN 16

AVERAGE MONTHLY: 49.3   TOTAL FOR MONTH:   0.19    1 = FOG OR MIST
DPTR FM NORMAL:   3.3   DPTR FM NORMAL:   -0.75    2 = FOG REDUCING VISIBILITY
HIGHEST:    81 ON 21    GRTST 24HR  0.71 ON 30- 1      TO 1/4 MILE OR LESS
LOWEST:     28 ON  3                               3 = THUNDER
                        SNOW, ICE PELLETS, HAIL    4 = ICE PELLETS
                        TOTAL MONTH:    M          5 = HAIL
                        GRTST 24HR    M  ON   M    6 = FREEZING RAIN OR DRIZZLE
                        GRTST DEPTH:  M  ON   M    7 = DUSTSTORM OR SANDSTORM:
                                                       VSBY 1/2 MILE OR LESS
                                                   8 = SMOKE OR HAZE
[NO. OF DAYS WITH]      [WEATHER - DAYS WITH]      9 = BLOWING SNOW
                                                   X = TORNADO
MAX 32 OR BELOW:   0    0.01 INCH OR MORE:   5
MAX 90 OR ABOVE:   0    0.10 INCH OR MORE:   1
MIN 32 OR BELOW:   7    0.50 INCH OR MORE:   0
MIN  0 OR BELOW:   0    1.00 INCH OR MORE:   0

[HDD (BASE 65) ]
TOTAL THIS MO.   323    CLEAR  (SCALE 0-3)  11
DPTR FM NORMAL   -78    PTCLDY (SCALE 4-7)  10
TOTAL FM JUL 1   646    CLOUDY (SCALE 8-10)  0
DPTR FM NORMAL   -78

[CDD (BASE 65) ]
TOTAL THIS MO.     0
DPTR FM NORMAL     0    [PRESSURE DATA]
TOTAL FM JAN 1   351    HIGHEST SLP M ON M
DPTR FM NORMAL  -119    LOWEST  SLP 29.55 ON 15

[REMARKS]
