000
CXUS54 KBMX 231216
CF6BHM
PRELIMINARY LOCAL CLIMATOLOGICAL DATA (WS FORM: F-6)

                                          STATION:   BIRMINGHAM
                                          MONTH:     MARCH
                                          YEAR:      2017
                                          LATITUDE:   33 34 N
                                          LONGITUDE:  86 45 W

  TEMPERATURE IN F:       :PCPN:    SNOW:  WIND      :SUNSHINE: SKY     :PK WND
================================================================================
1   2   3   4   5  6A  6B    7    8   9   10  11  12  13   14  15   16   17  18
                                     12Z  AVG MX 2MIN
DY MAX MIN AVG DEP HDD CDD  WTR  SNW DPTH SPD SPD DIR MIN PSBL S-S WX    SPD DR
================================================================================

 1  79  51  65  14   0   0 0.13  0.0    0 14.2 30 290   M    M   8 13     39 290
 2  59  38  49  -3  16   0 0.00  0.0    0  8.4 21 350   M    M   2        27 310
 3  59  33  46  -6  19   0 0.00  0.0    0  6.6 22 350   M    M   0        28 340
 4  66  35  51  -1  14   0 0.00  0.0    0  3.6 12 100   M    M   4        16  70
 5  63  41  52   0  13   0 0.00  0.0    0  4.2 14 180   M    M   9        19 190
 6  75  58  67  14   0   2 0.00  0.0    0 11.0 24 180   M    M   7        32 180
 7  67  53  60   7   5   0 1.33  0.0    0  9.8 21 310   M    M   9 13     30 320
 8  71  41  56   3   9   0 0.00  0.0    0  2.9 16 360   M    M   0 1      20 340
 9  78  42  60   6   5   0 0.00  0.0    0  5.7 15 240   M    M   2        19 250
10  71  45  58   4   7   0 0.34    M    0 11.3 38 320   M    M   4 13     56 290
11  50  39  45  -9  20   0 0.30    M    0  7.2 14 350   M    M   7 1      19  50
12  59  36  48  -6  17   0 0.01    M    0  7.9 16 340   M    M   6 1      21 330
13  47  41  44 -11  21   0 0.32  0.0    0  6.2 14 330   M    M   9 1      20 100
14  43  32  38 -17  27   0 0.00  0.0    0 11.7 20 320   M    M   9        26 320
15  45  27  36 -19  29   0 0.00  0.0    0  7.5 20 350   M    M   1        26 350
16  50  26  38 -17  27   0 0.00  0.0    0  3.0 10 270   M    M   7        14 270
17  69  46  58   2   7   0 0.00  0.0    0  6.9 20 220   M    M  10        24 220
18  75  48  62   6   3   0 0.35  0.0    0  9.9 21 310   M    M   6 1      26 270
19  70  41  56   0   9   0 0.00  0.0    0  5.2 15 330   M    M   0        20 330
20  83  49  66  10   0   1 0.00  0.0    0  5.0 17 200   M    M   2        22 200
21  89  60  75  19   0  10 0.00  0.0    0  9.2 24 250   M    M   2        30 240
22  71  54  63   6   2   0 0.00  0.0    0  8.7 15 350   M    M   6        21 350
================================================================================
SM 1439  936       250  13  2.78     0.0 166.1          M      110
================================================================================
AV 65.4 42.6                               7.5 FASTST   M    M   5    MAX(MPH)
                                 MISC ---->  # 38 320               # 56  290
================================================================================
NOTES:
# LAST OF SEVERAL OCCURRENCES

COLUMN 17 PEAK WIND IN M.P.H.

PRELIMINARY LOCAL CLIMATOLOGICAL DATA (WS FORM: F-6) , PAGE 2

                                          STATION:  BIRMINGHAM
                                          MONTH:    MARCH
                                          YEAR:     2017
                                          LATITUDE:   33 34 N
                                          LONGITUDE:  86 45 W

[TEMPERATURE DATA]      [PRECIPITATION DATA]       SYMBOLS USED IN COLUMN 16

AVERAGE MONTHLY: 54.0   TOTAL FOR MONTH:   2.78    1 = FOG OR MIST
DPTR FM NORMAL:  -0.2   DPTR FM NORMAL:   -0.98    2 = FOG REDUCING VISIBILITY
HIGHEST:    89 ON 21    GRTST 24HR  1.33 ON  7- 7      TO 1/4 MILE OR LESS
LOWEST:     26 ON 16                               3 = THUNDER
                        SNOW, ICE PELLETS, HAIL    4 = ICE PELLETS
                        TOTAL MONTH:   0.0 INCH    5 = HAIL
                        GRTST 24HR     0.0         6 = FREEZING RAIN OR DRIZZLE
                        GRTST DEPTH:   0           7 = DUSTSTORM OR SANDSTORM:
                                                       VSBY 1/2 MILE OR LESS
                                                   8 = SMOKE OR HAZE
[NO. OF DAYS WITH]      [WEATHER - DAYS WITH]      9 = BLOWING SNOW
                                                   X = TORNADO
MAX 32 OR BELOW:   0    0.01 INCH OR MORE:   7
MAX 90 OR ABOVE:   0    0.10 INCH OR MORE:   6
MIN 32 OR BELOW:   3    0.50 INCH OR MORE:   1
MIN  0 OR BELOW:   0    1.00 INCH OR MORE:   1

[HDD (BASE 65) ]
TOTAL THIS MO.   250    CLEAR  (SCALE 0-3)   8
DPTR FM NORMAL     0    PTCLDY (SCALE 4-7)   8
TOTAL FM JUL 1  1622    CLOUDY (SCALE 8-10)  6
DPTR FM NORMAL  -818

[CDD (BASE 65) ]
TOTAL THIS MO.    13
DPTR FM NORMAL     1    [PRESSURE DATA]
TOTAL FM JAN 1    28    HIGHEST SLP M ON M
DPTR FM NORMAL    12    LOWEST  SLP 29.87 ON  1

[REMARKS]
