000
CXUS51 KRLX 011400
CF6BKW
PRELIMINARY LOCAL CLIMATOLOGICAL DATA (WS FORM: F-6)

                                          STATION:   BECKLEY WV
                                          MONTH:     SEPTEMBER
                                          YEAR:      2014
                                          LATITUDE:   37 46 N
                                          LONGITUDE:  81  7 W

  TEMPERATURE IN F:       :PCPN:    SNOW:  WIND      :SUNSHINE: SKY     :PK WND
================================================================================
1   2   3   4   5  6A  6B    7    8   9   10  11  12  13   14  15   16   17  18
                                     12Z  AVG MX 2MIN
DY MAX MIN AVG DEP HDD CDD  WTR  SNW DPTH SPD SPD DIR MIN PSBL S-S WX    SPD DR
================================================================================

 1  83  68  76   8   0  11 0.03  0.0    0  7.5 18 270   M    M   6 1      24 260
 2  85  67  76   8   0  11 1.23  0.0    0  6.2 18 220   M    M   5 1      24 230
 3  80  65  73   6   0   8 0.00  0.0    0  2.6  8 140   M    M   6 1      12 130
 4  83  66  75   8   0  10 0.01  0.0    0  6.3 14 200   M    M   3 1      16  20
 5  83  63  73   6   0   8 0.45  0.0    0  3.1 13  60   M    M   3 1      18  80
 6  84  65  75   9   0  10    T  0.0    0  4.9 18 360   M    M   2 1      24 360
 7  67  60  64  -2   1   0 0.02  0.0    0  6.5 14  10   M    M  10 12     17 140
 8  71  61  66   0   0   1    T  0.0    0 10.5 18 120   M    M   8        27 140
 9  76  60  68   2   0   3 0.00  0.0    0  7.9 14 150   M    M   6        19 150
10  77  62  70   5   0   5 0.00  0.0    0  8.7 15 140   M    M   2        19 170
11  77  66  72   7   0   7 0.26  0.0    0  7.3 18 260   M    M   8 18     23 240
12  66  60  63  -1   2   0 0.00  0.0    0  5.2 10 340   M    M  10 12     14 360
13  65  51  58  -6   7   0 0.07  0.0    0  6.4 14 360   M    M   8 18     20 160
14  63  51  57  -7   8   0 0.00  0.0    0  3.8 12 140   M    M   9 12     17 140
15  72  56  64   0   1   0 0.00  0.0    0  5.5 15 260   M    M   6 12     18 280
16  67  56  62  -1   3   0 0.01  0.0    0  4.1 12 360   M    M   9 1      15  10
17  70  53  62  -1   3   0 0.00  0.0    0  3.5 13 130   M    M   8 1      17 140
18  71  53  62   0   3   0 0.00  0.0    0  3.4 10 330   M    M   6 12     14 330
19  72  52  62   0   3   0 0.00  0.0    0  9.1 22 120   M    M   5 1      29 120
20  77  58  68   6   0   3 0.00  0.0    0  6.8 16 140   M    M   2        23 150
21  73  56  65   4   0   0 0.07  0.0    0  7.5 21 270   M    M   4 1      26 340
22  62  44  53  -8  12   0 0.00  0.0    0  6.9 15 340   M    M   7        19 350
23  70  39  55  -5  10   0 0.00  0.0    0  3.0 13 170   M    M   0 1      16 160
24  68  49  59  -1   6   0 0.00  0.0    0  8.0 21 120   M    M   3        28 130
25  76  53  65   5   0   0 0.00  0.0    0  3.8 12 360   M    M   4        17 120
26  74  57  66   7   0   1 0.00  0.0    0  4.5 12 100   M    M   5        15 110
27  74  55  65   6   0   0 0.00  0.0    0  6.1 13 120   M    M   1        17 130
28  74  56  65   6   0   0    T  0.0    0  4.1 10 140   M    M   1        17 130
29  73  57  65   7   0   0 0.07  0.0    0  2.9 12 310   M    M   4 1      14 310
30  76  54  65   7   0   0 0.00  0.0    0  4.6 14 270   M    M   2 12     17 340
================================================================================
SM 2209 1713        59  78  2.22     0.0 170.7          M      153
================================================================================
AV 73.6 57.1                               5.7 FASTST   M    M   5    MAX(MPH)
                                 MISC ---->  # 22 120               # 29  120
================================================================================
NOTES:
# LAST OF SEVERAL OCCURRENCES

COLUMN 17 PEAK WIND IN M.P.H.

PRELIMINARY LOCAL CLIMATOLOGICAL DATA (WS FORM: F-6) , PAGE 2

                                          STATION:  BECKLEY WV
                                          MONTH:    SEPTEMBER
                                          YEAR:     2014
                                          LATITUDE:   37 46 N
                                          LONGITUDE:  81  7 W

[TEMPERATURE DATA]      [PRECIPITATION DATA]       SYMBOLS USED IN COLUMN 16

AVERAGE MONTHLY: 65.4   TOTAL FOR MONTH:   2.22    1 = FOG OR MIST
DPTR FM NORMAL:   2.2   DPTR FM NORMAL:   -0.79    2 = FOG REDUCING VISIBILITY
HIGHEST:    85 ON  2    GRTST 24HR  1.23 ON  2- 2      TO 1/4 MILE OR LESS
LOWEST:     39 ON 23                               3 = THUNDER
                        SNOW, ICE PELLETS, HAIL    4 = ICE PELLETS
                        TOTAL MONTH:   0.0 INCH    5 = HAIL
                        GRTST 24HR     0.0         6 = FREEZING RAIN OR DRIZZLE
                        GRTST DEPTH:   0           7 = DUSTSTORM OR SANDSTORM:
                                                       VSBY 1/2 MILE OR LESS
                                                   8 = SMOKE OR HAZE
[NO. OF DAYS WITH]      [WEATHER - DAYS WITH]      9 = BLOWING SNOW
                                                   X = TORNADO
MAX 32 OR BELOW:   0    0.01 INCH OR MORE:  10
MAX 90 OR ABOVE:   0    0.10 INCH OR MORE:   3
MIN 32 OR BELOW:   0    0.50 INCH OR MORE:   1
MIN  0 OR BELOW:   0    1.00 INCH OR MORE:   1

[HDD (BASE 65) ]
TOTAL THIS MO.    59    CLEAR  (SCALE 0-3)   9
DPTR FM NORMAL   -54    PTCLDY (SCALE 4-7)  15
TOTAL FM JUL 1    88    CLOUDY (SCALE 8-10)  6
DPTR FM NORMAL   -46

[CDD (BASE 65) ]
TOTAL THIS MO.    78
DPTR FM NORMAL    21    [PRESSURE DATA]
TOTAL FM JAN 1   602    HIGHEST SLP 30.40 ON 24
DPTR FM NORMAL    52    LOWEST  SLP 29.77 ON 21

[REMARKS]
#FINAL-09-14#
