000
CXUS55 KSEW 210930
CF6BLI
PRELIMINARY LOCAL CLIMATOLOGICAL DATA (WS FORM: F-6)

                                          STATION:   BELLINGHAM WA AIRPORT
                                          MONTH:     FEBRUARY
                                          YEAR:      2017
                                          LATITUDE:   48 47 N
                                          LONGITUDE: 122 32 W

  TEMPERATURE IN F:       :PCPN:    SNOW:  WIND      :SUNSHINE: SKY     :PK WND
================================================================================
1   2   3   4   5  6A  6B    7    8   9   10  11  12  13   14  15   16   17  18
                                     12Z  AVG MX 2MIN
DY MAX MIN AVG DEP HDD CDD  WTR  SNW DPTH SPD SPD DIR MIN PSBL S-S WX    SPD DR
================================================================================

 1  41  32  37  -3  28   0 0.00  0.0    0 18.9 29  30   M    M   0        40  10
 2  44  32  38  -2  27   0 0.00  0.0    0 12.9 23  30   M    M   0        31  40
 3  35  28  32  -8  33   0 0.32    M    M  9.0 18  20   M    M   9 1      25  20
 4  41  32  37  -3  28   0 0.46  0.0    M 11.0 17  20   M    M  10 16     24  20
 5  32  25  29 -11  36   0 0.22    M    M 11.5 32  20   M    M  10 12     44  30
 6  29  24  27 -13  38   0 0.50    M    M 13.0 29  10   M    M  10 1      42  20
 7  32  22  27 -13  38   0 0.10    M    M 12.2 22  30   M    M   3 1      29  30
 8  33  22  28 -12  37   0 0.35    M    M 12.5 20  10   M    M   8 16     26  40
 9  53  32  43   3  22   0 0.74  0.0    0  8.6 25 150   M    M  10 16     37 150
10  49  39  44   4  21   0 0.04  0.0    0 18.5 36 150   M    M   8 1      50 140
11  45  34  40   0  25   0 0.00  0.0    0  7.2 16 160   M    M   7        21 170
12  50  30  40  -1  25   0 0.00  0.0    0  1.7  8 350   M    M   0 1      11  10
13  55  28  42   1  23   0 0.00  0.0    0  3.7 13  20   M    M   0 1      17  10
14  55  29  42   1  23   0 0.19  0.0    0  4.6 12 100   M    M   4 1      16 110
15  61  43  52  11  13   0 0.30  0.0    0 20.7 33 150   M    M  10 1      49 150
16  59  45  52  11  13   0 0.19  0.0    0  9.2 33 160   M    M   8 1      46 170
17  54  38  46   5  19   0 0.08  0.0    0  4.9 12  30   M    M   4 1      15 360
18  44  38  41   0  24   0 0.13  0.0    0  1.1  8 320   M    M   9 1      10 320
19  50  38  44   3  21   0 0.04  0.0    0 12.0 26 150   M    M   9 1      37 130
20  49  40  45   4  20   0 0.03    M    0  5.1 22 150   M    M   9 1      27 150
================================================================================
SM  911  651       514   0  3.69     0.0 198.3          M      128
================================================================================
AV 45.6 32.6                               9.9 FASTST   M    M   6    MAX(MPH)
                                 MISC ---->  # 36 150               # 50  140
================================================================================
NOTES:
# LAST OF SEVERAL OCCURRENCES

COLUMN 17 PEAK WIND IN M.P.H.

PRELIMINARY LOCAL CLIMATOLOGICAL DATA (WS FORM: F-6) , PAGE 2

                                          STATION:  BELLINGHAM WA AIRPORT
                                          MONTH:    FEBRUARY
                                          YEAR:     2017
                                          LATITUDE:   48 47 N
                                          LONGITUDE: 122 32 W

[TEMPERATURE DATA]      [PRECIPITATION DATA]       SYMBOLS USED IN COLUMN 16

AVERAGE MONTHLY: 39.0   TOTAL FOR MONTH:   3.69    1 = FOG OR MIST
DPTR FM NORMAL:  -1.4   DPTR FM NORMAL:    1.49    2 = FOG REDUCING VISIBILITY
HIGHEST:    61 ON 15    GRTST 24HR  0.78 ON  8- 9      TO 1/4 MILE OR LESS
LOWEST:     22 ON  8, 7                            3 = THUNDER
                        SNOW, ICE PELLETS, HAIL    4 = ICE PELLETS
                        TOTAL MONTH:   0.0 INCH    5 = HAIL
                        GRTST 24HR     0.0         6 = FREEZING RAIN OR DRIZZLE
                        GRTST DEPTH:   0           7 = DUSTSTORM OR SANDSTORM:
                                                       VSBY 1/2 MILE OR LESS
                                                   8 = SMOKE OR HAZE
[NO. OF DAYS WITH]      [WEATHER - DAYS WITH]      9 = BLOWING SNOW
                                                   X = TORNADO
MAX 32 OR BELOW:   3    0.01 INCH OR MORE:  15
MAX 90 OR ABOVE:   0    0.10 INCH OR MORE:  11
MIN 32 OR BELOW:  12    0.50 INCH OR MORE:   2
MIN  0 OR BELOW:   0    1.00 INCH OR MORE:   0

[HDD (BASE 65) ]
TOTAL THIS MO.   514    CLEAR  (SCALE 0-3)   5
DPTR FM NORMAL    23    PTCLDY (SCALE 4-7)   5
TOTAL FM JUL 1  3451    CLOUDY (SCALE 8-10) 10
DPTR FM NORMAL  -232

[CDD (BASE 65) ]
TOTAL THIS MO.     0
DPTR FM NORMAL     0    [PRESSURE DATA]
TOTAL FM JAN 1     0    HIGHEST SLP M ON M
DPTR FM NORMAL     0    LOWEST  SLP 29.27 ON  9

[REMARKS]
