000
CXUS54 KEWX 010910
CF6BMQ
PRELIMINARY LOCAL CLIMATOLOGICAL DATA (WS FORM: F-6)

                                          STATION:   BURNET
                                          MONTH:     APRIL
                                          YEAR:      2016
                                          LATITUDE:   30 43 N
                                          LONGITUDE:  98 14 W

  TEMPERATURE IN F:       :PCPN:    SNOW:  WIND      :SUNSHINE: SKY     :PK WND
================================================================================
1   2   3   4   5  6A  6B    7    8   9   10  11  12  13   14  15   16   17  18
                                     12Z  AVG MX 2MIN
DY MAX MIN AVG DEP HDD CDD  WTR  SNW DPTH SPD SPD DIR MIN PSBL S-S WX    SPD DR
================================================================================

 1  61  46  54  -9  11   0 0.41    M    0 10.7 24  40   M    M   6 13     34  40
 2  71  40  56  -7   9   0 0.00  0.0    0  5.8 16 320   M    M   0        21 300
 3  75  42  59  -4   6   0 0.00  0.0    0  2.9 14 220   M    M   0        18 220
 4  82  47  65   1   0   0 0.00  0.0    0  4.6 14 230   M    M   0        19 230
 5  81  49  65   1   0   0 0.00  0.0    0  6.2 17 180   M    M   0        27 180
 6  78  50  64   0   1   0 0.00  0.0    0  8.4 21 350   M    M   1        28 360
 7  83  44  64   0   1   0 0.00  0.0    0  3.2 15 210   M    M   0        22 210
 8  76  56  66   2   0   1 0.00    M    0  7.5 18  70   M    M   0        24  80
 9  74  58  66   1   0   1    T    M    0  7.4 17 130   M    M   5 3      25 130
10  76  64  70   5   0   5    T  0.0    0 11.8 21 170   M    M   9        28 180
11  91  65  78  13   0  13 0.01    M    0  8.2 22 180   M    M   5 1      29 190
12  65  59  62  -3   3   0 1.57  0.0    0 11.7 23  50   M    M   9 13     32  50
13  71  55  63  -3   2   0 0.00  0.0    0  6.0 13  50   M    M   8 1      19  40
14  75  51  63  -3   2   0 0.00    M    0  5.2 10  60   M    M   4 128    19  80
15  79  56  68   2   0   3 0.00    M    0  6.0 15 100   M    M   4 12     24 160
16  74  61  68   2   0   3 0.06  0.0    0 12.4 22 130   M    M   9 1      33 140
17  76  62  69   2   0   4 0.70  0.0    0  8.8 20  50   M    M   7 13     29 130
18  73  61  67   0   0   2 0.90  0.0    0  6.4 23  80   M    M   8 13     34  90
19  75  62  69   2   0   4 0.00  0.0    0  3.7 10  40   M    M   9 12     13  50
20  79  59  69   2   0   4 0.32  0.0    0  4.3 24 360   M    M   6 13     33 360
21  80  58  69   1   0   4 0.21    M    M  6.6 23 350   M    M   4 13     32 360
22  81  54  68   0   0   3 0.00    M    M  4.3 14  50   M    M   0        19  10
23  81  54  68   0   0   3 0.00    M    0  4.1 13 170   M    M   0 8      21 170
24  77  62  70   2   0   5 0.00  0.0    0  7.6 16 180   M    M   4        22 180
25  88  68  78   9   0  13    T  0.0    0  9.5 17 170   M    M   7 3      27 180
26  84  70  77   8   0  12 0.02  0.0    0 11.3 20 190   M    M   8 138    29 180
27  84  60  72   3   0   7 0.69  0.0    0  4.7 17 300   M    M   0 138    26 320
28  85  63  74   5   0   9    T  0.0    0  7.8 18 150   M    M   4 138    27 150
29  85  70  78   8   0  13    T  0.0    0  9.3 20 190   M    M   8 138    26 200
30  83  62  73   3   0   8 0.07    M    0  5.5 16  50   M    M   1 3      22  50
================================================================================
SM 2343 1708        35 117  4.96     0.0 211.9          M      126
================================================================================
AV 78.1 56.9                               7.1 FASTST   M    M   4    MAX(MPH)
                                 MISC ---->  # 24  40               # 34   40
================================================================================
NOTES:
# LAST OF SEVERAL OCCURRENCES

COLUMN 17 PEAK WIND IN M.P.H.

PRELIMINARY LOCAL CLIMATOLOGICAL DATA (WS FORM: F-6) , PAGE 2

                                          STATION:  BURNET
                                          MONTH:    APRIL
                                          YEAR:     2016
                                          LATITUDE:   30 43 N
                                          LONGITUDE:  98 14 W

[TEMPERATURE DATA]      [PRECIPITATION DATA]       SYMBOLS USED IN COLUMN 16

AVERAGE MONTHLY: 67.5   TOTAL FOR MONTH:   4.96    1 = FOG OR MIST
DPTR FM NORMAL:   1.2   DPTR FM NORMAL:    2.81    2 = FOG REDUCING VISIBILITY
HIGHEST:    91 ON 11    GRTST 24HR  1.57 ON 12-12      TO 1/4 MILE OR LESS
LOWEST:     40 ON  2                               3 = THUNDER
                        SNOW, ICE PELLETS, HAIL    4 = ICE PELLETS
                        TOTAL MONTH:   0.0 INCH    5 = HAIL
                        GRTST 24HR     0.0         6 = FREEZING RAIN OR DRIZZLE
                        GRTST DEPTH:   0           7 = DUSTSTORM OR SANDSTORM:
                                                       VSBY 1/2 MILE OR LESS
                                                   8 = SMOKE OR HAZE
[NO. OF DAYS WITH]      [WEATHER - DAYS WITH]      9 = BLOWING SNOW
                                                   X = TORNADO
MAX 32 OR BELOW:   0    0.01 INCH OR MORE:  11
MAX 90 OR ABOVE:   1    0.10 INCH OR MORE:   7
MIN 32 OR BELOW:   0    0.50 INCH OR MORE:   4
MIN  0 OR BELOW:   0    1.00 INCH OR MORE:   1

[HDD (BASE 65) ]
TOTAL THIS MO.    35    CLEAR  (SCALE 0-3)  11
DPTR FM NORMAL   -35    PTCLDY (SCALE 4-7)  14
TOTAL FM JUL 1  1440    CLOUDY (SCALE 8-10)  5
DPTR FM NORMAL  -576

[CDD (BASE 65) ]
TOTAL THIS MO.   117
DPTR FM NORMAL     8    [PRESSURE DATA]
TOTAL FM JAN 1   187    HIGHEST SLP 30.33 ON  2
DPTR FM NORMAL    38    LOWEST  SLP 29.52 ON 29

[REMARKS]
#FINAL-04-16#
