000
CXUS55 KOHX 281010
CF6BNA
PRELIMINARY LOCAL CLIMATOLOGICAL DATA (WS FORM: F-6)

                                          STATION:   NASHVILLE
                                          MONTH:     JUNE
                                          YEAR:      2017
                                          LATITUDE:   36  7 N
                                          LONGITUDE:  86 41 W

  TEMPERATURE IN F:       :PCPN:    SNOW:  WIND      :SUNSHINE: SKY     :PK WND
================================================================================
1   2   3   4   5  6A  6B    7    8   9   10  11  12  13   14  15   16   17  18
                                     12Z  AVG MX 2MIN
DY MAX MIN AVG DEP HDD CDD  WTR  SNW DPTH SPD SPD DIR MIN PSBL S-S WX    SPD DR
================================================================================

 1  88  63  76   4   0  11 0.00  0.0    0  5.3 13 170   M    M   8 3      18 330
 2  88  64  76   4   0  11 0.00  0.0    0  4.0 10  60   M    M   4        13  70
 3  89  67  78   6   0  13 0.00  0.0    0  5.2 13  60   M    M   5        16  50
 4  84  68  76   3   0  11 0.36  0.0    0  5.0 20 190   M    M   9 13     26 220
 5  76  69  73   0   0   8 0.28  0.0    0  4.0 13 240   M    M   9 13     14 340
 6  83  63  73   0   0   8 0.01  0.0    0  6.9 15  30   M    M   8 123    16  60
 7  80  58  69  -5   0   4 0.00  0.0    0 10.5 23  30   M    M   2        32  40
 8  77  56  67  -7   0   2 0.00  0.0    0  5.8 14  10   M    M   4        23  10
 9  82  53  68  -6   0   3 0.00  0.0    0  2.5 12  60   M    M   1        14  40
10  87  59  73  -1   0   8 0.00  0.0    0  4.9 18 200   M    M   4        23 200
11  91  64  78   3   0  13 0.00  0.0    0  6.5 15 150   M    M   5        20 140
12  92  72  82   7   0  17 0.00  0.0    0  5.8 15 180   M    M   4        23 190
13  93  71  82   7   0  17 0.01  0.0    0  4.8 14 180   M    M   4 3      18 180
14  94  71  83   7   0  18 0.00  0.0    0  4.0 12 240   M    M   3        15 270
15  88  68  78   2   0  13 0.93  0.0    0  5.5 23 340   M    M   7 138    30 340
16  88  69  79   3   0  14 0.00  0.0    0  4.0 12 100   M    M   8        16 100
17  91  68  80   4   0  15 0.00  0.0    0  5.9 17 180   M    M   6        24 190
18  90  70  80   4   0  15 1.30  0.0    0  5.9 22 330   M    M   8 138    29 330
19  87  65  76  -1   0  11    T  0.0    0  4.9 14 330   M    M   7 1      21 320
20  90  63  77   0   0  12 0.00  0.0    0  3.5  9 170   M    M   5        14 300
21  88  64  76  -1   0  11 0.00  0.0    0  5.8 16 190   M    M   8        19 180
22  83  72  78   1   0  13 0.80  0.0    0 10.4 20 170   M    M   9 1      23 170
23  87  76  82   4   0  17 0.28  0.0    0 12.1 28 180   M    M   8 1      40 240
24  86  70  78   0   0  13 0.00  0.0    0  8.4 16 320   M    M   7        22 320
25  85  62  74  -4   0   9 0.00  0.0    0  5.2 17  20   M    M   3        25  40
26  83  61  72  -6   0   7 0.00  0.0    0  3.9 13 360   M    M   6        19 300
27  85  64  75  -3   0  10 0.00  0.0    0  3.5 13  80   M    M   5        16  80
================================================================================
SM 2335 1770         0 304  3.97     0.0 154.2          M      157
================================================================================
AV 86.5 65.6                               5.7 FASTST   M    M   6    MAX(MPH)
                                 MISC ---->  # 28 180               # 40  240
================================================================================
NOTES:
# LAST OF SEVERAL OCCURRENCES

COLUMN 17 PEAK WIND IN M.P.H.

PRELIMINARY LOCAL CLIMATOLOGICAL DATA (WS FORM: F-6) , PAGE 2

                                          STATION:  NASHVILLE
                                          MONTH:    JUNE
                                          YEAR:     2017
                                          LATITUDE:   36  7 N
                                          LONGITUDE:  86 41 W

[TEMPERATURE DATA]      [PRECIPITATION DATA]       SYMBOLS USED IN COLUMN 16

AVERAGE MONTHLY: 76.0   TOTAL FOR MONTH:   3.97    1 = FOG OR MIST
DPTR FM NORMAL:   0.7   DPTR FM NORMAL:    0.21    2 = FOG REDUCING VISIBILITY
HIGHEST:    94 ON 14    GRTST 24HR  1.30 ON 18-18      TO 1/4 MILE OR LESS
LOWEST:     53 ON  9                               3 = THUNDER
                        SNOW, ICE PELLETS, HAIL    4 = ICE PELLETS
                        TOTAL MONTH:   0.0 INCH    5 = HAIL
                        GRTST 24HR     0.0         6 = FREEZING RAIN OR DRIZZLE
                        GRTST DEPTH:   0           7 = DUSTSTORM OR SANDSTORM:
                                                       VSBY 1/2 MILE OR LESS
                                                   8 = SMOKE OR HAZE
[NO. OF DAYS WITH]      [WEATHER - DAYS WITH]      9 = BLOWING SNOW
                                                   X = TORNADO
MAX 32 OR BELOW:   0    0.01 INCH OR MORE:   8
MAX 90 OR ABOVE:   7    0.10 INCH OR MORE:   6
MIN 32 OR BELOW:   0    0.50 INCH OR MORE:   3
MIN  0 OR BELOW:   0    1.00 INCH OR MORE:   1

[HDD (BASE 65) ]
TOTAL THIS MO.     0    CLEAR  (SCALE 0-3)   3
DPTR FM NORMAL     0    PTCLDY (SCALE 4-7)  20
TOTAL FM JUL 1  2450    CLOUDY (SCALE 8-10)  4
DPTR FM NORMAL -1235

[CDD (BASE 65) ]
TOTAL THIS MO.   304
DPTR FM NORMAL    20    [PRESSURE DATA]
TOTAL FM JAN 1   623    HIGHEST SLP  0.00 ON 11
DPTR FM NORMAL   160    LOWEST  SLP 29.73 ON 23

[REMARKS]
