000
CXUS55 KOHX 231010
CF6BNA
PRELIMINARY LOCAL CLIMATOLOGICAL DATA (WS FORM: F-6)

                                          STATION:   NASHVILLE
                                          MONTH:     JULY
                                          YEAR:      2016
                                          LATITUDE:   36  7 N
                                          LONGITUDE:  86 41 W

  TEMPERATURE IN F:       :PCPN:    SNOW:  WIND      :SUNSHINE: SKY     :PK WND
================================================================================
1   2   3   4   5  6A  6B    7    8   9   10  11  12  13   14  15   16   17  18
                                     12Z  AVG MX 2MIN
DY MAX MIN AVG DEP HDD CDD  WTR  SNW DPTH SPD SPD DIR MIN PSBL S-S WX    SPD DR
================================================================================

 1  91  65  78  -1   0  13 0.01  0.0    0  5.4 14 320   M    M   4        22 320
 2  89  69  79   0   0  14 0.00  0.0    0  5.1 15  10   M    M   6        23  10
 3  95  71  83   4   0  18 0.00  0.0    0  4.7 13 160   M    M   8        15 180
 4  93  75  84   5   0  19 1.52  0.0    0  6.9 24 270   M    M   8 138    36 200
 5  88  74  81   2   0  16 0.84  0.0    0  4.2 13 210   M    M   8 138    16 210
 6  93  71  82   3   0  17 0.42  0.0    0  6.9 30 330   M    M   6 138    39 340
 7  93  70  82   3   0  17 1.68  0.0    0  7.2 24 340   M    M   7 138    37 330
 8  95  70  83   4   0  18 0.24  0.0    0  8.0 39 320   M    M   7 38     60 320
 9  91  70  81   2   0  16 0.00  0.0    0  3.8 12  20   M    M   8        21 310
10  89  72  81   2   0  16 0.00  0.0    0  2.9 10 110   M    M   8        15  40
11  88  73  81   2   0  16 0.07  0.0    0  3.1 14 190   M    M   9        17 200
12  93  71  82   2   0  17 0.00  0.0    0  7.3 15 190   M    M   4        22 220
13  95  72  84   4   0  19 0.00  0.0    0  6.7 16 180   M    M   2        20 270
14  91  72  82   2   0  17 0.19  0.0    0  7.1 20 250   M    M   6 138    25 250
15  90  70  80   0   0  15 0.00  0.0    0  2.5  9 100   M    M   6 12     18 280
16  90  74  82   2   0  17    T  0.0    0  4.1 13 140   M    M   6        17  10
17  94  70  82   2   0  17 0.00  0.0    0  2.9  9 130   M    M   4         M  M
18  97  73  85   5   0  20 0.00  0.0    0  3.3 12  10   M    M   4 1      15  60
19  95  76  86   6   0  21    T  0.0    0  2.6 17  60   M    M   4 38     24 290
20  95  73  84   4   0  19 0.00  0.0    0  3.3 13 360   M    M   6 3      22 310
21  97  73  85   5   0  20 0.00  0.0    0  3.4 12  10   M    M   3 1      16 360
22  94  75  85   5   0  20 0.00  0.0    0  2.7 10 260   M    M   7 138    16  10
================================================================================
SM 2036 1579         0 382  4.97     0.0 104.1          M      131
================================================================================
AV 92.5 71.8                               4.7 FASTST   M    M   6    MAX(MPH)
                                 MISC ---->  # 39 320               # 60  320
================================================================================
NOTES:
# LAST OF SEVERAL OCCURRENCES

COLUMN 17 PEAK WIND IN M.P.H.

PRELIMINARY LOCAL CLIMATOLOGICAL DATA (WS FORM: F-6) , PAGE 2

                                          STATION:  NASHVILLE
                                          MONTH:    JULY
                                          YEAR:     2016
                                          LATITUDE:   36  7 N
                                          LONGITUDE:  86 41 W

[TEMPERATURE DATA]      [PRECIPITATION DATA]       SYMBOLS USED IN COLUMN 16

AVERAGE MONTHLY: 82.2   TOTAL FOR MONTH:   4.97    1 = FOG OR MIST
DPTR FM NORMAL:   2.7   DPTR FM NORMAL:    2.32    2 = FOG REDUCING VISIBILITY
HIGHEST:    97 ON 21,18 GRTST 24HR  2.10 ON  6- 7      TO 1/4 MILE OR LESS
LOWEST:     65 ON  1                               3 = THUNDER
                        SNOW, ICE PELLETS, HAIL    4 = ICE PELLETS
                        TOTAL MONTH:   0.0 INCH    5 = HAIL
                        GRTST 24HR     0.0         6 = FREEZING RAIN OR DRIZZLE
                        GRTST DEPTH:   0           7 = DUSTSTORM OR SANDSTORM:
                                                       VSBY 1/2 MILE OR LESS
                                                   8 = SMOKE OR HAZE
[NO. OF DAYS WITH]      [WEATHER - DAYS WITH]      9 = BLOWING SNOW
                                                   X = TORNADO
MAX 32 OR BELOW:   0    0.01 INCH OR MORE:   8
MAX 90 OR ABOVE:  18    0.10 INCH OR MORE:   6
MIN 32 OR BELOW:   0    0.50 INCH OR MORE:   3
MIN  0 OR BELOW:   0    1.00 INCH OR MORE:   2

[HDD (BASE 65) ]
TOTAL THIS MO.     0    CLEAR  (SCALE 0-3)   2
DPTR FM NORMAL     0    PTCLDY (SCALE 4-7)  19
TOTAL FM JUL 1     0    CLOUDY (SCALE 8-10)  1
DPTR FM NORMAL     0

[CDD (BASE 65) ]
TOTAL THIS MO.   382
DPTR FM NORMAL    64    [PRESSURE DATA]
TOTAL FM JAN 1  1057    HIGHEST SLP M ON M
DPTR FM NORMAL   236    LOWEST  SLP 29.91 ON  7

[REMARKS]
