000
CXUS55 KOHX 301010
CF6BNA
PRELIMINARY LOCAL CLIMATOLOGICAL DATA (WS FORM: F-6)

                                          STATION:   NASHVILLE
                                          MONTH:     JULY
                                          YEAR:      2015
                                          LATITUDE:   36  7 N
                                          LONGITUDE:  86 41 W

  TEMPERATURE IN F:       :PCPN:    SNOW:  WIND      :SUNSHINE: SKY     :PK WND
================================================================================
1   2   3   4   5  6A  6B    7    8   9   10  11  12  13   14  15   16   17  18
                                     12Z  AVG MX 2MIN
DY MAX MIN AVG DEP HDD CDD  WTR  SNW DPTH SPD SPD DIR MIN PSBL S-S WX    SPD DR
================================================================================

 1  77  68  73  -6   0   8 1.34  0.0    0  6.4 24 320   M    M   8 13     32 320
 2  84  69  77  -2   0  12 1.59  0.0    0  6.9 17 340   M    M   8 13     23 360
 3  83  70  77  -2   0  12 0.04  0.0    0  5.5 21 210   M    M   9 1      29 200
 4  82  68  75  -4   0  10 0.65  0.0    0  3.3 20 340   M    M   9 13     24 340
 5  86  68  77  -2   0  12 0.18  0.0    0  3.2  9 270   M    M   8 18     18 280
 6  87  69  78  -1   0  13 0.00  0.0    0  4.6 15 190   M    M   3 1      18 190
 7  89  71  80   1   0  15 0.95  0.0    0  7.3 26 250   M    M   7 1238   43 220
 8  90  71  81   2   0  16    T  0.0    0  5.9 15 240   M    M   7 1      22 210
 9  92  74  83   4   0  18 0.00  0.0    0  7.7 16 260   M    M   4        23 210
10  93  71  82   3   0  17 0.14  0.0    0  4.9 15 220   M    M   3 138    20 290
11  94  73  84   5   0  19 0.00  0.0    0  2.5 13 290   M    M   5 1      20 290
12  93  74  84   4   0  19 0.02  0.0    0  5.2 17 280   M    M   5 3      23 270
13  93  74  84   4   0  19 0.00  0.0    0  5.3 14 270   M    M   4        18 200
14  92  73  83   3   0  18 0.06  0.0    0  6.5 24 250   M    M   8 138    33 250
15  90  71  81   1   0  16 0.01  0.0    0  6.9 16  30   M    M   4        22  20
16  89  70  80   0   0  15 0.00  0.0    0  3.7 10 100   M    M   3        14  80
17  94  71  83   3   0  18 0.00  0.0    0  3.8 14 270   M    M   4        17 270
18  94  75  85   5   0  20 0.00  0.0    0  3.8 12 230   M    M   4        17 230
19  95  76  86   6   0  21 0.00  0.0    0  4.7 13 290   M    M   4        18 290
20  95  77  86   6   0  21 0.00  0.0    0  5.8 17 280   M    M   6        24 320
21  92  73  83   3   0  18 0.00  0.0    0  5.8 14 350   M    M   7        22 350
22  85  72  79  -1   0  14 0.30  0.0    0  2.4 12 110   M    M   6 1      14 120
23  85  73  79  -1   0  14 0.43  0.0    0  3.9 15 350   M    M   7 1      21 350
24  91  70  81   1   0  16 0.00  0.0    0  3.2 13  30   M    M   4 1      15  30
25  92  68  80   0   0  15 0.00  0.0    0  2.9 13  70   M    M   4 1      15  30
26  92  70  81   1   0  16 0.00  0.0    0  2.1 17 280   M    M   5 1      23 280
27  94  74  84   4   0  19 0.00  0.0    0  2.5 10 250   M    M   6 18     16 280
28  96  73  85   5   0  20 1.36  0.0    0  4.0 46  10   M    M   7 1238   54  10
29  95  73  84   4   0  19    T  0.0    0  3.2 14  40   M    M   6 1      25 130
================================================================================
SM 2614 2079         0 470  7.07     0.0 133.9          M      165
================================================================================
AV 90.1 71.7                               4.6 FASTST   M    M   6    MAX(MPH)
                                 MISC ---->  # 46  10               # 54   10
================================================================================
NOTES:
# LAST OF SEVERAL OCCURRENCES

COLUMN 17 PEAK WIND IN M.P.H.

PRELIMINARY LOCAL CLIMATOLOGICAL DATA (WS FORM: F-6) , PAGE 2

                                          STATION:  NASHVILLE
                                          MONTH:    JULY
                                          YEAR:     2015
                                          LATITUDE:   36  7 N
                                          LONGITUDE:  86 41 W

[TEMPERATURE DATA]      [PRECIPITATION DATA]       SYMBOLS USED IN COLUMN 16

AVERAGE MONTHLY: 80.9   TOTAL FOR MONTH:   7.07    1 = FOG OR MIST
DPTR FM NORMAL:   1.3   DPTR FM NORMAL:    3.64    2 = FOG REDUCING VISIBILITY
HIGHEST:    96 ON 28    GRTST 24HR  2.59 ON  1- 2      TO 1/4 MILE OR LESS
LOWEST:     68 ON 25, 5                            3 = THUNDER
                        SNOW, ICE PELLETS, HAIL    4 = ICE PELLETS
                        TOTAL MONTH:   0.0 INCH    5 = HAIL
                        GRTST 24HR     0.0         6 = FREEZING RAIN OR DRIZZLE
                        GRTST DEPTH:   0           7 = DUSTSTORM OR SANDSTORM:
                                                       VSBY 1/2 MILE OR LESS
                                                   8 = SMOKE OR HAZE
[NO. OF DAYS WITH]      [WEATHER - DAYS WITH]      9 = BLOWING SNOW
                                                   X = TORNADO
MAX 32 OR BELOW:   0    0.01 INCH OR MORE:  13
MAX 90 OR ABOVE:  19    0.10 INCH OR MORE:   9
MIN 32 OR BELOW:   0    0.50 INCH OR MORE:   5
MIN  0 OR BELOW:   0    1.00 INCH OR MORE:   3

[HDD (BASE 65) ]
TOTAL THIS MO.     0    CLEAR  (SCALE 0-3)   1
DPTR FM NORMAL     0    PTCLDY (SCALE 4-7)  24
TOTAL FM JUL 1     0    CLOUDY (SCALE 8-10)  4
DPTR FM NORMAL     0

[CDD (BASE 65) ]
TOTAL THIS MO.   470
DPTR FM NORMAL    47    [PRESSURE DATA]
TOTAL FM JAN 1  1119    HIGHEST SLP M ON M
DPTR FM NORMAL   193    LOWEST  SLP 29.69 ON 14

[REMARKS]
