000
CXUS55 KOHX 011440
CF6BNA
PRELIMINARY LOCAL CLIMATOLOGICAL DATA (WS FORM: F-6)

                                          STATION:   NASHVILLE
                                          MONTH:     AUGUST
                                          YEAR:      2015
                                          LATITUDE:   36  7 N
                                          LONGITUDE:  86 41 W

  TEMPERATURE IN F:       :PCPN:    SNOW:  WIND      :SUNSHINE: SKY     :PK WND
================================================================================
1   2   3   4   5  6A  6B    7    8   9   10  11  12  13   14  15   16   17  18
                                     12Z  AVG MX 2MIN
DY MAX MIN AVG DEP HDD CDD  WTR  SNW DPTH SPD SPD DIR MIN PSBL S-S WX    SPD DR
================================================================================

 1  93  66  80   0   0  15 0.00  0.0    0  4.6 16  40   M    M   2        22 360
 2  91  63  77  -3   0  12 0.00  0.0    0  2.2  9 110   M    M   3        14 320
 3  96  65  81   2   0  16 0.00  0.0    0  3.7 12 330   M    M   3        21 290
 4  97  72  85   6   0  20 0.00  0.0    0  3.4 13 230   M    M   6 18     17 220
 5  92  72  82   3   0  17 0.12  0.0    0  5.7 16 330   M    M   8 138    21 330
 6  81  70  76  -3   0  11 1.01  0.0    0  6.5 15 190   M    M   7 138    18 190
 7  84  69  77  -2   0  12 0.00  0.0    0  4.1 10 320   M    M   8        17 330
 8  88  66  77  -2   0  12 0.00  0.0    0  3.8 14  20   M    M   4 1      18  40
 9  94  68  81   2   0  16 0.00  0.0    0  2.2  9  80   M    M   5 1      13  80
10  92  73  83   4   0  18    T  0.0    0  5.1 15 280   M    M   7        22 290
11  90  75  83   4   0  18 0.00  0.0    0  6.3 17 360   M    M   4        24 340
12  88  68  78  -1   0  13 0.00  0.0    0  7.5 17  20   M    M   2        26  20
13  87  61  74  -5   0   9 0.00  0.0    0  6.1 16  20   M    M   2 8      22 350
14  89  64  77  -2   0  12 0.26  0.0    0  3.2 24 110   M    M   7 38     30 110
15  86  70  78  -1   0  13    T  0.0    0  3.4 14 180   M    M   6 3      18 300
16  86  69  78  -1   0  13 0.33  0.0    0  2.8 16 160   M    M   8 3      21 160
17  77  72  75  -4   0  10 0.46  0.0    0  4.5 12  90   M    M   9 1      17 110
18  88  72  80   1   0  15 0.00  0.0    0  4.6 14 160   M    M   6        17 160
19  90  72  81   2   0  16 0.66  0.0    0  8.1 20 180   M    M   7 1238   26 290
20  84  65  75  -4   0  10 0.03  0.0    0  4.4 13 330   M    M   7 1      20 310
21  84  61  73  -6   0   8 0.00  0.0    0  3.0 10 100   M    M   4        16  80
22  89  65  77  -1   0  12 0.02  0.0    0  2.1  8 190   M    M   7        12 270
23  91  71  81   3   0  16    T  0.0    0  3.5  9 250   M    M   6 1      17 320
24  84  64  74  -4   0   9 0.00  0.0    0  7.7 16 360   M    M   3        21 360
25  83  57  70  -8   0   5 0.00  0.0    0  5.7 15 340   M    M   1        23 330
26  83  57  70  -8   0   5 0.00  0.0    0  5.8 15  30   M    M   2        21  30
27  84  58  71  -7   0   6 0.00  0.0    0  6.1 20  50   M    M   1        25  50
28  90  62  76  -2   0  11 0.00  0.0    0  4.8 14 170   M    M   3        17 150
29  89  70  80   3   0  15 0.10  0.0    0  6.2 20 190   M    M   5        28 190
30  81  68  75  -2   0  10 0.00  0.0    0  4.0 13 180   M    M   7        15 170
31  88  65  77   0   0  12 0.00  0.0    0  2.3 10  80   M    M   3 1      15 110
================================================================================
SM 2719 2070         0 387  2.99     0.0 143.4          M      153
================================================================================
AV 87.7 66.8                               4.6 FASTST   M    M   5    MAX(MPH)
                                 MISC ---->  # 24 110               # 30  110
================================================================================
NOTES:
# LAST OF SEVERAL OCCURRENCES

COLUMN 17 PEAK WIND IN M.P.H.

PRELIMINARY LOCAL CLIMATOLOGICAL DATA (WS FORM: F-6) , PAGE 2

                                          STATION:  NASHVILLE
                                          MONTH:    AUGUST
                                          YEAR:     2015
                                          LATITUDE:   36  7 N
                                          LONGITUDE:  86 41 W

[TEMPERATURE DATA]      [PRECIPITATION DATA]       SYMBOLS USED IN COLUMN 16

AVERAGE MONTHLY: 77.2   TOTAL FOR MONTH:   2.99    1 = FOG OR MIST
DPTR FM NORMAL:  -1.5   DPTR FM NORMAL:   -0.18    2 = FOG REDUCING VISIBILITY
HIGHEST:    97 ON  4    GRTST 24HR  1.13 ON  5- 6      TO 1/4 MILE OR LESS
LOWEST:     57 ON 26,25                            3 = THUNDER
                        SNOW, ICE PELLETS, HAIL    4 = ICE PELLETS
                        TOTAL MONTH:   0.0 INCH    5 = HAIL
                        GRTST 24HR     0.0         6 = FREEZING RAIN OR DRIZZLE
                        GRTST DEPTH:   0           7 = DUSTSTORM OR SANDSTORM:
                                                       VSBY 1/2 MILE OR LESS
                                                   8 = SMOKE OR HAZE
[NO. OF DAYS WITH]      [WEATHER - DAYS WITH]      9 = BLOWING SNOW
                                                   X = TORNADO
MAX 32 OR BELOW:   0    0.01 INCH OR MORE:   9
MAX 90 OR ABOVE:  11    0.10 INCH OR MORE:   7
MIN 32 OR BELOW:   0    0.50 INCH OR MORE:   2
MIN  0 OR BELOW:   0    1.00 INCH OR MORE:   1

[HDD (BASE 65) ]
TOTAL THIS MO.     0    CLEAR  (SCALE 0-3)  10
DPTR FM NORMAL     0    PTCLDY (SCALE 4-7)  20
TOTAL FM JUL 1     0    CLOUDY (SCALE 8-10)  1
DPTR FM NORMAL     0

[CDD (BASE 65) ]
TOTAL THIS MO.   387
DPTR FM NORMAL   -38    [PRESSURE DATA]
TOTAL FM JAN 1  1535    HIGHEST SLP 30.18 ON 16
DPTR FM NORMAL   161    LOWEST  SLP 29.78 ON  6

[REMARKS]
#FINAL-08-15#
