729
CXUS56 KBOI 231002
CF6BNO
PRELIMINARY LOCAL CLIMATOLOGICAL DATA (WS FORM: F-6)

                                          STATION:   BURNS OR
                                          MONTH:     JUNE
                                          YEAR:      2017
                                          LATITUDE:   43 34 N
                                          LONGITUDE: 118 57 W

  TEMPERATURE IN F:       :PCPN:    SNOW:  WIND      :SUNSHINE: SKY     :PK WND
================================================================================
1   2   3   4   5  6A  6B    7    8   9   10  11  12  13   14  15   16   17  18
                                     12Z  AVG MX 2MIN
DY MAX MIN AVG DEP HDD CDD  WTR  SNW DPTH SPD SPD DIR MIN PSBL S-S WX    SPD DR
================================================================================

 1  73  44  59   4   6   0    T    M    M  7.7 18 190   M    M   6        25 180
 2  77  40  59   4   6   0 0.00    M    M  4.7 12 140   M    M   0        14 140
 3  84  45  65  10   0   0 0.00    M    M  5.5 15 240   M    M   0        19 250
 4  69  40  55  -1  10   0    T    M    M  9.7 25 240   M    M   2 3      34 230
 5  73  30  52  -4  13   0 0.00    M    M  4.5 12 280   M    M   0        16 300
 6  85  38  62   6   3   0 0.00    M    M  7.0 17  50   M    M   0        22  30
 7  83  41  62   6   3   0 0.00    M    M  4.6 14 230   M    M   0        18  20
 8  71  42  57   1   8   0    T    M    M 10.4 30 280   M    M   3        37 290
 9  66  37  52  -4  13   0 0.01    M    M  7.5 26 260   M    M   7        33 260
10  57  29  43 -14  22   0 0.01    M    M  7.6 25 260   M    M   5        31 260
11  58  35  47 -10  18   0 0.02    M    M 12.6 24 310   M    M   8        32 330
12  60  47  54  -3  11   0    T    M    M 20.6 33 310   M    M   8        46 310
13  69  36  53  -5  12   0 0.00    M    M 10.4 17 230   M    M   1        23 260
14  71  29  50  -8  15   0 0.00    M    M  4.9 15 180   M    M   1        19 190
15  74  41  58   0   7   0    T    M    M  8.5 22 240   M    M   8        31 240
16  70  53  62   4   3   0    T    M    M 11.0 22 250   M    M   9        29 260
17  78  39  59   1   6   0 0.00    M    M  7.3 15 270   M    M   1        20 320
18  85  46  66   7   0   1 0.00    M    M  7.6 13 150   M    M   0        24 180
19  95  50  73  14   0   8 0.06    M    M  7.4 21 320   M    M   0 3      29 310
20  92  54  73  14   0   8 0.00    M    M  8.9 26 300   M    M   0        33 300
21  83  42  63   3   2   0 0.00    M    M 11.4 21 280   M    M   0 8      27 290
22  82  38  60   0   5   0 0.00    M    M  8.1 20 290   M    M   0        27 300
================================================================================
SM 1655  896       163  17  0.10    M    187.9          M       59
================================================================================
AV 75.2 40.7                               8.5 FASTST   M    M   3    MAX(MPH)
                                 MISC ---->  # 33 310               # 46  310
================================================================================
NOTES:
# LAST OF SEVERAL OCCURRENCES

COLUMN 17 PEAK WIND IN M.P.H.

PRELIMINARY LOCAL CLIMATOLOGICAL DATA (WS FORM: F-6) , PAGE 2

                                          STATION:  BURNS OR
                                          MONTH:    JUNE
                                          YEAR:     2017
                                          LATITUDE:   43 34 N
                                          LONGITUDE: 118 57 W

[TEMPERATURE DATA]      [PRECIPITATION DATA]       SYMBOLS USED IN COLUMN 16

AVERAGE MONTHLY: 58.0   TOTAL FOR MONTH:   0.10    1 = FOG OR MIST
DPTR FM NORMAL:   0.8   DPTR FM NORMAL:   -0.53    2 = FOG REDUCING VISIBILITY
HIGHEST:    95 ON 19    GRTST 24HR  0.06 ON 19-19      TO 1/4 MILE OR LESS
LOWEST:     29 ON 14,10                            3 = THUNDER
                        SNOW, ICE PELLETS, HAIL    4 = ICE PELLETS
                        TOTAL MONTH:    M          5 = HAIL
                        GRTST 24HR    M  ON   M    6 = FREEZING RAIN OR DRIZZLE
                        GRTST DEPTH:  M  ON   M    7 = DUSTSTORM OR SANDSTORM:
                                                       VSBY 1/2 MILE OR LESS
                                                   8 = SMOKE OR HAZE
[NO. OF DAYS WITH]      [WEATHER - DAYS WITH]      9 = BLOWING SNOW
                                                   X = TORNADO
MAX 32 OR BELOW:   0    0.01 INCH OR MORE:   4
MAX 90 OR ABOVE:   2    0.10 INCH OR MORE:   0
MIN 32 OR BELOW:   3    0.50 INCH OR MORE:   0
MIN  0 OR BELOW:   0    1.00 INCH OR MORE:   0

[HDD (BASE 65) ]
TOTAL THIS MO.   163    CLEAR  (SCALE 0-3)  14
DPTR FM NORMAL   -18    PTCLDY (SCALE 4-7)   6
TOTAL FM JUL 1  7945    CLOUDY (SCALE 8-10)  2
DPTR FM NORMAL   294

[CDD (BASE 65) ]
TOTAL THIS MO.    17
DPTR FM NORMAL     9    [PRESSURE DATA]
TOTAL FM JAN 1    18    HIGHEST SLP M ON M
DPTR FM NORMAL     7    LOWEST  SLP 29.56 ON  7

[REMARKS]
