000
CXUS56 KBOI 221002
CF6BNO
PRELIMINARY LOCAL CLIMATOLOGICAL DATA (WS FORM: F-6)

                                          STATION:   BURNS OR
                                          MONTH:     JANUARY
                                          YEAR:      2017
                                          LATITUDE:   43 34 N
                                          LONGITUDE: 118 57 W

  TEMPERATURE IN F:       :PCPN:    SNOW:  WIND      :SUNSHINE: SKY     :PK WND
================================================================================
1   2   3   4   5  6A  6B    7    8   9   10  11  12  13   14  15   16   17  18
                                     12Z  AVG MX 2MIN
DY MAX MIN AVG DEP HDD CDD  WTR  SNW DPTH SPD SPD DIR MIN PSBL S-S WX    SPD DR
================================================================================

 1  15 -15   0 -24  65   0 0.02    M    M  2.2 10 340   M    M   9 128    11 340
 2  21  -7   7 -17  58   0 0.02    M    M  3.1  9  20   M    M   9 18     11  90
 3  22   2  12 -12  53   0 0.11    M    M  8.2 23  40   M    M  10 18     27  40
 4  25   8  17  -7  48   0 0.22    M    M 13.2 26  40   M    M  10 1      33  30
 5  11 -19  -4 -28  69   0    T    M    M  2.3 13 130   M    M   5 1      16 140
 6   4 -22  -9 -33  74   0    T    M    M  3.3  9 270   M    M   5 12     10 270
 7  18 -18   0 -24  65   0 0.45    M    M  8.8 23  50   M    M   6 12     27  40
 8  39   1  20  -4  45   0 0.48    M    M  8.8 24 170   M    M   8 16     30 160
 9  38  21  30   6  35   0 0.10    M    M  8.5 30 220   M    M   5 1      36 230
10  37  25  31   7  34   0 0.56    M    M  5.0 20 200   M    M   8 1      24 190
11  34   7  21  -3  44   0 0.05    M    M  8.0 24 240   M    M   6 1      29 230
12  25  -4  11 -13  54   0 0.00    M    M  5.5 12 270   M    M   1 1      12 270
13   7 -16  -4 -29  69   0 0.00    M    M  1.8 12 270   M    M   3 128    12 270
14  13 -14   0 -25  65   0 0.00    M    M  2.4  9  30   M    M   4 18      9  30
15   9 -15  -3 -28  68   0 0.00    M    M  1.8  8 260   M    M   0 18      9 290
16  12 -16  -2 -27  67   0 0.00    M    M  1.6 10 270   M    M   1 18     10 270
17  23  -9   7 -18  58   0 0.17    M    M  2.9 10 260   M    M   3 16     14 290
18  33  23  28   3  37   0 0.38    M    M  8.7 18  40   M    M  10 16     21  40
19  36  20  28   3  37   0 0.06    M    M  5.8 15 210   M    M   7 1      17 210
20  32  16  24  -1  41   0 0.33    M    M  9.9 21  70   M    M   9 12     24  60
21  31   5  18  -7  47   0    T    M    M  4.2 13 190   M    M   6 1      15 170
================================================================================
SM  485  -27      1133   0  2.95    M    116.0          M      125
================================================================================
AV 23.1 -1.3                               5.5 FASTST   M    M   6    MAX(MPH)
                                 MISC ---->  # 30 220               # 36  230
================================================================================
NOTES:
# LAST OF SEVERAL OCCURRENCES

COLUMN 17 PEAK WIND IN M.P.H.

PRELIMINARY LOCAL CLIMATOLOGICAL DATA (WS FORM: F-6) , PAGE 2

                                          STATION:  BURNS OR
                                          MONTH:    JANUARY
                                          YEAR:     2017
                                          LATITUDE:   43 34 N
                                          LONGITUDE: 118 57 W

[TEMPERATURE DATA]      [PRECIPITATION DATA]       SYMBOLS USED IN COLUMN 16

AVERAGE MONTHLY: 10.9   TOTAL FOR MONTH:   2.95    1 = FOG OR MIST
DPTR FM NORMAL: -13.5   DPTR FM NORMAL:    2.10    2 = FOG REDUCING VISIBILITY
HIGHEST:    39 ON  8    GRTST 24HR  0.63 ON  7- 8      TO 1/4 MILE OR LESS
LOWEST:    -22 ON  6                               3 = THUNDER
                        SNOW, ICE PELLETS, HAIL    4 = ICE PELLETS
                        TOTAL MONTH:    M          5 = HAIL
                        GRTST 24HR    M  ON   M    6 = FREEZING RAIN OR DRIZZLE
                        GRTST DEPTH:  M  ON   M    7 = DUSTSTORM OR SANDSTORM:
                                                       VSBY 1/2 MILE OR LESS
                                                   8 = SMOKE OR HAZE
[NO. OF DAYS WITH]      [WEATHER - DAYS WITH]      9 = BLOWING SNOW
                                                   X = TORNADO
MAX 32 OR BELOW:  15    0.01 INCH OR MORE:  13
MAX 90 OR ABOVE:   0    0.10 INCH OR MORE:   9
MIN 32 OR BELOW:  21    0.50 INCH OR MORE:   1
MIN  0 OR BELOW:  11    1.00 INCH OR MORE:   0

[HDD (BASE 65) ]
TOTAL THIS MO.  1133    CLEAR  (SCALE 0-3)   4
DPTR FM NORMAL   282    PTCLDY (SCALE 4-7)   9
TOTAL FM JUL 1  4295    CLOUDY (SCALE 8-10)  8
DPTR FM NORMAL   177

[CDD (BASE 65) ]
TOTAL THIS MO.     0
DPTR FM NORMAL     0    [PRESSURE DATA]
TOTAL FM JAN 1     0    HIGHEST SLP M ON M
DPTR FM NORMAL     0    LOWEST  SLP 29.25 ON 20

[REMARKS]
