000
CXUS54 KMAF 261100
CF6BPG
PRELIMINARY LOCAL CLIMATOLOGICAL DATA (WS FORM: F-6)

                                          STATION:   Big Spring McMahon-Wrinkle Fi
                                          MONTH:     FEBRUARY
                                          YEAR:      2015
                                          LATITUDE:   32 12 N
                                          LONGITUDE: 101 31 W

  TEMPERATURE IN F:       :PCPN:    SNOW:  WIND      :SUNSHINE: SKY     :PK WND
================================================================================
1   2   3   4   5  6A  6B    7    8   9   10  11  12  13   14  15   16   17  18
                                     12Z  AVG MX 2MIN
DY MAX MIN AVG DEP HDD CDD  WTR  SNW DPTH SPD SPD DIR MIN PSBL S-S WX    SPD DR
================================================================================

 1  54  38  46   M  19   0 0.00  0.0    0 12.1 25  10   M    M   7        29  10
 2  54  28  41   M  24   0 0.00  0.0    0  8.7 20 160   M    M   1        24 160
 3  59  38  49   M  16   0 0.00  0.0    0 11.8 18 180   M    M   1         M  M
 4  79  33  56   M   9   0 0.00  0.0    0 16.1 32  10   M    M   7        50  10
 5  43  31  37   M  28   0 0.00  0.0    0  6.3 16 360   M    M   6        22 360
 6  72  31  52   M  13   0 0.00  0.0    0  9.1 14 180   M    M   0        20 190
 7  83  41  62   M   3   0 0.00  0.0    0 12.1 20 220   M    M   3        24 230
 8  79  43  61   M   4   0 0.00  0.0    0  9.0 17  20   M    M   0        27 350
 9  79  38  59   M   6   0 0.00  0.0    0  5.4 13 180   M    M   0        17 190
10  84  47  66   M   0   1 0.00  0.0    0  8.3 12 140   M    M   0         M  M
11  63  46  55   M  10   0 0.00  0.0    0 18.1 28  10   M    M   4        37  10
12  54  43  49   M  16   0 0.00  0.0    0  8.4 18 360   M    M  10        25  10
13  72  39  56   M   9   0 0.00  0.0    0  5.8 12 220   M    M   1        17 230
14  74  43  59   M   6   0 0.00  0.0    0  6.9 14 170   M    M   0        10 150
15  79  38  59   M   6   0 0.00  0.0    0 15.2 24  20   M    M   2        30  20
16  47  31  39   M  26   0 0.00  0.0    0 12.4 23 350   M    M   4        29  10
17  47  33  40   M  25   0 0.01    M    0  6.1 13 280   M    M   7        16 100
18  66  31  49   M  16   0 0.00  0.0    0  8.2 17 160   M    M   0        17 200
19  74  40  57   M   8   0 0.00  0.0    0 14.3 24 180   M    M   0        30 180
20  84  47  66   M   0   1 0.00  0.0    0 13.9 20 230   M    M   0        24 230
21  66  46  56   M   9   0 0.00  0.0    0 10.1 18 360   M    M   1        23  20
22  51  23  37   M  28   0 0.02    M    0 16.2 27 360   M    M   8        33  30
23  24  20  22   M  43   0 0.00  0.0    0  9.0 14 360   M    M  10        21  10
24  44  23  34   M  31   0 0.00  0.0    0  2.2  6 230   M    M   7         M  M
25  66  33  50   M  15   0 0.00  0.0    0  8.8 15  50   M    M   1        24 230
================================================================================
SM 1597  904       370   2  0.03     0.0 254.5          M       80
================================================================================
AV 63.9 36.2                              10.2 FASTST   M    M   3    MAX(MPH)
                                 MISC ---->    32   M               # 50   10
================================================================================
NOTES:
# LAST OF SEVERAL OCCURRENCES

COLUMN 17 PEAK WIND IN M.P.H.

PRELIMINARY LOCAL CLIMATOLOGICAL DATA (WS FORM: F-6) , PAGE 2

                                          STATION:  Big Spring McMahon-Wrinkle Fi
                                          MONTH:    FEBRUARY
                                          YEAR:     2015
                                          LATITUDE:   32 12 N
                                          LONGITUDE: 101 31 W

[TEMPERATURE DATA]      [PRECIPITATION DATA]       SYMBOLS USED IN COLUMN 16

AVERAGE MONTHLY: 50.0   TOTAL FOR MONTH:   0.03    1 = FOG OR MIST
DPTR FM NORMAL:     M   DPTR FM NORMAL:       M    2 = FOG REDUCING VISIBILITY
HIGHEST:    84 ON 20,10 GRTST 24HR  0.02 ON 22-22      TO 1/4 MILE OR LESS
LOWEST:     20 ON 23                               3 = THUNDER
                        SNOW, ICE PELLETS, HAIL    4 = ICE PELLETS
                        TOTAL MONTH:   0.0 INCH    5 = HAIL
                        GRTST 24HR     0.0         6 = FREEZING RAIN OR DRIZZLE
                        GRTST DEPTH:   0           7 = DUSTSTORM OR SANDSTORM:
                                                       VSBY 1/2 MILE OR LESS
                                                   8 = SMOKE OR HAZE
[NO. OF DAYS WITH]      [WEATHER - DAYS WITH]      9 = BLOWING SNOW
                                                   X = TORNADO
MAX 32 OR BELOW:   1    0.01 INCH OR MORE:   2
MAX 90 OR ABOVE:   0    0.10 INCH OR MORE:   0
MIN 32 OR BELOW:   8    0.50 INCH OR MORE:   0
MIN  0 OR BELOW:   0    1.00 INCH OR MORE:   0

[HDD (BASE 65) ]
TOTAL THIS MO.   370    CLEAR  (SCALE 0-3)  15
DPTR FM NORMAL     M    PTCLDY (SCALE 4-7)   7
TOTAL FM JUL 1  1841    CLOUDY (SCALE 8-10)  3
DPTR FM NORMAL     M

[CDD (BASE 65) ]
TOTAL THIS MO.     2
DPTR FM NORMAL     M    [PRESSURE DATA]
TOTAL FM JAN 1     2    HIGHEST SLP M ON M
DPTR FM NORMAL     M    LOWEST  SLP M ON M

[REMARKS]
