000
CXUS54 KMAF 301100
CF6BPG
PRELIMINARY LOCAL CLIMATOLOGICAL DATA (WS FORM: F-6)

                                          STATION:   Big Spring McMahon-Wrinkle Fi
                                          MONTH:     AUGUST
                                          YEAR:      2014
                                          LATITUDE:   32 12 N
                                          LONGITUDE: 101 31 W

  TEMPERATURE IN F:       :PCPN:    SNOW:  WIND      :SUNSHINE: SKY     :PK WND
================================================================================
1   2   3   4   5  6A  6B    7    8   9   10  11  12  13   14  15   16   17  18
                                     12Z  AVG MX 2MIN
DY MAX MIN AVG DEP HDD CDD  WTR  SNW DPTH SPD SPD DIR MIN PSBL S-S WX    SPD DR
================================================================================

 1  88  67  78   M   0  13 0.00  0.0    0  6.3 12  90   M    M   2        16  90
 2  87  71  79   M   0  14 0.00  0.0    0  6.0 10  10   M    M   3        18  40
 3  94  67  81   M   0  16 0.00  0.0    0  7.1 12  30   M    M   2        18  30
 4  94  72  83   M   0  18 0.00  0.0    0  7.2 12  70   M    M   2        16  70
 5  95  75  85   M   0  20 0.00  0.0    0  7.8 17 170   M    M   1        21 170
 6 101  74  88   M   0  23 0.00  0.0    0  9.7 16 170   M    M   1        20 170
 7 104  74  89   M   0  24 0.00  0.0    0 10.1 16 140   M    M   1        21 140
 8 102  74  88   M   0  23 0.00  0.0    0  8.2 18  60   M    M   3        27  60
 9 100  74  87   M   0  22 0.00  0.0    0 10.4 17 160   M    M   1        22 150
10 100  75  88   M   0  23 0.00  0.0    0 10.0 20  50   M    M   1        27  30
11  95  74  85   M   0  20 0.10  0.0    0  9.6 16  60   M    M   4 3      21  30
12  94  74  84   M   0  19 0.00  0.0    0  6.1 13 150   M    M   3        16  50
13 100  68  84   M   0  19 0.00  0.0    0  7.0 13 120   M    M   0        22 100
14 100  74  87   M   0  22 0.00  0.0    0 11.5 18 120   M    M   0        23 140
15 102  76  89   M   0  24 0.00  0.0    0 11.7 17 120   M    M   1        23 190
16 100  79  90   M   0  25 0.00  0.0    0  9.0 17 170   M    M   1 3      23 170
17  96  74  85   M   0  20 0.10  0.0    0  8.4 23 110   M    M   1 3      32 110
18  88  72  80   M   0  15 0.42  0.0    0  7.3 17 120   M    M   1 3      17 120
19  94  67  81   M   0  16 0.00  0.0    0 11.2 17 140   M    M   1 3      22 140
20  98  74  86   M   0  21 0.00  0.0    0 15.1 22 170   M    M   1 3      30 160
21 100  78  89   M   0  24 0.00  0.0    0 16.4 23 160   M    M   1        40 180
22 100  79  90   M   0  25 0.00  0.0    0 13.4 20 180   M    M   0        24 180
23 100  74  87   M   0  22 0.00  0.0    0 14.0 20 150   M    M   0        23 180
24 101  76  89   M   0  24 0.00  0.0    0 12.9 18 180   M    M   1 3      24 180
25 100  75  88   M   0  23 0.00  0.0    0 10.2 17 160   M    M   1        18 180
26 100  74  87   M   0  22 0.00  0.0    0  7.1 13 120   M    M   2        20 120
27 100  76  88   M   0  23 0.00  0.0    0  8.8 16 110   M    M   2         M  M
28 100  74  87   M   0  22 1.46  0.0    0 11.7 23 140   M    M   3 3      31  40
29  92  70  81   M   0  16 0.00  0.0    0  8.5 20  50   M    M   3        27  50
================================================================================
SM 2825 2131         0 598  2.08     0.0 282.7          M       43
================================================================================
AV 97.4 73.5                               9.7 FASTST   M    M   1    MAX(MPH)
                                 MISC ---->  # 23 110                 40    M
================================================================================
NOTES:
# LAST OF SEVERAL OCCURRENCES

COLUMN 17 PEAK WIND IN M.P.H.

PRELIMINARY LOCAL CLIMATOLOGICAL DATA (WS FORM: F-6) , PAGE 2

                                          STATION:  Big Spring McMahon-Wrinkle Fi
                                          MONTH:    AUGUST
                                          YEAR:     2014
                                          LATITUDE:   32 12 N
                                          LONGITUDE: 101 31 W

[TEMPERATURE DATA]      [PRECIPITATION DATA]       SYMBOLS USED IN COLUMN 16

AVERAGE MONTHLY: 85.4   TOTAL FOR MONTH:   2.08    1 = FOG OR MIST
DPTR FM NORMAL:     M   DPTR FM NORMAL:       M    2 = FOG REDUCING VISIBILITY
HIGHEST:   104 ON  7    GRTST 24HR  1.46 ON 28-28      TO 1/4 MILE OR LESS
LOWEST:     67 ON 19, 3                            3 = THUNDER
                        SNOW, ICE PELLETS, HAIL    4 = ICE PELLETS
                        TOTAL MONTH:   0.0 INCH    5 = HAIL
                        GRTST 24HR     0.0         6 = FREEZING RAIN OR DRIZZLE
                        GRTST DEPTH:   0           7 = DUSTSTORM OR SANDSTORM:
                                                       VSBY 1/2 MILE OR LESS
                                                   8 = SMOKE OR HAZE
[NO. OF DAYS WITH]      [WEATHER - DAYS WITH]      9 = BLOWING SNOW
                                                   X = TORNADO
MAX 32 OR BELOW:   0    0.01 INCH OR MORE:   4
MAX 90 OR ABOVE:  26    0.10 INCH OR MORE:   4
MIN 32 OR BELOW:   0    0.50 INCH OR MORE:   1
MIN  0 OR BELOW:   0    1.00 INCH OR MORE:   1

[HDD (BASE 65) ]
TOTAL THIS MO.     0    CLEAR  (SCALE 0-3)  28
DPTR FM NORMAL     M    PTCLDY (SCALE 4-7)   1
TOTAL FM JUL 1     0    CLOUDY (SCALE 8-10)  0
DPTR FM NORMAL     M

[CDD (BASE 65) ]
TOTAL THIS MO.   598
DPTR FM NORMAL     M    [PRESSURE DATA]
TOTAL FM JAN 1  2261    HIGHEST SLP M ON M
DPTR FM NORMAL     M    LOWEST  SLP M ON M

[REMARKS]
