000
CXUS55 KDVN 241100
CF6BRL
PRELIMINARY LOCAL CLIMATOLOGICAL DATA (WS FORM: F-6)

                                          STATION:   BURLINGTON IA
                                          MONTH:     JANUARY
                                          YEAR:      2017
                                          LATITUDE:   40 46 N
                                          LONGITUDE:  91  7 W

  TEMPERATURE IN F:       :PCPN:    SNOW:  WIND      :SUNSHINE: SKY     :PK WND
================================================================================
1   2   3   4   5  6A  6B    7    8   9   10  11  12  13   14  15   16   17  18
                                     12Z  AVG MX 2MIN
DY MAX MIN AVG DEP HDD CDD  WTR  SNW DPTH SPD SPD DIR MIN PSBL S-S WX    SPD DR
================================================================================

 1  40  17  29   3  36   0 0.00    M    M  5.7 14 190   M    M   1 1      16 190
 2  39  31  35   9  30   0    T    M    M  6.5 13  20   M    M   9 12     16 100
 3  38  15  27   1  38   0 0.04    M    M 13.8 26 320   M    M   7 1      37 310
 4  19   9  14 -12  51   0    T    M    M 11.4 20 310   M    M   2 18     27 310
 5  14   1   8 -18  57   0 0.01    M    M  7.3 16 320   M    M   6 18     22 310
 6   9  -1   4 -22  61   0 0.00    M    M  6.3 15 320   M    M   2        19 330
 7  23   2  13 -13  52   0 0.00    M    M  7.1 14 340   M    M   3        18 330
 8  24   0  12 -14  53   0 0.00    M    M  8.9 23 180   M    M   4        29 190
 9  39  18  29   3  36   0 0.00    M    M 12.2 21 180   M    M   6        27 150
10  53  25  39  13  26   0 0.11    M    M 13.8 36 250   M    M   9 1      44 240
11  48  22  35   9  30   0    T    M    M 10.7 21 170   M    M   5 1      27 170
12  26  19  23  -3  42   0 0.06    M    M  9.9 17 350   M    M   7 136    23 320
13  26  16  21  -5  44   0 0.00    M    M 10.4 17  10   M    M   3        20  10
14  32  23  28   2  37   0 0.00    M    M  4.2 10 330   M    M   8 18     13 320
15  33  25  29   3  36   0    T    M    M  4.0  9  90   M    M   9 168    13  90
16  40  32  36  10  29   0 1.05    M    M  6.2 15 100   M    M  10 1268   19 110
17  40  35  38  12  27   0    T    M    M  8.6 15 280   M    M  10 12     19 280
18  42  29  36  10  29   0 0.00    M    M  8.0 17 210   M    M   5 1      21 200
19  41  30  36  10  29   0 0.05    M    M  6.3 12  90   M    M   7 12     15 100
20  47  37  42  16  23   0 0.08    M    M  4.5 12 140   M    M  10 12     15 150
21  54  33  44  18  21   0 0.00    M    M  8.2 18 230   M    M   2 12     23 230
22  40  33  37  11  28   0    T    M    M  7.6 15 350   M    M   9 12     20 350
23  39  33  36  10  29   0 0.00    M    M  7.1 13 320   M    M  10        18 320
================================================================================
SM  806  484       844   0  1.40    M    188.7          M      144
================================================================================
AV 35.0 21.0                               8.2 FASTST   M    M   6    MAX(MPH)
                                 MISC ---->  # 36 250               # 44  240
================================================================================
NOTES:
# LAST OF SEVERAL OCCURRENCES

COLUMN 17 PEAK WIND IN M.P.H.

PRELIMINARY LOCAL CLIMATOLOGICAL DATA (WS FORM: F-6) , PAGE 2

                                          STATION:  BURLINGTON IA
                                          MONTH:    JANUARY
                                          YEAR:     2017
                                          LATITUDE:   40 46 N
                                          LONGITUDE:  91  7 W

[TEMPERATURE DATA]      [PRECIPITATION DATA]       SYMBOLS USED IN COLUMN 16

AVERAGE MONTHLY: 28.0   TOTAL FOR MONTH:   1.40    1 = FOG OR MIST
DPTR FM NORMAL:   2.0   DPTR FM NORMAL:    0.47    2 = FOG REDUCING VISIBILITY
HIGHEST:    54 ON 21    GRTST 24HR  1.05 ON 16-16      TO 1/4 MILE OR LESS
LOWEST:     -1 ON  6                               3 = THUNDER
                        SNOW, ICE PELLETS, HAIL    4 = ICE PELLETS
                        TOTAL MONTH:    M          5 = HAIL
                        GRTST 24HR    M  ON   M    6 = FREEZING RAIN OR DRIZZLE
                        GRTST DEPTH:  M  ON   M    7 = DUSTSTORM OR SANDSTORM:
                                                       VSBY 1/2 MILE OR LESS
                                                   8 = SMOKE OR HAZE
[NO. OF DAYS WITH]      [WEATHER - DAYS WITH]      9 = BLOWING SNOW
                                                   X = TORNADO
MAX 32 OR BELOW:   8    0.01 INCH OR MORE:   7
MAX 90 OR ABOVE:   0    0.10 INCH OR MORE:   2
MIN 32 OR BELOW:  18    0.50 INCH OR MORE:   1
MIN  0 OR BELOW:   2    1.00 INCH OR MORE:   1

[HDD (BASE 65) ]
TOTAL THIS MO.   844    CLEAR  (SCALE 0-3)   5
DPTR FM NORMAL   -53    PTCLDY (SCALE 4-7)  10
TOTAL FM JUL 1  2759    CLOUDY (SCALE 8-10)  8
DPTR FM NORMAL  -324

[CDD (BASE 65) ]
TOTAL THIS MO.     0
DPTR FM NORMAL     0    [PRESSURE DATA]
TOTAL FM JAN 1     0    HIGHEST SLP M ON M
DPTR FM NORMAL     0    LOWEST  SLP 29.23 ON 10

[REMARKS]
