000
CXUS54 KBRO 280900
CF6BRO
PRELIMINARY LOCAL CLIMATOLOGICAL DATA (WS FORM: F-6)

                                          STATION:   BROWNSVILLE
                                          MONTH:     DECEMBER
                                          YEAR:      2014
                                          LATITUDE:   25 53 N
                                          LONGITUDE:  97 26 W

  TEMPERATURE IN F:       :PCPN:    SNOW:  WIND      :SUNSHINE: SKY     :PK WND
================================================================================
1   2   3   4   5  6A  6B    7    8   9   10  11  12  13   14  15   16   17  18
                                     12Z  AVG MX 2MIN
DY MAX MIN AVG DEP HDD CDD  WTR  SNW DPTH SPD SPD DIR MIN PSBL S-S WX    SPD DR
================================================================================

 1  82  60  71   6   0   6    T  0.0    0  5.3 15  10   M    M   5 12     20 360
 2  65  50  58  -7   7   0    T  0.0    0 10.3 17 350   M    M  10 18     24  10
 3  72  55  64  -1   1   0 0.01  0.0    0  3.9  9 270   M    M   9 128    12 280
 4  81  62  72   8   0   7    T  0.0    0  4.8 13 150   M    M   5 18     16 150
 5  81  68  75  11   0  10 0.00  0.0    0 10.5 22 160   M    M   4 1      29 150
 6  82  66  74  10   0   9 0.00  0.0    0  3.3 12  60   M    M   9 12     15  40
 7  76  67  72   8   0   7 0.39  0.0    0  5.9 12  50   M    M  10 1      15 350
 8  69  59  64   1   1   0 0.48  0.0    0  7.4 14  10   M    M  10 1      20  30
 9  74  56  65   2   0   0 0.00  0.0    0  5.4 12 360   M    M   4 18     15  50
10  77  57  67   4   0   2 0.00  0.0    0  7.2 18 150   M    M   6 12     24 160
11  77  62  70   7   0   5 0.00  0.0    0  8.1 18 130   M    M   4        23 140
12  78  60  69   6   0   4 0.00  0.0    0  6.3 14 130   M    M   4        16 130
13  78  59  69   7   0   4 0.00  0.0    0  7.3 17 130   M    M   5 1      20 150
14  79  65  72  10   0   7 0.00  0.0    0 13.6 30 160   M    M   2        34 160
15  81  66  74  12   0   9 0.00  0.0    0 10.7 23 180   M    M   3 128    29 180
16  77  64  71   9   0   6 0.00  0.0    0  9.3 22  70   M    M   9 12     27  60
17  78  66  72  10   0   7    T  0.0    0 11.8 24 170   M    M   3 1      30 150
18  80  69  75  13   0  10    T  0.0    0  9.2 20 150   M    M   8 18     24 150
19  74  60  67   5   0   2    T  0.0    0  8.1 16 340   M    M   8 18     21 340
20  62  57  60  -1   5   0 0.00  0.0    0 10.4 16 350   M    M  10 1      23  10
21  67  58  63   2   2   0    T  0.0    0  6.6 12 330   M    M  10 18     15 330
22  78  58  68   7   0   3 0.00  0.0    0 12.0 25 190   M    M   4 1      32 190
23  79  53  66   5   0   1 0.00  0.0    0 14.1 24 360   M    M   5 18     35 330
24  63  41  52  -9  13   0 0.00  0.0    0 11.6 26 320   M    M   1        35 340
25  72  38  55  -6  10   0 0.00  0.0    0 10.4 29 160   M    M   3 18     35 150
26  78  65  72  11   0   7 0.01  0.0    0 15.4 30 180   M    M   7 1      37 170
27  79  52  66   5   0   1 0.04  0.0    0 13.6 25 160   M    M   6 1      32 330
================================================================================
SM 2039 1593        39 107  0.93     0.0 242.5          M      164
================================================================================
AV 75.5 59.0                               9.0 FASTST   M    M   6    MAX(MPH)
                                 MISC ---->  # 30 160               # 37  170
================================================================================
NOTES:
# LAST OF SEVERAL OCCURRENCES

COLUMN 17 PEAK WIND IN M.P.H.

PRELIMINARY LOCAL CLIMATOLOGICAL DATA (WS FORM: F-6) , PAGE 2

                                          STATION:  BROWNSVILLE
                                          MONTH:    DECEMBER
                                          YEAR:     2014
                                          LATITUDE:   25 53 N
                                          LONGITUDE:  97 26 W

[TEMPERATURE DATA]      [PRECIPITATION DATA]       SYMBOLS USED IN COLUMN 16

AVERAGE MONTHLY: 67.3   TOTAL FOR MONTH:   0.93    1 = FOG OR MIST
DPTR FM NORMAL:   4.7   DPTR FM NORMAL:   -0.08    2 = FOG REDUCING VISIBILITY
HIGHEST:    82 ON  6, 1 GRTST 24HR  0.81 ON  7- 8      TO 1/4 MILE OR LESS
LOWEST:     38 ON 25                               3 = THUNDER
                        SNOW, ICE PELLETS, HAIL    4 = ICE PELLETS
                        TOTAL MONTH:   0.0 INCH    5 = HAIL
                        GRTST 24HR     0.0         6 = FREEZING RAIN OR DRIZZLE
                        GRTST DEPTH:   0           7 = DUSTSTORM OR SANDSTORM:
                                                       VSBY 1/2 MILE OR LESS
                                                   8 = SMOKE OR HAZE
[NO. OF DAYS WITH]      [WEATHER - DAYS WITH]      9 = BLOWING SNOW
                                                   X = TORNADO
MAX 32 OR BELOW:   0    0.01 INCH OR MORE:   5
MAX 90 OR ABOVE:   0    0.10 INCH OR MORE:   2
MIN 32 OR BELOW:   0    0.50 INCH OR MORE:   0
MIN  0 OR BELOW:   0    1.00 INCH OR MORE:   0

[HDD (BASE 65) ]
TOTAL THIS MO.    39    CLEAR  (SCALE 0-3)   4
DPTR FM NORMAL  -100    PTCLDY (SCALE 4-7)  15
TOTAL FM JUL 1   152    CLOUDY (SCALE 8-10)  8
DPTR FM NORMAL   -41

[CDD (BASE 65) ]
TOTAL THIS MO.   107
DPTR FM NORMAL    36    [PRESSURE DATA]
TOTAL FM JAN 1  4007    HIGHEST SLP 30.21 ON 12
DPTR FM NORMAL    -9    LOWEST  SLP 29.51 ON 23

[REMARKS]
