000
CXUS53 KGRR 261017
CF6BTL
PRELIMINARY LOCAL CLIMATOLOGICAL DATA (WS FORM: F-6)

                                          STATION:   BATTLE CREEK MI
                                          MONTH:     MAY
                                          YEAR:      2016
                                          LATITUDE:   42 17 N
                                          LONGITUDE:  85 14 W

  TEMPERATURE IN F:       :PCPN:    SNOW:  WIND      :SUNSHINE: SKY     :PK WND
================================================================================
1   2   3   4   5  6A  6B    7    8   9   10  11  12  13   14  15   16   17  18
                                     12Z  AVG MX 2MIN
DY MAX MIN AVG DEP HDD CDD  WTR  SNW DPTH SPD SPD DIR MIN PSBL S-S WX    SPD DR
================================================================================

 1  51  44  48  -6  17   0 0.07    M    M  9.8 20  70   M    M  10 1      25  80
 2  54  43  49  -5  16   0 0.21    M    M  6.9 14  40   M    M  10 1      18  60
 3  65  39  52  -2  13   0 0.00    M    M  6.3 16 290   M    M   5 12     21 310
 4  55  42  49  -6  16   0 0.39    M    M 12.1 25 300   M    M   9 1      30 310
 5  67  45  56   1   9   0 0.01    M    M 10.8 21  10   M    M   6 1      28  40
 6  73  41  57   2   8   0 0.00    M    M  3.9 12 230   M    M   0        15 230
 7  74  49  62   6   3   0    T    M    M 10.0 22 310   M    M   1        28 350
 8  67  42  55  -1  10   0 0.00    M    M  8.1 21 280   M    M   1        30 220
 9  60  39  50  -6  15   0    T    M    M  7.5 18 140   M    M   5        26 140
10  54  48  51  -5  14   0    M    M    M 10.4 18 110   M    M  10 1      26 100
11  69  50  60   3   5   0    M    M    M  5.1 12  70   M    M   8 1      15  70
12  72  56  64   7   1   0 0.48    M    M  8.2 23 290   M    M   7 138    27 290
13  64  48  56  -1   9   0 0.21    M    M 10.9 23 260   M    M   5 1      28 260
14  51  39  45 -13  20   0 0.54    M    M 13.9 31 280   M    M  10 1      38 300
15  48  35  42 -16  23   0    T    M    M 12.2 26 310   M    M   6 8      33 320
16  68  37  53  -5  12   0 0.02    M    M 12.7 26 230   M    M   4        31 240
17  64  48  56  -2   9   0 0.03    M    M  4.6 14  30   M    M   8        17  30
18  65  42  54  -5  11   0 0.00    M    M  5.8 16  40   M    M   2 1      20  30
19  70  39  55  -4  10   0 0.00    M    M  2.7 13 240   M    M   0        16 250
20  69  46  58  -1   7   0 0.00    M    M  6.0 15  70   M    M   0        20 100
21  73  49  61   1   4   0 0.00    M    M  6.9 18  30   M    M   0        24  10
22  73  50  62   2   3   0 0.00    M    M  7.3 17  40   M    M   1 8      23  30
23  77  41  59  -1   6   0 0.00    M    M  3.9 12 210   M    M   0        14 170
24  83  48  66   6   0   1 0.00    M    M  7.6 20 230   M    M   0        26 250
25  84  62  73  12   0   8 0.31    M    M  9.2 18 300   M    M   1 1      24 250
================================================================================
SM 1650 1122       241   9  2.27    M    202.8          M      109
================================================================================
AV 66.0 44.9                               8.1 FASTST   M    M   4    MAX(MPH)
                                 MISC ---->  # 31 280               # 38  300
================================================================================
NOTES:
# LAST OF SEVERAL OCCURRENCES

COLUMN 17 PEAK WIND IN M.P.H.

PRELIMINARY LOCAL CLIMATOLOGICAL DATA (WS FORM: F-6) , PAGE 2

                                          STATION:  BATTLE CREEK MI
                                          MONTH:    MAY
                                          YEAR:     2016
                                          LATITUDE:   42 17 N
                                          LONGITUDE:  85 14 W

[TEMPERATURE DATA]      [PRECIPITATION DATA]       SYMBOLS USED IN COLUMN 16

AVERAGE MONTHLY: 55.4   TOTAL FOR MONTH:   2.27    1 = FOG OR MIST
DPTR FM NORMAL:  -1.8   DPTR FM NORMAL:   -0.75    2 = FOG REDUCING VISIBILITY
HIGHEST:    84 ON 25    GRTST 24HR  0.75 ON 13-14      TO 1/4 MILE OR LESS
LOWEST:     35 ON 15                               3 = THUNDER
                        SNOW, ICE PELLETS, HAIL    4 = ICE PELLETS
                        TOTAL MONTH:    M          5 = HAIL
                        GRTST 24HR    M  ON   M    6 = FREEZING RAIN OR DRIZZLE
                        GRTST DEPTH:  M  ON   M    7 = DUSTSTORM OR SANDSTORM:
                                                       VSBY 1/2 MILE OR LESS
                                                   8 = SMOKE OR HAZE
[NO. OF DAYS WITH]      [WEATHER - DAYS WITH]      9 = BLOWING SNOW
                                                   X = TORNADO
MAX 32 OR BELOW:   0    0.01 INCH OR MORE:  10
MAX 90 OR ABOVE:   0    0.10 INCH OR MORE:   6
MIN 32 OR BELOW:   0    0.50 INCH OR MORE:   1
MIN  0 OR BELOW:   0    1.00 INCH OR MORE:   0

[HDD (BASE 65) ]
TOTAL THIS MO.   241    CLEAR  (SCALE 0-3)  11
DPTR FM NORMAL    25    PTCLDY (SCALE 4-7)   9
TOTAL FM JUL 1  5415    CLOUDY (SCALE 8-10)  5
DPTR FM NORMAL -1190

[CDD (BASE 65) ]
TOTAL THIS MO.     9
DPTR FM NORMAL   -11    [PRESSURE DATA]
TOTAL FM JAN 1    11    HIGHEST SLP M ON M
DPTR FM NORMAL   -16    LOWEST  SLP 29.56 ON  4

[REMARKS]
