000
CXUS54 KTSA 270840
CF6BVO
PRELIMINARY LOCAL CLIMATOLOGICAL DATA (WS FORM: F-6)

                                          STATION:   BARTLESVILLE OKLAHOMA
                                          MONTH:     JULY
                                          YEAR:      2015
                                          LATITUDE:   36 45 N
                                          LONGITUDE:  96  0 W

  TEMPERATURE IN F:       :PCPN:    SNOW:  WIND      :SUNSHINE: SKY     :PK WND
================================================================================
1   2   3   4   5  6A  6B    7    8   9   10  11  12  13   14  15   16   17  18
                                     12Z  AVG MX 2MIN
DY MAX MIN AVG DEP HDD CDD  WTR  SNW DPTH SPD SPD DIR MIN PSBL S-S WX    SPD DR
================================================================================

 1  95  77  86   6   0  21 0.00  0.0    0  9.6 16 210   M    M   0        23 200
 2  90  70  80   0   0  15 0.00  0.0    0  5.5 14  20   M    M   1        21 210
 3  90  67  79  -1   0  14 0.00  0.0    0  3.0 18  20   M    M   2 1      23  20
 4  91  66  79  -1   0  14 0.00  0.0    0  2.7  9 100   M    M   2 1      14 190
 5  96  68  82   2   0  17 0.00  0.0    0  6.9 14 190   M    M   1 1      20 200
 6  92  71  82   1   0  17 0.35  0.0    0  8.0 16 170   M    M   4 13     25 220
 7  74  65  70 -11   0   5 0.10  0.0    0  6.3 17  20   M    M   9 1      21  10
 8  76  64  70 -11   0   5 1.59  0.0    0  1.8 14  20   M    M   9 1      16  10
 9  75  67  71 -10   0   6 1.49  0.0    0  2.6 15  10   M    M   9 123    21 140
10  90  68  79  -2   0  14 0.00  0.0    0  5.3 14 200   M    M   4 123    20 220
11  92  69  81   0   0  16 0.00  0.0    0  6.7 17 210   M    M   1 18     23 210
12  94  69  82   1   0  17 0.00  0.0    0  6.5 16 210   M    M   0 18     22 200
13  97  71  84   3   0  19 0.00  0.0    0  6.1 15 190   M    M   0        20 190
14  94  74  84   3   0  19 0.00  0.0    0  4.5 16 150   M    M   0        22 130
15  96  74  85   4   0  20 0.00  0.0    0  4.3 14 210   M    M   0 1      19 180
16  94  71  83   2   0  18 0.00  0.0    0  7.4 15 200   M    M   0        22 210
17  93  75  84   3   0  19 0.00  0.0    0  6.5 15 160   M    M   1        20 150
18  96  74  85   4   0  20 0.00  0.0    0  7.7 17 200   M    M   0        24 180
19  97  73  85   4   0  20 0.00  0.0    0  5.4 15 150   M    M   0        21 170
20  98  73  86   4   0  21 0.00  0.0    0  3.0 10 170   M    M   1        15 170
21  82  73  78  -4   0  13 0.82  0.0    0  2.6  9 140   M    M   6 13     16 220
22  88  71  80  -2   0  15 0.00  0.0    0  2.0  8 140   M    M   8 3      11 140
23  90  73  82   0   0  17 0.69  0.0    0  2.4 13 290   M    M   2 13     20 300
24  97  73  85   3   0  20 0.00  0.0    0  3.6 10 220   M    M   2 12     13 220
25  95  73  84   2   0  19 0.00  0.0    0  3.4 13 200   M    M   0 1      17 150
26  95  72  84   2   0  19 0.00  0.0    0  3.5 12 160   M    M   0 1      17 160
================================================================================
SM 2367 1841         0 420  5.04     0.0 127.3          M       62
================================================================================
AV 91.0 70.8                               4.9 FASTST   M    M   2    MAX(MPH)
                                 MISC ---->  # 18  20               # 25  220
================================================================================
NOTES:
# LAST OF SEVERAL OCCURRENCES

COLUMN 17 PEAK WIND IN M.P.H.

PRELIMINARY LOCAL CLIMATOLOGICAL DATA (WS FORM: F-6) , PAGE 2

                                          STATION:  BARTLESVILLE OKLAHOMA
                                          MONTH:    JULY
                                          YEAR:     2015
                                          LATITUDE:   36 45 N
                                          LONGITUDE:  96  0 W

[TEMPERATURE DATA]      [PRECIPITATION DATA]       SYMBOLS USED IN COLUMN 16

AVERAGE MONTHLY: 80.9   TOTAL FOR MONTH:   5.04    1 = FOG OR MIST
DPTR FM NORMAL:  -0.2   DPTR FM NORMAL:    2.05    2 = FOG REDUCING VISIBILITY
HIGHEST:    98 ON 20    GRTST 24HR  1.68 ON  7- 8      TO 1/4 MILE OR LESS
LOWEST:     64 ON  8                               3 = THUNDER
                        SNOW, ICE PELLETS, HAIL    4 = ICE PELLETS
                        TOTAL MONTH:   0.0 INCH    5 = HAIL
                        GRTST 24HR     0.0         6 = FREEZING RAIN OR DRIZZLE
                        GRTST DEPTH:   0           7 = DUSTSTORM OR SANDSTORM:
                                                       VSBY 1/2 MILE OR LESS
                                                   8 = SMOKE OR HAZE
[NO. OF DAYS WITH]      [WEATHER - DAYS WITH]      9 = BLOWING SNOW
                                                   X = TORNADO
MAX 32 OR BELOW:   0    0.01 INCH OR MORE:   6
MAX 90 OR ABOVE:  21    0.10 INCH OR MORE:   6
MIN 32 OR BELOW:   0    0.50 INCH OR MORE:   4
MIN  0 OR BELOW:   0    1.00 INCH OR MORE:   2

[HDD (BASE 65) ]
TOTAL THIS MO.     0    CLEAR  (SCALE 0-3)  19
DPTR FM NORMAL     0    PTCLDY (SCALE 4-7)   4
TOTAL FM JUL 1     0    CLOUDY (SCALE 8-10)  3
DPTR FM NORMAL     0

[CDD (BASE 65) ]
TOTAL THIS MO.   420
DPTR FM NORMAL     9    [PRESSURE DATA]
TOTAL FM JAN 1   960    HIGHEST SLP M ON M
DPTR FM NORMAL    29    LOWEST  SLP 29.70 ON 13

[REMARKS]
