000
CXUS54 KLZK 291130
CF6BVX
PRELIMINARY LOCAL CLIMATOLOGICAL DATA (WS FORM: F-6)

                                          STATION:   Batesville Regional Airport
                                          MONTH:     APRIL
                                          YEAR:      2016
                                          LATITUDE:   35 43 N
                                          LONGITUDE:  91 39 W

  TEMPERATURE IN F:       :PCPN:    SNOW:  WIND      :SUNSHINE: SKY     :PK WND
================================================================================
1   2   3   4   5  6A  6B    7    8   9   10  11  12  13   14  15   16   17  18
                                     12Z  AVG MX 2MIN
DY MAX MIN AVG DEP HDD CDD  WTR  SNW DPTH SPD SPD DIR MIN PSBL S-S WX    SPD DR
================================================================================

 1  59  46  53  -1  12   0 0.00    M    M  6.3  9 320   M    M   0        17 300
 2  70  39  55   0  10   0 0.00    M    M  7.6 15 270   M    M   0        22 270
 3  75  39  57   2   8   0 0.00    M    M  6.1 14 220   M    M   0        23 220
 4  82  55  69  14   0   4 0.00    M    M  6.5 13 260   M    M   0        18 260
 5  63  46  55  -1  10   0 0.00    M    M  9.7 16  90   M    M   0        20  70
 6  72  52  62   6   3   0 0.07    M    M  9.2 27 230   M    M   3        38 230
 7  75  46  61   5   4   0 0.00    M    M  7.4 15 310   M    M   1        25 310
 8  66  43  55  -2  10   0 0.00    M    M  6.9 15 290   M    M   0        27 290
 9  61  41  51  -6  14   0 0.00    M    M  6.2 13  90   M    M   1        17  90
10  81  50  66   9   0   1 0.03    M    M  8.6 20 210   M    M   6        32 200
11  70  52  61   3   4   0 0.13    M    M  7.4 16 240   M    M   6        21 240
12  64  45  55  -3  10   0 0.00    M    M  5.8 13  60   M    M   1        16  40
13  59  39  49  -9  16   0 0.01    M    M  3.0 10 100   M    M   5         M  M
14  70  46  58   0   7   0 0.02    M    M  3.1  9  90   M    M   7         M  M
15  72  55  64   5   1   0 0.02    M    M  8.2 15  90   M    M  10        20  90
16  72  59  66   7   0   1 0.00    M    M  8.1 14  60   M    M  10        16  70
17  81  57  69  10   0   4 0.00    M    M  7.6 14 110   M    M   3        18 120
18  79  55  67   7   0   2 0.00    M    M  4.6 10 140   M    M   1        17 150
19  70  59  65   5   0   0 0.32    M    M  4.6 14 100   M    M  10        20 130
20  70  59  65   5   0   0 0.47    M    M  3.3  7 170   M    M   9         M  M
21  77  54  66   5   0   1 0.00    M    M  3.5 12 260   M    M   6        16 180
22  79  52  66   5   0   1 0.00    M    M  4.7  9 320   M    M   2        16 320
23  81  50  66   5   0   1 0.00    M    M  3.4  9 100   M    M   0         M  M
24  81  54  68   6   0   3 0.00    M    M  5.8 16 150   M    M   2        21 150
25  81  61  71   9   0   6 0.00    M    M  8.2 13 190   M    M   4        21 190
26  81  64  73  11   0   8 0.00    M    M  6.6 18  70   M    M   7        17 170
27  81  59  70   8   0   5 0.08    M    M  6.2 13 160   M    M   3 3      21 160
28  82  54  68   5   0   3 0.00    M    M  3.0  9 260   M    M   1         M  M
================================================================================
SM 2054 1431       109  40  1.15    M    171.6          M       98
================================================================================
AV 73.4 51.1                               6.1 FASTST   M    M   4    MAX(MPH)
                                 MISC ---->  # 27 230               # 38  230
================================================================================
NOTES:
# LAST OF SEVERAL OCCURRENCES

COLUMN 17 PEAK WIND IN M.P.H.

PRELIMINARY LOCAL CLIMATOLOGICAL DATA (WS FORM: F-6) , PAGE 2

                                          STATION:  Batesville Regional Airport
                                          MONTH:    APRIL
                                          YEAR:     2016
                                          LATITUDE:   35 43 N
                                          LONGITUDE:  91 39 W

[TEMPERATURE DATA]      [PRECIPITATION DATA]       SYMBOLS USED IN COLUMN 16

AVERAGE MONTHLY: 62.2   TOTAL FOR MONTH:   1.15    1 = FOG OR MIST
DPTR FM NORMAL:   3.6   DPTR FM NORMAL:   -3.19    2 = FOG REDUCING VISIBILITY
HIGHEST:    82 ON 28, 4 GRTST 24HR  0.47 ON 20-20      TO 1/4 MILE OR LESS
LOWEST:     39 ON 13, 3                            3 = THUNDER
                        SNOW, ICE PELLETS, HAIL    4 = ICE PELLETS
                        TOTAL MONTH:    M          5 = HAIL
                        GRTST 24HR    M  ON   M    6 = FREEZING RAIN OR DRIZZLE
                        GRTST DEPTH:  M  ON   M    7 = DUSTSTORM OR SANDSTORM:
                                                       VSBY 1/2 MILE OR LESS
                                                   8 = SMOKE OR HAZE
[NO. OF DAYS WITH]      [WEATHER - DAYS WITH]      9 = BLOWING SNOW
                                                   X = TORNADO
MAX 32 OR BELOW:   0    0.01 INCH OR MORE:   9
MAX 90 OR ABOVE:   0    0.10 INCH OR MORE:   3
MIN 32 OR BELOW:   0    0.50 INCH OR MORE:   0
MIN  0 OR BELOW:   0    1.00 INCH OR MORE:   0

[HDD (BASE 65) ]
TOTAL THIS MO.   109    CLEAR  (SCALE 0-3)  15
DPTR FM NORMAL   -98    PTCLDY (SCALE 4-7)   9
TOTAL FM JUL 1  2630    CLOUDY (SCALE 8-10)  4
DPTR FM NORMAL -1104

[CDD (BASE 65) ]
TOTAL THIS MO.    40
DPTR FM NORMAL     9    [PRESSURE DATA]
TOTAL FM JAN 1    52    HIGHEST SLP M ON M
DPTR FM NORMAL    16    LOWEST  SLP M ON M

[REMARKS]
