000
CXUS53 KLMK 210800
CF6BWG
PRELIMINARY LOCAL CLIMATOLOGICAL DATA (WS FORM: F-6)

                                          STATION:   BOWLING GREEN KY
                                          MONTH:     JULY
                                          YEAR:      2017
                                          LATITUDE:   36 58 N
                                          LONGITUDE:  86 26 W

  TEMPERATURE IN F:       :PCPN:    SNOW:  WIND      :SUNSHINE: SKY     :PK WND
================================================================================
1   2   3   4   5  6A  6B    7    8   9   10  11  12  13   14  15   16   17  18
                                     12Z  AVG MX 2MIN
DY MAX MIN AVG DEP HDD CDD  WTR  SNW DPTH SPD SPD DIR MIN PSBL S-S WX    SPD DR
================================================================================

 1  88  68  78   0   0  13 0.46  0.0    0  4.9 15 190   M    M   2 13     19 200
 2  87  67  77  -1   0  12 0.04  0.0    0  3.0 15 170   M    M   6 123    17 160
 3  87  69  78   0   0  13 0.86  0.0    0  3.2 26 200   M    M   4 123    35 200
 4  84  72  78   0   0  13 0.14  0.0    0  3.6 14 300   M    M   9 1      17 300
 5  83  70  77  -1   0  12 0.92  0.0    0  3.8 25 260   M    M   4 1238   35 270
 6  88  72  80   2   0  15 0.22  0.0    0  7.2 21 220   M    M   4 1      27 250
 7  88  71  80   1   0  15 0.00  0.0    0  5.9 14 230   M    M   5 123    18 250
 8  87  68  78  -1   0  13 0.41  0.0    0  4.6 23  30   M    M   3 13     30  30
 9  89  64  77  -2   0  12 0.00  0.0    0  3.6  9 290   M    M   2 1      13  30
10  91  69  80   1   0  15 0.00  0.0    0  7.3 21 210   M    M   0        25 210
11  92  69  81   2   0  16 0.00  0.0    0  6.3 15 240   M    M   0        21 220
12  93  69  81   2   0  16 0.00  0.0    0  6.4 16 210   M    M   2 3      22 220
13  92  77  85   6   0  20 0.05  0.0    0  7.6 16 270   M    M   2 8      21 260
14  92  76  84   5   0  19 0.00  0.0    0  3.6 13 270   M    M   2        16 290
15  89  69  79   0   0  14    T  0.0    0  3.3 14  50   M    M   3 1      16  50
16  88  65  77  -2   0  12 0.00  0.0    0  1.9 10 270   M    M   0        13 280
17  90  66  78  -1   0  13 0.00  0.0    0  1.9 12  50   M    M   0 1      15  70
18  92  67  80   1   0  15 0.00  0.0    0  2.3  9 140   M    M   2        13 330
19  94  72  83   4   0  18 0.00  0.0    0  3.5 10 260   M    M   0 1      19 280
20  94  73  84   5   0  19 0.00  0.0    0  3.8 12 260   M    M   1        15 280
================================================================================
SM 1788 1393         0 295  3.10     0.0  87.7          M       51
================================================================================
AV 89.4 69.7                               4.4 FASTST   M    M   3    MAX(MPH)
                                 MISC ---->  # 26 200               # 35  200
================================================================================
NOTES:
# LAST OF SEVERAL OCCURRENCES

COLUMN 17 PEAK WIND IN M.P.H.

PRELIMINARY LOCAL CLIMATOLOGICAL DATA (WS FORM: F-6) , PAGE 2

                                          STATION:  BOWLING GREEN KY
                                          MONTH:    JULY
                                          YEAR:     2017
                                          LATITUDE:   36 58 N
                                          LONGITUDE:  86 26 W

[TEMPERATURE DATA]      [PRECIPITATION DATA]       SYMBOLS USED IN COLUMN 16

AVERAGE MONTHLY: 79.5   TOTAL FOR MONTH:   3.10    1 = FOG OR MIST
DPTR FM NORMAL:   0.8   DPTR FM NORMAL:    0.27    2 = FOG REDUCING VISIBILITY
HIGHEST:    94 ON 20,19 GRTST 24HR  0.92 ON  5- 5      TO 1/4 MILE OR LESS
LOWEST:     64 ON  9                               3 = THUNDER
                        SNOW, ICE PELLETS, HAIL    4 = ICE PELLETS
                        TOTAL MONTH:   0.0 INCH    5 = HAIL
                        GRTST 24HR     0.0         6 = FREEZING RAIN OR DRIZZLE
                        GRTST DEPTH:   0           7 = DUSTSTORM OR SANDSTORM:
                                                       VSBY 1/2 MILE OR LESS
                                                   8 = SMOKE OR HAZE
[NO. OF DAYS WITH]      [WEATHER - DAYS WITH]      9 = BLOWING SNOW
                                                   X = TORNADO
MAX 32 OR BELOW:   0    0.01 INCH OR MORE:   8
MAX 90 OR ABOVE:   9    0.10 INCH OR MORE:   6
MIN 32 OR BELOW:   0    0.50 INCH OR MORE:   2
MIN  0 OR BELOW:   0    1.00 INCH OR MORE:   0

[HDD (BASE 65) ]
TOTAL THIS MO.     0    CLEAR  (SCALE 0-3)  13
DPTR FM NORMAL     0    PTCLDY (SCALE 4-7)   6
TOTAL FM JUL 1     0    CLOUDY (SCALE 8-10)  1
DPTR FM NORMAL     0

[CDD (BASE 65) ]
TOTAL THIS MO.   295
DPTR FM NORMAL    20    [PRESSURE DATA]
TOTAL FM JAN 1   829    HIGHEST SLP M ON M
DPTR FM NORMAL    96    LOWEST  SLP 29.87 ON  7

[REMARKS]
