555
CXUS51 KLWX 290620
CF6BWI
PRELIMINARY LOCAL CLIMATOLOGICAL DATA (WS FORM: F-6)

                                          STATION:   BALTIMORE MD
                                          MONTH:     APRIL
                                          YEAR:      2016
                                          LATITUDE:   39 10 N
                                          LONGITUDE:  76 40 W

  TEMPERATURE IN F:       :PCPN:    SNOW:  WIND      :SUNSHINE: SKY     :PK WND
================================================================================
1   2   3   4   5  6A  6B    7    8   9   10  11  12  13   14  15   16   17  18
                                     12Z  AVG MX 2MIN
DY MAX MIN AVG DEP HDD CDD  WTR  SNW DPTH SPD SPD DIR MIN PSBL S-S WX    SPD DR
================================================================================

 1  83  62  73  24   0   8 0.02  0.0    0 10.2 31 290   M    M   8 13     39 290
 2  65  42  54   5  11   0 0.12  0.0    0  8.6 38 290   M    M   9 13     50 290
 3  50  35  43  -7  22   0 0.00  0.0    0 15.3 37 310   M    M   2        53 290
 4  71  33  52   2  13   0 0.13  0.0    0  9.1 25 310   M    M   7 1      33 330
 5  45  28  37 -13  28   0 0.00  0.0    0  9.9 22 340   M    M   2        32 360
 6  53  24  39 -11  26   0 0.00  0.0    0  7.0 20 140   M    M   6        27 150
 7  63  45  54   3  11   0 0.45    T    0  9.6 25 270   M    M   8 15     35 270
 8  52  35  44  -7  21   0 0.00  0.0    0 11.5 25 280   M    M   6        34 260
 9  49  32  41 -11  24   0 0.21    T    0 10.9 29 280   M    M   8 148    38 280
10  51  26  39 -13  26   0 0.00  0.0    0  6.9 15 230   M    M   4        22 220
11  74  45  60   8   5   0    T  0.0    0  9.1 20 200   M    M   8        30 190
12  68  47  58   5   7   0 0.05  0.0    0 10.6 22 300   M    M   6 1      33 210
13  57  39  48  -5  17   0 0.00  0.0    0  6.4 15  60   M    M   1        23  50
14  61  33  47  -6  18   0 0.00  0.0    0  4.2 13  90   M    M   1        17  20
15  62  34  48  -6  17   0 0.00  0.0    0  4.0 14 100   M    M   1        19  30
16  67  35  51  -3  14   0 0.00  0.0    0  5.7 15 100   M    M   1        19  30
17  76  38  57   3   8   0 0.00  0.0    0  1.6 12 300   M    M   1        18 310
18  83  42  63   9   2   0 0.00  0.0    0  4.9 16 290   M    M   4 8      24 340
19  83  55  69  14   0   4 0.00  0.0    0 10.0 20 330   M    M   7 8      30 360
20  71  40  56   1   9   0 0.00  0.0    0  4.9 15 100   M    M   3 8      22  30
21  76  43  60   4   5   0 0.00  0.0    0  4.5 16 200   M    M   7 8      23 200
22  74  61  68  12   0   3    T  0.0    0  7.0 15 240   M    M   9        21 230
23  70  53  62   6   3   0 0.09  0.0    0  8.6 17  20   M    M   6 1      26 330
24  70  43  57   1   8   0 0.00  0.0    0  4.8 14  30   M    M   3        22  30
25  79  44  62   5   3   0 0.00  0.0    0  4.4 14 120   M    M   6        17 120
26  86  59  73  16   0   8 0.00  0.0    0 11.1 26 280   M    M   6        38 280
27  68  50  59   2   6   0 0.01  0.0    0  8.3 20  60   M    M  10 1      25  80
28  55  46  51  -7  14   0 0.14  0.0    0  9.3 18 100   M    M  10 18     23  90
================================================================================
SM 1862 1169       318  23  1.22    T    218.4          M      150
================================================================================
AV 66.5 41.8                               7.8 FASTST   M    M   5    MAX(MPH)
                                 MISC ---->  # 38 290               # 53  290
================================================================================
NOTES:
# LAST OF SEVERAL OCCURRENCES

COLUMN 17 PEAK WIND IN M.P.H.

PRELIMINARY LOCAL CLIMATOLOGICAL DATA (WS FORM: F-6) , PAGE 2

                                          STATION:  BALTIMORE MD
                                          MONTH:    APRIL
                                          YEAR:     2016
                                          LATITUDE:   39 10 N
                                          LONGITUDE:  76 40 W

[TEMPERATURE DATA]      [PRECIPITATION DATA]       SYMBOLS USED IN COLUMN 16

AVERAGE MONTHLY: 54.1   TOTAL FOR MONTH:   1.22    1 = FOG OR MIST
DPTR FM NORMAL:   0.8   DPTR FM NORMAL:   -1.76    2 = FOG REDUCING VISIBILITY
HIGHEST:    86 ON 26    GRTST 24HR  0.45 ON  7- 7      TO 1/4 MILE OR LESS
LOWEST:     24 ON  6                               3 = THUNDER
                        SNOW, ICE PELLETS, HAIL    4 = ICE PELLETS
                        TOTAL MONTH:    T          5 = HAIL
                        GRTST 24HR    T  ON  9- 9  6 = FREEZING RAIN OR DRIZZLE
                        GRTST DEPTH:   0           7 = DUSTSTORM OR SANDSTORM:
                                                       VSBY 1/2 MILE OR LESS
                                                   8 = SMOKE OR HAZE
[NO. OF DAYS WITH]      [WEATHER - DAYS WITH]      9 = BLOWING SNOW
                                                   X = TORNADO
MAX 32 OR BELOW:   0    0.01 INCH OR MORE:   9
MAX 90 OR ABOVE:   0    0.10 INCH OR MORE:   5
MIN 32 OR BELOW:   4    0.50 INCH OR MORE:   0
MIN  0 OR BELOW:   0    1.00 INCH OR MORE:   0

[HDD (BASE 65) ]
TOTAL THIS MO.   318    CLEAR  (SCALE 0-3)   7
DPTR FM NORMAL   -20    PTCLDY (SCALE 4-7)  16
TOTAL FM JUL 1  3799    CLOUDY (SCALE 8-10)  5
DPTR FM NORMAL  -800

[CDD (BASE 65) ]
TOTAL THIS MO.    23
DPTR FM NORMAL    13    [PRESSURE DATA]
TOTAL FM JAN 1    27    HIGHEST SLP M ON M
DPTR FM NORMAL    16    LOWEST  SLP 29.39 ON  2

[REMARKS]
