000
CXUS55 KPIH 251200
CF6BYI

PRELIMINARY LOCAL CLIMATOLOGICAL DATA (WS FORM: F-6)

                                          STATION:   BURLEY ID
                                          MONTH:     MAY
                                          YEAR:      2016
                                          LATITUDE:   42 32 N
                                          LONGITUDE: 113 46 W

  TEMPERATURE IN F:       :PCPN:    SNOW:  WIND      :SUNSHINE: SKY     :PK WND
================================================================================
1   2   3   4   5  6A  6B    7    8   9   10  11  12  13   14  15   16   17  18
                                     12Z  AVG MX 2MIN
DY MAX MIN AVG DEP HDD CDD  WTR  SNW DPTH SPD SPD DIR MIN PSBL S-S WX    SPD DR
================================================================================

 1  63  41  52   2  13   0 0.00    M    M  9.2 20  80   M    M   2        25  90
 2  68  32  50   0  15   0 0.00    M    M  3.3  9  80   M    M   0        12  80
 3  75  36  56   6   9   0 0.00    M    M  3.9 14 120   M    M   0        18 120
 4  78  40  59   8   6   0 0.00    M    M  4.3 15 170   M    M   0        22 190
 5  81  49  65  14   0   0 0.01    M    M  5.3 18 170   M    M   0        25 130
 6  67  49  58   7   7   0 0.33    M    M 11.3 29 200   M    M   2 13     35 150
 7  62  46  54   2  11   0 0.03    M    M  6.3 16  10   M    M   5 1      20  10
 8  71  50  61   9   4   0 0.01    M    M 10.8 22 270   M    M   6        29 280
 9  58  41  50  -2  15   0    T    M    M 19.6 29 290   M    M   0        42 290
10  57  39  48  -5  17   0 0.08    M    M  8.2 22 340   M    M   4        30 330
11  64  32  48  -5  17   0 0.00    M    M  4.0 13 180   M    M   0        16 190
12  75  44  60   7   5   0 0.00    M    M  8.9 18 190   M    M   0        23 190
13  83  52  68  15   0   3 0.00    M    M  5.8 16 190   M    M   0        26 120
14  82  50  66  12   0   1    T    M    M 11.5 32 250   M    M   0 3      45 240
15  65  46  56   2   9   0 0.22    M    M 10.4 29 260   M    M   4 13     43 290
16  63  45  54   0  11   0 0.00    M    M  8.7 17 250   M    M   6        23 250
17  67  46  57   3   8   0 0.00    M    M  5.9 12 320   M    M   6        19 280
18  76  43  60   5   5   0 0.00    M    M  7.0 16 260   M    M   0        21 270
19  66  47  57   2   8   0 0.27    M    M  9.4 29 290   M    M   4 13     40 230
20  52  45  49  -6  16   0 0.26    M    M  5.7 18 260   M    M   7 1      24 250
21  57  39  48  -8  17   0 0.06    M    M  5.7 21 290   M    M   6        30 290
22  57  35  46 -10  19   0    T    M    M  8.6 25 230   M    M   2 3      30 230
23  66  36  51  -5  14   0 0.00    M    M  5.8 18 170   M    M   2        24 170
24  64  39  52  -4  13   0    T    M    M  6.3 18 200   M    M   5        25 210
================================================================================
SM 1617 1022       239   4  1.27    M    185.9          M       61
================================================================================
AV 67.4 42.6                               7.7 FASTST   M    M   3    MAX(MPH)
                                 MISC ---->  # 32 250               # 45  240
================================================================================
NOTES:
# LAST OF SEVERAL OCCURRENCES
PRECIPITATION SUSPECT DURING FREEZING/FROZEN EVENTS

COLUMN 17 PEAK WIND IN M.P.H.

PRELIMINARY LOCAL CLIMATOLOGICAL DATA (WS FORM: F-6) , PAGE 2

                                          STATION:  BURLEY ID
                                          MONTH:    MAY
                                          YEAR:     2016
                                          LATITUDE:   42 32 N
                                          LONGITUDE: 113 46 W

[TEMPERATURE DATA]      [PRECIPITATION DATA]       SYMBOLS USED IN COLUMN 16

AVERAGE MONTHLY: 55.0   TOTAL FOR MONTH:   1.27    1 = FOG OR MIST
DPTR FM NORMAL:   1.8   DPTR FM NORMAL:    0.17    2 = FOG REDUCING VISIBILITY
HIGHEST:    83 ON 13    GRTST 24HR  0.34 ON  5- 6      TO 1/4 MILE OR LESS
LOWEST:     32 ON 11, 2                            3 = THUNDER
                        SNOW, ICE PELLETS, HAIL    4 = ICE PELLETS
                        TOTAL MONTH:    M          5 = HAIL
                        GRTST 24HR    M  ON   M    6 = FREEZING RAIN OR DRIZZLE
                        GRTST DEPTH:  M  ON   M    7 = DUSTSTORM OR SANDSTORM:
                                                       VSBY 1/2 MILE OR LESS
                                                   8 = SMOKE OR HAZE
[NO. OF DAYS WITH]      [WEATHER - DAYS WITH]      9 = BLOWING SNOW
                                                   X = TORNADO
MAX 32 OR BELOW:   0    0.01 INCH OR MORE:   9
MAX 90 OR ABOVE:   0    0.10 INCH OR MORE:   4
MIN 32 OR BELOW:   2    0.50 INCH OR MORE:   0
MIN  0 OR BELOW:   0    1.00 INCH OR MORE:   0

[HDD (BASE 65) ]
TOTAL THIS MO.   239    CLEAR  (SCALE 0-3)  14
DPTR FM NORMAL   -47    PTCLDY (SCALE 4-7)  10
TOTAL FM JUL 1  5849    CLOUDY (SCALE 8-10)  0
DPTR FM NORMAL  -825

[CDD (BASE 65) ]
TOTAL THIS MO.     4
DPTR FM NORMAL     4    [PRESSURE DATA]
TOTAL FM JAN 1     4    HIGHEST SLP M ON M
DPTR FM NORMAL     4    LOWEST  SLP 29.52 ON  8

[REMARKS]
