000
CXUS55 KPIH 231200
CF6BYI

PRELIMINARY LOCAL CLIMATOLOGICAL DATA (WS FORM: F-6)

                                          STATION:   BURLEY ID
                                          MONTH:     MARCH
                                          YEAR:      2017
                                          LATITUDE:   42 32 N
                                          LONGITUDE: 113 46 W

  TEMPERATURE IN F:       :PCPN:    SNOW:  WIND      :SUNSHINE: SKY     :PK WND
================================================================================
1   2   3   4   5  6A  6B    7    8   9   10  11  12  13   14  15   16   17  18
                                     12Z  AVG MX 2MIN
DY MAX MIN AVG DEP HDD CDD  WTR  SNW DPTH SPD SPD DIR MIN PSBL S-S WX    SPD DR
================================================================================

 1  42  28  35   0  30   0 0.00    M    M 10.4 21 240   M    M   4        25 250
 2  50  26  38   3  27   0 0.00    M    M  5.5 13 220   M    M   0        16 220
 3  52  25  39   3  26   0 0.00    M    M  4.1 12 140   M    M   1        30 200
 4  54  26  40   4  25   0 0.00    M    M  4.5 15  20   M    M   2        20  30
 5  49  29  39   3  26   0 0.06    M    M 11.7 25 320   M    M   7 128    33 310
 6  36  27  32  -5  33   0 0.04    M    M 14.4 26 250   M    M   3 1      33 250
 7  43  27  35  -2  30   0 0.01    M    M  8.3 23 260   M    M   8 18     28 280
 8  56  39  48  11  17   0 0.03    M    M 11.0 25 260   M    M   6        32 250
 9  62  42  52  14  13   0 0.00    M    M  7.1 15 250   M    M   6        18 270
10  59  41  50  12  15   0    T    M    M  7.4 17 250   M    M   5        24 270
11  62  31  47   9  18   0 0.01    M    M  4.1 17 230   M    M   1 18     23 220
12  57  38  48  10  17   0 0.00    M    M 12.5 25 260   M    M   0        32 270
13  67  31  49  10  16   0 0.00    M    M  5.8 14 250   M    M   0        18 250
14  72  31  52  13  13   0 0.00    M    M  3.5 13  30   M    M   0 1      18 250
15  70  31  51  12  14   0    M    M    M  4.9 28 280   M    M   1        41 280
16  60  42  51  11  14   0 0.00    M    M  6.3 20 290   M    M   5        27 270
17  69  37  53  13  12   0 0.00    M    M  3.5 12  30   M    M   1        17  30
18  71  38  55  15  10   0    T    M    M 10.9 28 200   M    M   2        35 200
19  64  42  53  13  12   0    T    M    M  7.8 21 260   M    M   4        26 270
20  65  42  54  14  11   0    T    M    M  6.5 18  80   M    M   5        24  20
21  74  44  59  18   6   0 0.04    M    M 12.6 25 180   M    M   4        35 190
22  56  42  49   8  16   0 0.04    M    M  7.5 23 240   M    M   8        28 240
================================================================================
SM 1290  759       401   0  0.23    M    170.3          M       73
================================================================================
AV 58.6 34.5                               7.7 FASTST   M    M   3    MAX(MPH)
                                 MISC ---->  # 28 280               # 41  280
================================================================================
NOTES:
# LAST OF SEVERAL OCCURRENCES
PRECIPITATION SUSPECT DURING FREEZING/FROZEN EVENTS

COLUMN 17 PEAK WIND IN M.P.H.

PRELIMINARY LOCAL CLIMATOLOGICAL DATA (WS FORM: F-6) , PAGE 2

                                          STATION:  BURLEY ID
                                          MONTH:    MARCH
                                          YEAR:     2017
                                          LATITUDE:   42 32 N
                                          LONGITUDE: 113 46 W

[TEMPERATURE DATA]      [PRECIPITATION DATA]       SYMBOLS USED IN COLUMN 16

AVERAGE MONTHLY: 46.6   TOTAL FOR MONTH:   0.23    1 = FOG OR MIST
DPTR FM NORMAL:   8.4   DPTR FM NORMAL:   -0.50    2 = FOG REDUCING VISIBILITY
HIGHEST:    74 ON 21    GRTST 24HR  0.06 ON  5- 5      TO 1/4 MILE OR LESS
LOWEST:     25 ON  3                               3 = THUNDER
                        SNOW, ICE PELLETS, HAIL    4 = ICE PELLETS
                        TOTAL MONTH:    M          5 = HAIL
                        GRTST 24HR    M  ON   M    6 = FREEZING RAIN OR DRIZZLE
                        GRTST DEPTH:  M  ON   M    7 = DUSTSTORM OR SANDSTORM:
                                                       VSBY 1/2 MILE OR LESS
                                                   8 = SMOKE OR HAZE
[NO. OF DAYS WITH]      [WEATHER - DAYS WITH]      9 = BLOWING SNOW
                                                   X = TORNADO
MAX 32 OR BELOW:   0    0.01 INCH OR MORE:   7
MAX 90 OR ABOVE:   0    0.10 INCH OR MORE:   0
MIN 32 OR BELOW:  11    0.50 INCH OR MORE:   0
MIN  0 OR BELOW:   0    1.00 INCH OR MORE:   0

[HDD (BASE 65) ]
TOTAL THIS MO.   401    CLEAR  (SCALE 0-3)  10
DPTR FM NORMAL  -188    PTCLDY (SCALE 4-7)  11
TOTAL FM JUL 1  5207    CLOUDY (SCALE 8-10)  1
DPTR FM NORMAL  -404

[CDD (BASE 65) ]
TOTAL THIS MO.     0
DPTR FM NORMAL     0    [PRESSURE DATA]
TOTAL FM JAN 1     0    HIGHEST SLP M ON M
DPTR FM NORMAL     0    LOWEST  SLP 29.47 ON  5

[REMARKS]
