000
CXUS54 KHGX 241515
CF6BYY
PRELIMINARY LOCAL CLIMATOLOGICAL DATA (WS FORM: F-6)

                                          STATION:   Bay City
                                          MONTH:     JANUARY
                                          YEAR:      2017
                                          LATITUDE:   28 58 N
                                          LONGITUDE:  95 52 W

  TEMPERATURE IN F:       :PCPN:    SNOW:  WIND      :SUNSHINE: SKY     :PK WND
================================================================================
1   2   3   4   5  6A  6B    7    8   9   10  11  12  13   14  15   16   17  18
                                     12Z  AVG MX 2MIN
DY MAX MIN AVG DEP HDD CDD  WTR  SNW DPTH SPD SPD DIR MIN PSBL S-S WX    SPD DR
================================================================================

 1  78  62  70   M   0   5 0.01  0.0    0  2.6  9 200   M    M   4 1       M  M
 2  76  54  65   M   0   0 0.02  0.0    0  6.6 15 240   M    M   5 1      18 220
 3  79  49  64   M   1   0 0.00  0.0    0  5.5 17 360   M    M   2 12     23 360
 4  57  42  50   M  15   0 0.00  0.0    0  5.8 14 360   M    M   4        25 360
 5  65  47  56   M   9   0 0.00  0.0    0  4.9 16  20   M    M  10 1      24  20
 6  50  29  40   M  25   0 0.14  0.0    0 14.1 22 350   M    M   9        29 350
 7  42  22  32   M  33   0 0.00  0.0    0  8.6 16  10   M    M   0        20 340
 8  56  25  41   M  24   0 0.00  0.0    0  3.8 10 130   M    M   2         M  M
 9  72  46  59   M   6   0 0.00  0.0    0  7.0 15 170   M    M   8        18 180
10  76  60  68   M   0   3 0.00  0.0    0 10.8 23 210   M    M   8        29 190
11  78  64  71   M   0   6 0.00  0.0    0 11.3 22 170   M    M   8 1      30 180
12  80  67  74   M   0   9 0.00  0.0    0 10.3 18 150   M    M   5 1      24 160
13  81  69  75   M   0  10 0.00  0.0    0  7.8 13 130   M    M   9        20 130
14  79  65  72   M   0   7 0.00  0.0    0  8.3 16 130   M    M   8 1      18 130
15  76  65  71   M   0   6 0.01  0.0    0 10.6 23 150   M    M  10 1      30 150
16  79  69  74   M   0   9 0.00  0.0    0 12.3 22 150   M    M   6 1      28 150
17  78  70  74   M   0   9 0.00  0.0    0  8.2 14 160   M    M  10 1      20 160
18  77  57  67   M   0   2 0.14  0.0    0  8.0 18 180   M    M  10 1       M  M
19  70  56  63   M   2   0 0.44  0.0    0  4.7 10 160   M    M  10 12      M  M
20  78  56  67   M   0   2 0.09  0.0    0  3.1 10 180   M    M   9 12     16 180
21  77  63  70   M   0   5 0.05  0.0    0  6.0 14 210   M    M   6 18     20 200
22  71  51  61   M   4   0 0.00  0.0    0 14.0 31 290   M    M   1        38 310
23  73  45  59   M   6   0 0.00  0.0    0  4.5 10 260   M    M   0         M  M
================================================================================
SM 1648 1233       125  73  0.90     0.0 178.8          M      144
================================================================================
AV 71.7 53.6                               7.8 FASTST   M    M   6    MAX(MPH)
                                 MISC ---->    31   M               # 38  310
================================================================================
NOTES:
# LAST OF SEVERAL OCCURRENCES

COLUMN 17 PEAK WIND IN M.P.H.

PRELIMINARY LOCAL CLIMATOLOGICAL DATA (WS FORM: F-6) , PAGE 2

                                          STATION:  Bay City
                                          MONTH:    JANUARY
                                          YEAR:     2017
                                          LATITUDE:   28 58 N
                                          LONGITUDE:  95 52 W

[TEMPERATURE DATA]      [PRECIPITATION DATA]       SYMBOLS USED IN COLUMN 16

AVERAGE MONTHLY: 62.6   TOTAL FOR MONTH:   0.90    1 = FOG OR MIST
DPTR FM NORMAL:     M   DPTR FM NORMAL:       M    2 = FOG REDUCING VISIBILITY
HIGHEST:    81 ON 13    GRTST 24HR  0.44 ON 19-19      TO 1/4 MILE OR LESS
LOWEST:     22 ON  7                               3 = THUNDER
                        SNOW, ICE PELLETS, HAIL    4 = ICE PELLETS
                        TOTAL MONTH:   0.0 INCH    5 = HAIL
                        GRTST 24HR     0.0         6 = FREEZING RAIN OR DRIZZLE
                        GRTST DEPTH:   0           7 = DUSTSTORM OR SANDSTORM:
                                                       VSBY 1/2 MILE OR LESS
                                                   8 = SMOKE OR HAZE
[NO. OF DAYS WITH]      [WEATHER - DAYS WITH]      9 = BLOWING SNOW
                                                   X = TORNADO
MAX 32 OR BELOW:   0    0.01 INCH OR MORE:   8
MAX 90 OR ABOVE:   0    0.10 INCH OR MORE:   3
MIN 32 OR BELOW:   3    0.50 INCH OR MORE:   0
MIN  0 OR BELOW:   0    1.00 INCH OR MORE:   0

[HDD (BASE 65) ]
TOTAL THIS MO.   125    CLEAR  (SCALE 0-3)   5
DPTR FM NORMAL     M    PTCLDY (SCALE 4-7)   9
TOTAL FM JUL 1   355    CLOUDY (SCALE 8-10)  9
DPTR FM NORMAL     M

[CDD (BASE 65) ]
TOTAL THIS MO.    73
DPTR FM NORMAL     M    [PRESSURE DATA]
TOTAL FM JAN 1    73    HIGHEST SLP M ON M
DPTR FM NORMAL     M    LOWEST  SLP M ON M

[REMARKS]
