000
CXUS56 KTFX 271205
CF6BZN
PRELIMINARY LOCAL CLIMATOLOGICAL DATA (WS FORM: F-6)

                                          STATION:   BOZEMAN/GALLATIN FIELD MT
                                          MONTH:     NOVEMBER
                                          YEAR:      2014
                                          LATITUDE:   45 46 N
                                          LONGITUDE: 111  9 W

  TEMPERATURE IN F:       :PCPN:    SNOW:  WIND      :SUNSHINE: SKY     :PK WND
================================================================================
1   2   3   4   5  6A  6B    7    8   9   10  11  12  13   14  15   16   17  18
                                     12Z  AVG MX 2MIN
DY MAX MIN AVG DEP HDD CDD  WTR  SNW DPTH SPD SPD DIR MIN PSBL S-S WX    SPD DR
================================================================================

 1  71  33  52  12  13   0 0.19  0.0    0  8.9 32 230   M    M   5 3      43 220
 2  47  31  39   0  26   0 0.00  0.0    0  8.9 21 290   M    M  10        26 310
 3  46  19  33  -6  32   0 0.00  0.0    0  3.2 10 270   M    M   5        13 270
 4  53  24  39   1  26   0 0.00  0.0    0  8.2 25 220   M    M   6        33 230
 5  56  29  43   5  22   0 0.00  0.0    0  7.9 20 240   M    M   4        24 250
 6  59  29  44   7  21   0 0.00  0.0    0  5.4 23 220   M    M   2        30 210
 7  58  26  42   5  23   0    T  0.0    0 10.5 29 270   M    M   4        36 250
 8  56  20  38   2  27   0 0.00  0.0    0  4.2 10  40   M    M   0        12 350
 9  64  22  43   7  22   0 0.04    T    0 11.9 30 330   M    M   6 1      37 350
10  23   9  16 -19  49   0 0.09  2.0    2  7.2 17 210   M    M  10 18     20 190
11  10  -7   2 -33  63   0    T  0.5    3  5.2 17 170   M    M   7 8      22 170
12   8 -16  -4 -38  69   0 0.00  0.0    3  3.0  9 160   M    M   1        10 160
13   7 -21  -7 -41  72   0 0.00  0.0    3  2.5  7 200   M    M   1 18      7 210
14  13   5   9 -24  56   0 0.03  1.1    4  1.7 12 350   M    M  10 18     12 360
15   9 -13  -2 -34  67   0    T  2.0    5  2.8  9 170   M    M   2 128    10 260
16  20  -8   6 -26  59   0 0.00  0.0    5  2.3  7 180   M    M   8 18      8 150
17  20 -11   5 -26  60   0 0.00  0.0    5  2.2  8 160   M    M   0         9 160
18  28  -2  13 -18  52   0 0.00  0.0    5  1.7  8 170   M    M   1         8 170
19  32   3  18 -12  47   0 0.00  0.0    5  3.0  9 200   M    M   1 18     10 200
20  38  10  24  -6  41   0    T    T    5  2.0  8 150   M    M   6 18      8 150
21  42  17  30   1  35   0 0.00  0.0    3  3.6 12 160   M    M   M 1      15 180
22  44  29  37   8  28   0 0.03  0.0    1 11.5 35 250   M    M   8        41 250
23  40  28  34   6  31   0    T    T    0 10.8 22 280   M    M   8 1      28 270
24  40  29  35   7  30   0    T    T    0 10.5 28 300   M    M   8        37 290
25  40  28  34   7  31   0 0.29  3.0    0  5.3 22 240   M    M  10 1      30 240
26  39  24  32   5  33   0 0.11  2.0    5  2.3  9 210   M    M   7 12     11 210
================================================================================
SM  963  337      1035   0  0.78    10.6 146.7          M      130
================================================================================
AV 37.0 13.0                               5.6 FASTST   M    M   5    MAX(MPH)
                                 MISC ---->  # 35 250               # 43  220
================================================================================
NOTES:
# LAST OF SEVERAL OCCURRENCES

COLUMN 17 PEAK WIND IN M.P.H.

PRELIMINARY LOCAL CLIMATOLOGICAL DATA (WS FORM: F-6) , PAGE 2

                                          STATION:  BOZEMAN/GALLATIN FIELD MT
                                          MONTH:    NOVEMBER
                                          YEAR:     2014
                                          LATITUDE:   45 46 N
                                          LONGITUDE: 111  9 W

[TEMPERATURE DATA]      [PRECIPITATION DATA]       SYMBOLS USED IN COLUMN 16

AVERAGE MONTHLY: 25.0   TOTAL FOR MONTH:   0.78    1 = FOG OR MIST
DPTR FM NORMAL:  -8.3   DPTR FM NORMAL:    0.10    2 = FOG REDUCING VISIBILITY
HIGHEST:    71 ON  1    GRTST 24HR  0.40 ON 25-26      TO 1/4 MILE OR LESS
LOWEST:    -21 ON 13                               3 = THUNDER
                        SNOW, ICE PELLETS, HAIL    4 = ICE PELLETS
                        TOTAL MONTH:  10.6 INCHES  5 = HAIL
                        GRTST 24HR   3.0 ON 25-25  6 = FREEZING RAIN OR DRIZZLE
                        GRTST DEPTH:   5 ON 26,20  7 = DUSTSTORM OR SANDSTORM:
                                                       VSBY 1/2 MILE OR LESS
                                                   8 = SMOKE OR HAZE
[NO. OF DAYS WITH]      [WEATHER - DAYS WITH]      9 = BLOWING SNOW
                                                   X = TORNADO
MAX 32 OR BELOW:  10    0.01 INCH OR MORE:   7
MAX 90 OR ABOVE:   0    0.10 INCH OR MORE:   3
MIN 32 OR BELOW:  25    0.50 INCH OR MORE:   0
MIN  0 OR BELOW:   7    1.00 INCH OR MORE:   0

[HDD (BASE 65) ]
TOTAL THIS MO.  1035    CLEAR  (SCALE 0-3)   8
DPTR FM NORMAL   211    PTCLDY (SCALE 4-7)  12
TOTAL FM JUL 1  1972    CLOUDY (SCALE 8-10)  5
DPTR FM NORMAL   251

[CDD (BASE 65) ]
TOTAL THIS MO.     0
DPTR FM NORMAL     0    [PRESSURE DATA]
TOTAL FM JAN 1   187    HIGHEST SLP 29.93 ON 21
DPTR FM NORMAL  -181    LOWEST  SLP 29.37 ON  9

[REMARKS]
