000
CXUS56 KTFX 261205
CF6BZN
PRELIMINARY LOCAL CLIMATOLOGICAL DATA (WS FORM: F-6)

                                          STATION:   BOZEMAN/GALLATIN FIELD MT
                                          MONTH:     DECEMBER
                                          YEAR:      2014
                                          LATITUDE:   45 46 N
                                          LONGITUDE: 111  9 W

  TEMPERATURE IN F:       :PCPN:    SNOW:  WIND      :SUNSHINE: SKY     :PK WND
================================================================================
1   2   3   4   5  6A  6B    7    8   9   10  11  12  13   14  15   16   17  18
                                     12Z  AVG MX 2MIN
DY MAX MIN AVG DEP HDD CDD  WTR  SNW DPTH SPD SPD DIR MIN PSBL S-S WX    SPD DR
================================================================================

 1  23 -23   0 -24  65   0    T    T    5  3.0  8 270   M    M   3 128    12 290
 2  26   2  14 -10  51   0 0.00  0.0    4  3.4 10  50   M    M   2 18     12  40
 3  28   1  15  -8  50   0    T    T    4  2.7  9 210   M    M   4 1       9 280
 4  41  27  34  11  31   0    T  0.0    4  2.0  8 230   M    M  10 1      14 240
 5  48  25  37  14  28   0 0.00  0.0    2  2.6  9 140   M    M   7 1      10 130
 6  44  22  33  11  32   0 0.07  0.0    1  4.7 18 300   M    M   3        25 300
 7  48  22  35  13  30   0 0.00  0.0    T  5.8 14 240   M    M   3        18 230
 8  38  20  29   7  36   0 0.00  0.0    T  2.8  9 160   M    M   1        11 270
 9  49  21  35  13  30   0 0.00  0.0    0  4.3 13 160   M    M   2        15 200
10  47  24  36  15  29   0 0.00  0.0    0  2.6 10 150   M    M   0 1      11 190
11  57  28  43  22  22   0 0.00  0.0    0  6.3 23 170   M    M   0        27 170
12  60  31  46  25  19   0 0.00  0.0    0  6.3 18 140   M    M   0        22 150
13  48  31  40  19  25   0 0.02  0.1    0  7.1 17 290   M    M   M        22 290
14  33  25  29   8  36   0 0.03  0.4    T  6.6 15 290   M    M   M 1      18 310
15  28   5  17  -3  48   0 0.01  0.1    1  4.8 12 200   M    M   M 1      13 200
16  26   3  15  -5  50   0 0.00  0.0    1  1.9  8 190   M    M   8         9 210
17  35  12  24   4  41   0 0.03  0.5    1  3.0 12 140   M    M   7 1      12 140
18  33   9  21   1  44   0 0.00  0.0    2  2.6  8 160   M    M   7         9 150
19  39  20  30  10  35   0    T    T    T  4.0 15  50   M    M   7        17  50
20  38  21  30  10  35   0 0.00  0.0    T  4.4 12 150   M    M   6        12 140
21  43  28  36  16  29   0 0.03    T    T  8.7 31 280   M    M   8 1      38 300
22  36  26  31  11  34   0 0.01    T    T  4.9 22 350   M    M   8 1      27 340
23  35  16  26   6  39   0    T    T    0  3.3  8 160   M    M   5 1       9 170
24  41  28  35  15  30   0 0.18  3.3    0  4.8 14  50   M    M   7 1      17 180
25  30  -6  12  -9  53   0 0.15  2.7    6  5.2 18 340   M    M   6 12     24 340
================================================================================
SM  974  418       922   0  0.53     7.1 107.8          M      104
================================================================================
AV 39.0 16.7                               4.3 FASTST   M    M   5    MAX(MPH)
                                 MISC ---->  # 31 280               # 38  300
================================================================================
NOTES:
# LAST OF SEVERAL OCCURRENCES

COLUMN 17 PEAK WIND IN M.P.H.

PRELIMINARY LOCAL CLIMATOLOGICAL DATA (WS FORM: F-6) , PAGE 2

                                          STATION:  BOZEMAN/GALLATIN FIELD MT
                                          MONTH:    DECEMBER
                                          YEAR:     2014
                                          LATITUDE:   45 46 N
                                          LONGITUDE: 111  9 W

[TEMPERATURE DATA]      [PRECIPITATION DATA]       SYMBOLS USED IN COLUMN 16

AVERAGE MONTHLY: 27.8   TOTAL FOR MONTH:   0.53    1 = FOG OR MIST
DPTR FM NORMAL:   6.6   DPTR FM NORMAL:    0.10    2 = FOG REDUCING VISIBILITY
HIGHEST:    60 ON 12    GRTST 24HR  0.33 ON 24-25      TO 1/4 MILE OR LESS
LOWEST:    -23 ON  1                               3 = THUNDER
                        SNOW, ICE PELLETS, HAIL    4 = ICE PELLETS
                        TOTAL MONTH:   7.1 INCHES  5 = HAIL
                        GRTST 24HR   3.3 ON   M    6 = FREEZING RAIN OR DRIZZLE
                        GRTST DEPTH:   6 ON 25     7 = DUSTSTORM OR SANDSTORM:
                                                       VSBY 1/2 MILE OR LESS
                                                   8 = SMOKE OR HAZE
[NO. OF DAYS WITH]      [WEATHER - DAYS WITH]      9 = BLOWING SNOW
                                                   X = TORNADO
MAX 32 OR BELOW:   6    0.01 INCH OR MORE:   9
MAX 90 OR ABOVE:   0    0.10 INCH OR MORE:   2
MIN 32 OR BELOW:  25    0.50 INCH OR MORE:   0
MIN  0 OR BELOW:   2    1.00 INCH OR MORE:   0

[HDD (BASE 65) ]
TOTAL THIS MO.   922    CLEAR  (SCALE 0-3)   8
DPTR FM NORMAL  -171    PTCLDY (SCALE 4-7)  12
TOTAL FM JUL 1  3049    CLOUDY (SCALE 8-10)  2
DPTR FM NORMAL    75

[CDD (BASE 65) ]
TOTAL THIS MO.     0
DPTR FM NORMAL     0    [PRESSURE DATA]
TOTAL FM JAN 1   187    HIGHEST SLP M ON M
DPTR FM NORMAL  -181    LOWEST  SLP 29.48 ON 24

[REMARKS]
