000
CXUS55 KABQ 301000
CF6CAO
PRELIMINARY LOCAL CLIMATOLOGICAL DATA (WS FORM: F-6)

                                          STATION:   CLAYTON  NM
                                          MONTH:     APRIL
                                          YEAR:      2016
                                          LATITUDE:   36 27 N
                                          LONGITUDE: 103  9 W

  TEMPERATURE IN F:       :PCPN:    SNOW:  WIND      :SUNSHINE: SKY     :PK WND
================================================================================
1   2   3   4   5  6A  6B    7    8   9   10  11  12  13   14  15   16   17  18
                                     12Z  AVG MX 2MIN
DY MAX MIN AVG DEP HDD CDD  WTR  SNW DPTH SPD SPD DIR MIN PSBL S-S WX    SPD DR
================================================================================

 1  55  29  42  -6  23   0 0.00  0.0    0  7.6 17  10   M    M   5        24  10
 2  64  26  45  -3  20   0 0.00  0.0    0  8.7 20  20   M    M   0        27  20
 3  74  30  52   3  13   0 0.00  0.0    0  8.1 17  20   M    M   0        22 310
 4  76  41  59  10   6   0 0.00  0.0    0 12.6 25 190   M    M   0        30 170
 5  84  40  62  13   3   0 0.00  0.0    0 18.1 36  20   M    M   1 8      43 260
 6  76  33  55   5  10   0 0.00  0.0    0  9.6 18 310   M    M   0        24 320
 7  68  45  57   7   8   0 0.00  0.0    0 12.0 23  40   M    M   0        29  40
 8  69  39  54   4  11   0 0.00  0.0    0 14.0 26 210   M    M   2        36 200
 9  78  44  61  11   4   0 0.00  0.0    0 16.2 30 190   M    M   1        37 180
10  80  46  63  12   2   0 0.00  0.0    0 13.1 25 190   M    M   2        31 190
11  50  38  44  -7  21   0 0.02  0.0    0 14.1 30  20   M    M   8        37  20
12  59  38  49  -2  16   0 0.00  0.0    0 14.7 30 170   M    M   4        35 160
13  73  37  55   3  10   0 0.00  0.0    0  7.1 15 360   M    M   1        19  50
14  81  45  63  11   2   0 0.00  0.0    0 15.9 33 180   M    M   1        41 190
15  75  46  61   9   4   0 0.31  0.0    0 16.1 32 130   M    M   3 3      40 130
16  55  36  46  -6  19   0 0.32  0.0    0 18.7 36 290   M    M   6 13     41 290
17  55  34  45  -8  20   0 0.00  0.0    0 18.2 31 320   M    M   4        38 310
18  55  32  44  -9  21   0 0.34  0.0    0  8.9 21 350   M    M   6 1      27 350
19  54  37  46  -7  19   0 0.06  0.0    0  6.6 21  70   M    M   8 123    25 360
20  67  31  49  -5  16   0 0.01  0.0    0  9.1 28  10   M    M   5 12     32  10
21  72  40  56   2   9   0 0.00  0.0    0  7.9 17  20   M    M   1        26  20
22  77  44  61   7   4   0 0.01  0.0    0 13.8 39 250   M    M   0        59 240
23  80  45  63   8   2   0    T  0.0    0 18.6 38 200   M    M   1        46 190
24  79  45  62   7   3   0 0.00  0.0    0 15.2 26 250   M    M   0 8      37 240
25  76  43  60   5   5   0 0.00  0.0    0 14.1 29 150   M    M   0        40 180
26  65  41  53  -3  12   0 0.00  0.0    0 18.0 35 200   M    M   1        47 240
27  64  37  51  -5  14   0 0.00  0.0    0 11.6 23 130   M    M   1        28 120
28  59  38  49  -7  16   0 0.43  0.0    0 17.7 29  40   M    M   7 13     36  70
29  48  37  43 -13  22   0 0.41  0.0    0 16.1 26  20   M    M   9 13     34  30
================================================================================
SM 1968 1117       335   0  1.91     0.0 382.4          M       77
================================================================================
AV 67.9 38.5                              13.2 FASTST   M    M   3    MAX(MPH)
                                 MISC ---->  # 39 250               # 59  240
================================================================================
NOTES:
# LAST OF SEVERAL OCCURRENCES

COLUMN 17 PEAK WIND IN M.P.H.

PRELIMINARY LOCAL CLIMATOLOGICAL DATA (WS FORM: F-6) , PAGE 2

                                          STATION:  CLAYTON  NM
                                          MONTH:    APRIL
                                          YEAR:     2016
                                          LATITUDE:   36 27 N
                                          LONGITUDE: 103  9 W

[TEMPERATURE DATA]      [PRECIPITATION DATA]       SYMBOLS USED IN COLUMN 16

AVERAGE MONTHLY: 53.2   TOTAL FOR MONTH:   1.91    1 = FOG OR MIST
DPTR FM NORMAL:   1.0   DPTR FM NORMAL:    1.00    2 = FOG REDUCING VISIBILITY
HIGHEST:    84 ON  5    GRTST 24HR  0.84 ON 28-29      TO 1/4 MILE OR LESS
LOWEST:     26 ON  2                               3 = THUNDER
                        SNOW, ICE PELLETS, HAIL    4 = ICE PELLETS
                        TOTAL MONTH:   0.0 INCH    5 = HAIL
                        GRTST 24HR     0.0         6 = FREEZING RAIN OR DRIZZLE
                        GRTST DEPTH:   0           7 = DUSTSTORM OR SANDSTORM:
                                                       VSBY 1/2 MILE OR LESS
                                                   8 = SMOKE OR HAZE
[NO. OF DAYS WITH]      [WEATHER - DAYS WITH]      9 = BLOWING SNOW
                                                   X = TORNADO
MAX 32 OR BELOW:   0    0.01 INCH OR MORE:   9
MAX 90 OR ABOVE:   0    0.10 INCH OR MORE:   5
MIN 32 OR BELOW:   5    0.50 INCH OR MORE:   0
MIN  0 OR BELOW:   0    1.00 INCH OR MORE:   0

[HDD (BASE 65) ]
TOTAL THIS MO.   335    CLEAR  (SCALE 0-3)  19
DPTR FM NORMAL   -41    PTCLDY (SCALE 4-7)   8
TOTAL FM JUL 1  4105    CLOUDY (SCALE 8-10)  2
DPTR FM NORMAL  -592

[CDD (BASE 65) ]
TOTAL THIS MO.     0
DPTR FM NORMAL     0    [PRESSURE DATA]
TOTAL FM JAN 1     0    HIGHEST SLP M ON M
DPTR FM NORMAL    -1    LOWEST  SLP 29.41 ON M

[REMARKS]
