906
CXUS56 KMTR 291000
CF6CCR
PRELIMINARY LOCAL CLIMATOLOGICAL DATA (WS FORM: F-6)

                                          STATION:   CONCORD AIRPORT
                                          MONTH:     SEPTEMBER
                                          YEAR:      2016
                                          LATITUDE:   37 58 N
                                          LONGITUDE: 122  3 W

  TEMPERATURE IN F:       :PCPN:    SNOW:  WIND      :SUNSHINE: SKY     :PK WND
================================================================================
1   2   3   4   5  6A  6B    7    8   9   10  11  12  13   14  15   16   17  18
                                     12Z  AVG MX 2MIN
DY MAX MIN AVG DEP HDD CDD  WTR  SNW DPTH SPD SPD DIR MIN PSBL S-S WX    SPD DR
================================================================================

 1  80  60  70  -2   0   5 0.00  0.0    0 14.4 21 190   M    M   1        25 190
 2  88  60  74   2   0   9 0.00  0.0    0 11.1 18 190   M    M   0        24 190
 3  76  58  67  -5   0   2 0.00  0.0    0 17.8 26 190   M    M   0        33 200
 4  81  57  69  -3   0   4 0.00  0.0    0 12.3 25 190   M    M   0        32 190
 5  87  54  71  -1   0   6 0.00  0.0    0  7.0 16 240   M    M   0        21 200
 6  93  54  74   3   0   9 0.00  0.0    0  3.7 14 310   M    M   0        17 310
 7  97  58  78   7   0  13 0.00  0.0    0  4.0 13 300   M    M   0        16 300
 8  81  58  70  -1   0   5 0.00  0.0    0 10.0 16 260   M    M   0        20 250
 9  87  55  71   0   0   6 0.00  0.0    0  6.6 16 300   M    M   0        19 310
10  87  57  72   1   0   7 0.00  0.0    0  8.2 17 200   M    M   0        21 200
11  73  57  65  -6   0   0 0.00  0.0    0 11.2 21 270   M    M   1        24 270
12  71  56  64  -7   1   0 0.00  0.0    0 12.7 24 250   M    M   1        28 250
13  76  52  64  -7   1   0 0.00  0.0    0  5.6 15 310   M    M   1        22 310
14  82  52  67  -3   0   2 0.00  0.0    0  6.5 20 330   M    M   0        22 320
15  86  55  71   1   0   6 0.00  0.0    0  5.8 17 320   M    M   0        20 330
16  88  53  71   1   0   6 0.00  0.0    0  5.4 15 300   M    M   0        17 320
17  93  54  74   4   0   9 0.00  0.0    0  5.1 14 300   M    M   0        17 310
18 100  56  78   8   0  13 0.00  0.0    0  2.7  9 340   M    M   0        13 360
19  99  63  81  11   0  16 0.00  0.0    0  4.2 15 190   M    M   0        20 190
20  89  62  76   6   0  11 0.00  0.0    0  9.0 14 280   M    M   0         M  M
21  78  59  69   0   0   4 0.00  0.0    0 11.9 22 240   M    M   1        25 250
22  77  55  66  -3   0   1 0.00  0.0    0  7.6 17 270   M    M   0        22 290
23  82  52  67  -2   0   2 0.00  0.0    0  6.9 18 260   M    M   0        22 260
24  92  58  75   6   0  10 0.00  0.0    0  4.5 14 320   M    M   0        18 280
25  96  58  77   8   0  12 0.00  0.0    0  4.9 14  70   M    M   0        19  70
26 100  60  80  12   0  15 0.00  0.0    0  4.4 14 250   M    M   0        17 240
27  99  59  79  11   0  14 0.00  0.0    0  4.5 14 300   M    M   0        15 310
28  88  57  73   5   0   8 0.00  0.0    0  7.0 15 190   M    M   0        19 310
================================================================================
SM 2426 1589         2 195  0.00     0.0 215.0          M        5
================================================================================
AV 86.6 56.8                               7.7 FASTST   M    M   0    MAX(MPH)
                                 MISC ---->  # 26 190               # 33  200
================================================================================
NOTES:
# LAST OF SEVERAL OCCURRENCES

COLUMN 17 PEAK WIND IN M.P.H.

PRELIMINARY LOCAL CLIMATOLOGICAL DATA (WS FORM: F-6) , PAGE 2

                                          STATION:  CONCORD AIRPORT
                                          MONTH:    SEPTEMBER
                                          YEAR:     2016
                                          LATITUDE:   37 58 N
                                          LONGITUDE: 122  3 W

[TEMPERATURE DATA]      [PRECIPITATION DATA]       SYMBOLS USED IN COLUMN 16

AVERAGE MONTHLY: 71.7   TOTAL FOR MONTH:   0.00    1 = FOG OR MIST
DPTR FM NORMAL:   1.4   DPTR FM NORMAL:   -0.09    2 = FOG REDUCING VISIBILITY
HIGHEST:   100 ON 26,18 GRTST 24HR    T  ON 18-19      TO 1/4 MILE OR LESS
LOWEST:     52 ON 23,14                            3 = THUNDER
                        SNOW, ICE PELLETS, HAIL    4 = ICE PELLETS
                        TOTAL MONTH:   0.0 INCH    5 = HAIL
                        GRTST 24HR     0.0         6 = FREEZING RAIN OR DRIZZLE
                        GRTST DEPTH:   0           7 = DUSTSTORM OR SANDSTORM:
                                                       VSBY 1/2 MILE OR LESS
                                                   8 = SMOKE OR HAZE
[NO. OF DAYS WITH]      [WEATHER - DAYS WITH]      9 = BLOWING SNOW
                                                   X = TORNADO
MAX 32 OR BELOW:   0    0.01 INCH OR MORE:   0
MAX 90 OR ABOVE:   9    0.10 INCH OR MORE:   0
MIN 32 OR BELOW:   0    0.50 INCH OR MORE:   0
MIN  0 OR BELOW:   0    1.00 INCH OR MORE:   0

[HDD (BASE 65) ]
TOTAL THIS MO.     2    CLEAR  (SCALE 0-3)  28
DPTR FM NORMAL    -5    PTCLDY (SCALE 4-7)   0
TOTAL FM JUL 1     2    CLOUDY (SCALE 8-10)  0
DPTR FM NORMAL   -10

[CDD (BASE 65) ]
TOTAL THIS MO.   195
DPTR FM NORMAL    38    [PRESSURE DATA]
TOTAL FM JAN 1  1062    HIGHEST SLP M ON M
DPTR FM NORMAL   232    LOWEST  SLP 29.81 ON M

[REMARKS]
