000
CXUS56 KSLC 301234
CF6CDC
PRELIMINARY LOCAL CLIMATOLOGICAL DATA (WS FORM: F-6)

                                          STATION:   CEDAR CITY UT
                                          MONTH:     MAY
                                          YEAR:      2016
                                          LATITUDE:   37 42 N
                                          LONGITUDE: 113  6 W

  TEMPERATURE IN F:       :PCPN:    SNOW:  WIND      :SUNSHINE: SKY     :PK WND
================================================================================
1   2   3   4   5  6A  6B    7    8   9   10  11  12  13   14  15   16   17  18
                                     12Z  AVG MX 2MIN
DY MAX MIN AVG DEP HDD CDD  WTR  SNW DPTH SPD SPD DIR MIN PSBL S-S WX    SPD DR
================================================================================

 1  57  32  45  -6  20   0    T    M    0  7.2 24 120   M    M   5        29 130
 2  63  41  52   0  13   0 0.09    M    0  5.0 18 100   M    M   5 3      25  90
 3  71  33  52   0  13   0 0.00  0.0    0  5.1 15 120   M    M   0        18 120
 4  77  41  59   7   6   0 0.00  0.0    0  8.4 28 160   M    M   0        40 110
 5  78  44  61   9   4   0 0.00  0.0    0 11.6 32 180   M    M   0        44 170
 6  67  41  54   1  11   0    T    M    0 11.2 29 210   M    M   2 3      39 220
 7  58  32  45  -8  20   0    T    M    0 10.3 25 220   M    M   6 3      32 220
 8  57  38  48  -5  17   0 0.23    M    0  9.0 21 210   M    M   9 1      25 210
 9  70  45  58   4   7   0 0.00  0.0    0 12.4 24 210   M    M   4        31 190
10  64  39  52  -2  13   0 0.00  0.0    0  6.7 20 340   M    M   6        26 340
11  67  35  51  -3  14   0 0.00  0.0    0  5.6 16 360   M    M   2        21 330
12  78  30  54  -1  11   0 0.00  0.0    0  4.6 16 230   M    M   0        20 230
13  83  40  62   7   3   0 0.00  0.0    0  8.5 24 210   M    M   0        29 190
14  82  44  63   8   2   0 0.00  0.0    0 12.6 31 210   M    M   0        39 210
15  75  47  61   5   4   0 0.00  0.0    0 12.8 25 200   M    M   2        34 170
16  62  36  49  -7  16   0    T    M    0  6.1 26 290   M    M   2 3      34 300
17  68  37  53  -3  12   0    T    M    0  6.9 20 120   M    M   3 3      25  10
18  73  37  55  -1  10   0 0.00  0.0    0  5.6 20  60   M    M   2        24  60
19  77  45  61   4   4   0 0.00  0.0    0 15.8 31 190   M    M   1        39 190
20  75  61  68  11   0   3 0.00  0.0    0 28.4 43 180   M    M   0        55 190
21  66  41  54  -3  11   0 0.00  0.0    0 19.8 40 190   M    M   3        50 180
22  66  33  50  -8  15   0 0.00  0.0    0  8.5 20 210   M    M   1        26 200
23  70  33  52  -6  13   0 0.00  0.0    0  7.5 21 230   M    M   0        28 210
24  69  44  57  -1   8   0 0.00  0.0    0 13.5 40 200   M    M   1        54 200
25  71  36  54  -4  11   0 0.00  0.0    0  7.3 22 230   M    M   1        29 230
26  68  39  54  -5  11   0 0.01    M    0  5.4 24  20   M    M   4 3      31  20
27  70  33  52  -7  13   0    T    M    0  4.5 22 220   M    M   1        27 210
28  78  42  60   1   5   0 0.00  0.0    0  6.3 16 360   M    M   3        23 220
29  82  43  63   3   2   0    T    M    0  6.8 23 220   M    M   1 3      33  80
================================================================================
SM 2042 1142       289   3  0.33     0.0 273.4          M       64
================================================================================
AV 70.4 39.4                               9.4 FASTST   M    M   2    MAX(MPH)
                                 MISC ---->  # 43 180               # 55  190
================================================================================
NOTES:
# LAST OF SEVERAL OCCURRENCES

COLUMN 17 PEAK WIND IN M.P.H.

PRELIMINARY LOCAL CLIMATOLOGICAL DATA (WS FORM: F-6) , PAGE 2

                                          STATION:  CEDAR CITY UT
                                          MONTH:    MAY
                                          YEAR:     2016
                                          LATITUDE:   37 42 N
                                          LONGITUDE: 113  6 W

[TEMPERATURE DATA]      [PRECIPITATION DATA]       SYMBOLS USED IN COLUMN 16

AVERAGE MONTHLY: 54.9   TOTAL FOR MONTH:   0.33    1 = FOG OR MIST
DPTR FM NORMAL:  -0.6   DPTR FM NORMAL:   -0.39    2 = FOG REDUCING VISIBILITY
HIGHEST:    83 ON 13    GRTST 24HR  0.23 ON  8- 8      TO 1/4 MILE OR LESS
LOWEST:     30 ON 12                               3 = THUNDER
                        SNOW, ICE PELLETS, HAIL    4 = ICE PELLETS
                        TOTAL MONTH:   0.0 INCH    5 = HAIL
                        GRTST 24HR     0.0         6 = FREEZING RAIN OR DRIZZLE
                        GRTST DEPTH:   0           7 = DUSTSTORM OR SANDSTORM:
                                                       VSBY 1/2 MILE OR LESS
                                                   8 = SMOKE OR HAZE
[NO. OF DAYS WITH]      [WEATHER - DAYS WITH]      9 = BLOWING SNOW
                                                   X = TORNADO
MAX 32 OR BELOW:   0    0.01 INCH OR MORE:   3
MAX 90 OR ABOVE:   0    0.10 INCH OR MORE:   1
MIN 32 OR BELOW:   3    0.50 INCH OR MORE:   0
MIN  0 OR BELOW:   0    1.00 INCH OR MORE:   0

[HDD (BASE 65) ]
TOTAL THIS MO.   289    CLEAR  (SCALE 0-3)  22
DPTR FM NORMAL     9    PTCLDY (SCALE 4-7)   6
TOTAL FM JUL 1  5868    CLOUDY (SCALE 8-10)  1
DPTR FM NORMAL  -298

[CDD (BASE 65) ]
TOTAL THIS MO.     3
DPTR FM NORMAL     0    [PRESSURE DATA]
TOTAL FM JAN 1     3    HIGHEST SLP M ON M
DPTR FM NORMAL     0    LOWEST  SLP 29.40 ON 20

[REMARKS]
