000
CXUS55 KEAX 010736
CF6CDJ
PRELIMINARY LOCAL CLIMATOLOGICAL DATA (WS FORM: F-6)

                                          STATION:   CHILLICOTHE
                                          MONTH:     SEPTEMBER
                                          YEAR:      2016
                                          LATITUDE:   39 49 N
                                          LONGITUDE:  93 35 W

  TEMPERATURE IN F:       :PCPN:    SNOW:  WIND      :SUNSHINE: SKY     :PK WND
================================================================================
1   2   3   4   5  6A  6B    7    8   9   10  11  12  13   14  15   16   17  18
                                     12Z  AVG MX 2MIN
DY MAX MIN AVG DEP HDD CDD  WTR  SNW DPTH SPD SPD DIR MIN PSBL S-S WX    SPD DR
================================================================================

 1  81  59  70  -1   0   5 0.00    M    M  2.9 12  50   M    M   0        18  40
 2  78  58  68  -3   0   3 0.00    M    M  2.2 10 140   M    M   0        14 110
 3  79  59  69  -2   0   4 0.00    M    M  3.4 12 120   M    M   0        17 170
 4  81  61  71   1   0   6 0.00    M    M  6.6 14 160   M    M   0        20 140
 5  89  66  78   8   0  13 0.00    M    M  6.9 18 180   M    M   0        23 190
 6  92  76  84  14   0  19 0.00    M    M  8.6 20 190   M    M   0        26 200
 7  87  75  81  12   0  16 0.16    M    M  6.8 10 200   0    0   0         M  M
 8  82  71  77   8   0  12 0.76    M    M   M   M   M   0    0   0         0   0
 9  85  67  76   8   0  11 0.85    M    M  3.7 16  30   M    M   0        24 310
10  75  55  65  -3   0   0 0.04    M    M  4.9 15 300   M    M   0        23 300
11  77  52  65  -3   0   0 0.00    M    M  4.2 14 180   M    M   0        18 180
12  84  59  72   5   0   7 0.00    M    M  7.0 16 190   M    M   0        23 180
13  75  66  71   4   0   6 0.62    M    M  3.8 14 190   M    M   0        19 200
14  80  65  73   7   0   8 0.40    M    M  3.0 12  40   M    M   0        14  40
15  87  65  76  10   0  11 0.00    M    M  4.3 10 150   M    M   0        16 130
16  76  63  70   4   0   5 0.01    M    M  3.5 12 150   M    M   0        17 140
17  83  59  71   6   0   6 0.00    M    M  2.4 12 300   M    M   0        19 290
18  84  56  70   5   0   5 0.00    M    M  3.5 13 180   M    M   0        17 190
19  90  61  76  12   0  11 0.74    M    M  5.8 21  20   M    M   0        30  10
20  92  67  80  16   0  15 0.00    M    M  2.8  8 160   M    M   0        12 170
21  91  73  82  18   0  17 0.00    M    M  5.9 12 180   M    M   0        18 160
22  89  71  80  17   0  15 0.00    M    M  5.8 13 180   M    M   0        17 180
23  89  66  78  15   0  13 0.00    M    M  1.8 12 180   M    M   0        14 180
24  90  67  79  17   0  14 0.00    M    M  4.4 13 160   M    M   0        21 130
25  74  60  67   5   0   2 0.00    M    M  2.9 12 310   M    M   0        20 270
26  75  47  61  -1   4   0 0.00    M    M  3.5 14 310   M    M   0        22 310
27  80  48  64   3   1   0 0.00    M    M  2.5 10 290   M    M   0        16 320
28  68  53  61   0   4   0 0.00    M    M  5.9 15  20   M    M   0        24  20
29  75  51  63   2   2   0 0.00    M    M  5.4 14  20   M    M   0        20  20
30  73  52  63   3   2   0 0.00    M    M  4.8 16  30   M    M   0        20  40
================================================================================
SM 2461 1848        13 224  3.58    M    129.2            0      0
================================================================================
AV 82.0 61.6                               4.5 FASTST    0   0   0    MAX(MPH)
                                 MISC ---->  # 21  20               # 30   10
================================================================================
NOTES:
# LAST OF SEVERAL OCCURRENCES

COLUMN 17 PEAK WIND IN M.P.H.

PRELIMINARY LOCAL CLIMATOLOGICAL DATA (WS FORM: F-6) , PAGE 2

                                          STATION:  CHILLICOTHE
                                          MONTH:    SEPTEMBER
                                          YEAR:     2016
                                          LATITUDE:   39 49 N
                                          LONGITUDE:  93 35 W

[TEMPERATURE DATA]      [PRECIPITATION DATA]       SYMBOLS USED IN COLUMN 16

AVERAGE MONTHLY: 71.8   TOTAL FOR MONTH:   3.58    1 = FOG OR MIST
DPTR FM NORMAL:   6.0   DPTR FM NORMAL:   -0.33    2 = FOG REDUCING VISIBILITY
HIGHEST:    92 ON 20, 6 GRTST 24HR  1.02 ON 13-14      TO 1/4 MILE OR LESS
LOWEST:     47 ON 26                               3 = THUNDER
                        SNOW, ICE PELLETS, HAIL    4 = ICE PELLETS
                        TOTAL MONTH:    M          5 = HAIL
                        GRTST 24HR    M  ON   M    6 = FREEZING RAIN OR DRIZZLE
                        GRTST DEPTH:  M  ON   M    7 = DUSTSTORM OR SANDSTORM:
                                                       VSBY 1/2 MILE OR LESS
                                                   8 = SMOKE OR HAZE
[NO. OF DAYS WITH]      [WEATHER - DAYS WITH]      9 = BLOWING SNOW
                                                   X = TORNADO
MAX 32 OR BELOW:   0    0.01 INCH OR MORE:   8
MAX 90 OR ABOVE:   5    0.10 INCH OR MORE:   6
MIN 32 OR BELOW:   0    0.50 INCH OR MORE:   4
MIN  0 OR BELOW:   0    1.00 INCH OR MORE:   0

[HDD (BASE 65) ]
TOTAL THIS MO.    13    CLEAR  (SCALE 0-3)  30
DPTR FM NORMAL   -67    PTCLDY (SCALE 4-7)   0
TOTAL FM JUL 1    15    CLOUDY (SCALE 8-10)  0
DPTR FM NORMAL   -69

[CDD (BASE 65) ]
TOTAL THIS MO.   224
DPTR FM NORMAL   120    [PRESSURE DATA]
TOTAL FM JAN 1  1508    HIGHEST SLP  0.00 ON M
DPTR FM NORMAL   403    LOWEST  SLP  0.00 ON M

[REMARKS]
#FINAL-09-16#
