000
CXUS54 KLUB 170755
CF6CDS
PRELIMINARY LOCAL CLIMATOLOGICAL DATA (WS FORM: F-6)

                                          STATION:   CHILDRESS
                                          MONTH:     JANUARY
                                          YEAR:      2017
                                          LATITUDE:   34 25 N
                                          LONGITUDE: 100 17 W

  TEMPERATURE IN F:       :PCPN:    SNOW:  WIND      :SUNSHINE: SKY     :PK WND
================================================================================
1   2   3   4   5  6A  6B    7    8   9   10  11  12  13   14  15   16   17  18
                                     12Z  AVG MX 2MIN
DY MAX MIN AVG DEP HDD CDD  WTR  SNW DPTH SPD SPD DIR MIN PSBL S-S WX    SPD DR
================================================================================

 1  68  30  49   8  16   0 0.00  0.0    0  6.8 18 210   M    M   0 3      23 210
 2  69  41  55  14  10   0 0.10  0.0    0  9.8 26 250   M    M   1 13     32 250
 3  53  31  42   1  23   0 0.00  0.0    0 14.3 28 360   M    M   4        34 360
 4  40  25  33  -8  32   0 0.00  0.0    0  9.3 17 130   M    M   0        22 140
 5  29  18  24 -17  41   0 0.00  0.0    0 14.8 23  10   M    M   2        30  10
 6  24   7  16 -25  49   0 0.07  1.5    0  8.0 16  20   M    M   6 12     20  30
 7  40   1  21 -20  44   0 0.00  0.0    2  5.3 12 160   M    M   0        15 160
 8  52  21  37  -4  28   0 0.00  0.0    T 11.8 22 180   M    M   0        28 190
 9  82  28  55  14  10   0 0.00  0.0    0 11.1 26 220   M    M   0        34 220
10  69  46  58  17   7   0 0.00  0.0    0 10.0 23 220   M    M   0        30 230
11  82  45  64  23   1   0 0.00  0.0    0 12.5 26 240   M    M   0        33 240
12  57  28  43   2  22   0 0.00  0.0    0 10.2 18  20   M    M   1        24  20
13  35  29  32  -9  33   0 0.00  0.0    0  9.7 16  10   M    M  10        21  50
14  33  30  32  -9  33   0 0.03  0.0    0  8.1 13  20   M    M  10 16     15  30
15  38  32  35  -6  30   0 1.31  0.0    0  8.9 18  30   M    M  10 136    24  20
16  53  33  43   2  22   0 0.03    M    0 10.2 20 310   M    M   0 1      26 330
================================================================================
SM  824  445       401   0  1.54     1.5 160.8          M       44
================================================================================
AV 51.5 27.8                              10.1 FASTST   M    M   3    MAX(MPH)
                                 MISC ---->  # 28 360               # 34  360
================================================================================
NOTES:
# LAST OF SEVERAL OCCURRENCES

COLUMN 17 PEAK WIND IN M.P.H.

PRELIMINARY LOCAL CLIMATOLOGICAL DATA (WS FORM: F-6) , PAGE 2

                                          STATION:  CHILDRESS
                                          MONTH:    JANUARY
                                          YEAR:     2017
                                          LATITUDE:   34 25 N
                                          LONGITUDE: 100 17 W

[TEMPERATURE DATA]      [PRECIPITATION DATA]       SYMBOLS USED IN COLUMN 16

AVERAGE MONTHLY: 39.7   TOTAL FOR MONTH:   1.54    1 = FOG OR MIST
DPTR FM NORMAL:  -1.3   DPTR FM NORMAL:    1.23    2 = FOG REDUCING VISIBILITY
HIGHEST:    82 ON 11, 9 GRTST 24HR  1.34 ON 15-16      TO 1/4 MILE OR LESS
LOWEST:      1 ON  7                               3 = THUNDER
                        SNOW, ICE PELLETS, HAIL    4 = ICE PELLETS
                        TOTAL MONTH:   1.5 INCHES  5 = HAIL
                        GRTST 24HR   1.5 ON  6- 6  6 = FREEZING RAIN OR DRIZZLE
                        GRTST DEPTH:   2 ON  7     7 = DUSTSTORM OR SANDSTORM:
                                                       VSBY 1/2 MILE OR LESS
                                                   8 = SMOKE OR HAZE
[NO. OF DAYS WITH]      [WEATHER - DAYS WITH]      9 = BLOWING SNOW
                                                   X = TORNADO
MAX 32 OR BELOW:   2    0.01 INCH OR MORE:   5
MAX 90 OR ABOVE:   0    0.10 INCH OR MORE:   2
MIN 32 OR BELOW:  12    0.50 INCH OR MORE:   1
MIN  0 OR BELOW:   0    1.00 INCH OR MORE:   1

[HDD (BASE 65) ]
TOTAL THIS MO.   401    CLEAR  (SCALE 0-3)  11
DPTR FM NORMAL    17    PTCLDY (SCALE 4-7)   2
TOTAL FM JUL 1  1355    CLOUDY (SCALE 8-10)  3
DPTR FM NORMAL  -302

[CDD (BASE 65) ]
TOTAL THIS MO.     0
DPTR FM NORMAL     0    [PRESSURE DATA]
TOTAL FM JAN 1     0    HIGHEST SLP M ON M
DPTR FM NORMAL     0    LOWEST  SLP 29.62 ON 11

[REMARKS]
